On Mon, 2015-06-08 at 04:37 +0000, osstest service user wrote:
> flight 58119 libvirt real [real]
> http://logs.test-lab.xenproject.org/osstest/logs/58119/
> 
> Regressions :-(
> 
> Tests which did not succeed and are blocking,
> including tests which could not be run:

This has been failing for a while now, sorry for not brining it to your
attention sooner.

amd64 and arm look like:

2015-06-08 02:25:15 Z executing ssh ... root@172.16.144.21 virsh create --file 
/etc/xen/debian.guest.osstest.cfg.xml
error: Failed to create domain from /etc/xen/debian.guest.osstest.cfg.xml
error: internal error: libxenlight failed to create new domain 
'debian.guest.osstest'

and from the driver log:

libxl: debug: libxl_event.c:638:libxl__ev_xswatch_deregister: watch 
w=0x7f805c25b248 wpath=/local/domain/0/device-model/1/state token=3/0: 
deregister slotnum=3
libxl: error: libxl_exec.c:393:spawn_watch_event: domain 1 device model: 
startup timed out
libxl: debug: libxl_event.c:652:libxl__ev_xswatch_deregister: watch 
w=0x7f805c25b248: deregister unregistered
libxl: debug: libxl_event.c:652:libxl__ev_xswatch_deregister: watch 
w=0x7f805c25b248: deregister unregistered
libxl: error: libxl_dm.c:1564:device_model_spawn_outcome: domain 1 device 
model: spawn failed (rc=-3)
libxl: error: libxl_create.c:1373:domcreate_devmodel_started: device model did 
not start: -3

i386 is:

2015-06-07 21:45:32 Z executing ssh ... root@172.16.144.44 virsh create --file 
/etc/xen/debian.guest.osstest.cfg.xml
2015-06-07 21:46:12.853+0000: 16327: info : libvirt version: 1.2.17
2015-06-07 21:46:12.853+0000: 16327: warning : virKeepAliveTimerInternal:143 : 
No response from client 0xb6fe7c38 after 6 keepalive messages in 35 seconds
2015-06-07 21:46:12.854+0000: 16326: warning : virKeepAliveTimerInternal:143 : 
No response from client 0xb6fe7c38 after 6 keepalive messages in 35 seconds
error: Failed to create domain from /etc/xen/debian.guest.osstest.cfg.xml
error: internal error: received hangup / error event on socket

libvirtd is still there in the ps log.

Histories:

http://logs.test-lab.xenproject.org/osstest/results/history.test-amd64-amd64-libvirt.libvirt.html
http://logs.test-lab.xenproject.org/osstest/results/history.test-amd64-i386-libvirt.libvirt.html
http://logs.test-lab.xenproject.org/osstest/results/history.test-armhf-armhf-libvirt.libvirt.html

Ian.

>  test-amd64-i386-libvirt      11 guest-start               fail REGR. vs. 
> 53854
>  test-amd64-amd64-libvirt     11 guest-start               fail REGR. vs. 
> 53854
>  test-armhf-armhf-libvirt     11 guest-start               fail REGR. vs. 
> 53854
> 
> Regressions which are regarded as allowable (not blocking):
>  test-amd64-i386-libvirt-xsm  11 guest-start                  fail   like 
> 53854
> 
> Tests which did not succeed, but are not blocking:
>  test-amd64-amd64-libvirt-xsm 12 migrate-support-check        fail   never 
> pass
>  test-armhf-armhf-libvirt-xsm 11 guest-start                  fail   never 
> pass
> 
> version targeted for testing:
>  libvirt              568aba88111541447e7d7163f7683f0daf2a684a
> baseline version:
>  libvirt              fd74e231751334b64af0934b680c5cc62f652453
> 
> ------------------------------------------------------------
> People who touched revisions under test:
>   Andrea Bolognani <abolo...@redhat.com>
>   Boris Fiuczynski <fiu...@linux.vnet.ibm.com>
>   Cole Robinson <crobi...@redhat.com>
>   Daniel Hansel <daniel.han...@linux.vnet.ibm.com>
>   Daniel P. Berrange <berra...@redhat.com>
>   Daniel Veillard <veill...@redhat.com>
>   Eric Blake <ebl...@redhat.com>
>   Erik Skultety <eskul...@redhat.com>
>   Jim Fehlig <jfeh...@suse.com>
>   Jiri Denemark <jdene...@redhat.com>
>   John Ferlan <jfer...@redhat.com>
>   Ján Tomko <jto...@redhat.com>
>   Kothapally Madhu Pavan <k...@linux.vnet.ibm.com>
>   Laine Stump <la...@laine.org>
>   Lubomir Rintel <lkund...@v3.sk>
>   Luyao Huang <lhu...@redhat.com>
>   Martin Kletzander <mklet...@redhat.com>
>   Maxim Nestratov <mnestra...@parallels.com>
>   Michal Privoznik <mpriv...@redhat.com>
>   Nikolay Shirokovskiy <nshirokovs...@parallels.com>
>   Pavel Fedin <p.fe...@samsung.com>
>   Pavel Hrdina <phrd...@redhat.com>
>   Peter Krempa <pkre...@redhat.com>
>   Richard W.M. Jones <rjo...@redhat.com>
>   Roman Bogorodskiy <bogorods...@gmail.com>
>   Shivaprasad G Bhat <sb...@linux.vnet.ibm.com>
>   Shivaprasad G Bhat <shivaprasadb...@gmail.com>
>   Tony Krowiak <aekro...@us.ibm.com>
>   Tony Krowiak <akrow...@linux.vnet.ibm.com>
>   Viktor Mihajlovski <mihaj...@linux.vnet.ibm.com>
>   Wang Yufei <james.wangyu...@huawei.com>
>   Zhang Bo <oscar.zhan...@huawei.com>
> ------------------------------------------------------------
> 
> jobs:
>  build-amd64-xsm                                              pass    
>  build-armhf-xsm                                              pass    
>  build-i386-xsm                                               pass    
>  build-amd64                                                  pass    
>  build-armhf                                                  pass    
>  build-i386                                                   pass    
>  build-amd64-libvirt                                          pass    
>  build-armhf-libvirt                                          pass    
>  build-i386-libvirt                                           pass    
>  build-amd64-pvops                                            pass    
>  build-armhf-pvops                                            pass    
>  build-i386-pvops                                             pass    
>  test-amd64-amd64-libvirt-xsm                                 pass    
>  test-armhf-armhf-libvirt-xsm                                 fail    
>  test-amd64-i386-libvirt-xsm                                  fail    
>  test-amd64-amd64-libvirt                                     fail    
>  test-armhf-armhf-libvirt                                     fail    
>  test-amd64-i386-libvirt                                      fail    
> 
> 
> ------------------------------------------------------------
> sg-report-flight on osstest.test-lab.xenproject.org
> logs: /home/logs/logs
> images: /home/logs/images
> 
> Logs, config files, etc. are available at
>     http://logs.test-lab.xenproject.org/osstest/logs
> 
> Test harness code can be found at
>     http://xenbits.xen.org/gitweb?p=osstest.git;a=summary
> 
> 
> Not pushing.
> 
> (No revision log; it would be 3296 lines long.)
> 
> _______________________________________________
> Xen-devel mailing list
> Xen-devel@lists.xen.org
> http://lists.xen.org/xen-devel



_______________________________________________
Xen-devel mailing list
Xen-devel@lists.xen.org
http://lists.xen.org/xen-devel

Reply via email to