flight 58128 linux-linus real [real] http://logs.test-lab.xenproject.org/osstest/logs/58128/
Failures :-/ but no regressions. Regressions which are regarded as allowable (not blocking): test-armhf-armhf-xl-sedf-pin 6 xen-boot fail REGR. vs. 57931 test-amd64-i386-libvirt 11 guest-start fail like 57931 test-amd64-amd64-libvirt 11 guest-start fail like 57931 test-amd64-i386-freebsd10-amd64 9 freebsd-install fail like 57931 test-amd64-i386-freebsd10-i386 9 freebsd-install fail like 57931 test-amd64-amd64-xl-qemuu-win7-amd64 16 guest-stop fail like 57931 test-amd64-i386-xl-qemuu-win7-amd64 16 guest-stop fail like 57931 test-armhf-armhf-libvirt 11 guest-start fail like 57931 Tests which did not succeed, but are not blocking: test-amd64-amd64-xl-pvh-amd 11 guest-start fail never pass test-amd64-amd64-xl-pvh-intel 13 guest-saverestore fail never pass test-amd64-i386-libvirt-xsm 12 migrate-support-check fail never pass test-amd64-amd64-libvirt-xsm 12 migrate-support-check fail never pass test-armhf-armhf-libvirt-xsm 11 guest-start fail never pass test-armhf-armhf-xl-arndale 12 migrate-support-check fail never pass test-armhf-armhf-xl 12 migrate-support-check fail never pass test-armhf-armhf-xl-xsm 12 migrate-support-check fail never pass test-armhf-armhf-xl-sedf 12 migrate-support-check fail never pass test-armhf-armhf-xl-multivcpu 12 migrate-support-check fail never pass test-amd64-amd64-xl-qemut-win7-amd64 16 guest-stop fail never pass test-amd64-i386-xl-qemut-win7-amd64 16 guest-stop fail never pass test-armhf-armhf-xl-cubietruck 12 migrate-support-check fail never pass test-armhf-armhf-xl-credit2 12 migrate-support-check fail never pass version targeted for testing: linux 37ef1647b7f73d4ff4c7993984599b6c4f26443a baseline version: linux ff25ea8f4eeea252bfcaf65289fa57ba6de080dd ------------------------------------------------------------ People who touched revisions under test: Alex Deucher <alexander.deuc...@amd.com> Alexander Shishkin <alexander.shish...@linux.intel.com> Alexandre Courbot <acour...@nvidia.com> Alexei Starovoitov <a...@plumgrid.com> Alexey Skidanov <alexey.skida...@amd.com> Ander Conselvan de Oliveira <ander.conselvan.de.olive...@intel.com> Andy Lutomirski <l...@kernel.org> Arek Rusniak <arek.r...@gmail.com> Arthur Demchenkov <spinal...@gmail.com> Arun Siluvery <arun.siluv...@linux.intel.com> Axel Lin <axel....@ingics.com> Ben Hutchings <b...@decadent.org.uk> Bjorn Helgaas <bhelg...@google.com> Chris Bainbridge <chris.bainbri...@gmail.com> Chris Leech <cle...@redhat.com> Clemens Ladisch <clem...@ladisch.de> Dan Carpenter <dan.carpen...@oracle.com> Dave Airlie <airl...@redhat.com> Dave Martin <dave.mar...@arm.com> Dmitry Torokhov <dmitry.torok...@gmail.com> Don Zickus <dzic...@redhat.com> Eric Wong <normalper...@yhbt.net> Fabio Estevam <fabio.este...@freescale.com> Felipe Balbi <ba...@ti.com> Geert Uytterhoeven <geert+rene...@glider.be> Grant Likely <grant.lik...@linaro.org> Greg Kroah-Hartman <gre...@linuxfoundation.org> H. Peter Anvin <h...@linux.intel.com> Hans de Goede <hdego...@redhat.com> Helge Deller <del...@gmx.de> Ingo Molnar <mi...@kernel.org> Jan Beulich <jbeul...@suse.com> Jani Nikula <jani.nik...@intel.com> Jason A. Donenfeld <ja...@zx2c4.com> Jim Bride <jim.br...@linux.intel.com> Jingoo Han <jingooh...@gmail.com> Joerg Roedel <jroe...@suse.de> Johan Hovold <jo...@kernel.org> John D. Blair <jo...@candicontrols.com> Jonathan Cameron <ji...@kernel.org> Kailang Yang <kail...@realtek.com> Kazuya Mizuguchi <kazuya.mizuguchi...@renesas.com> Kishon Vijay Abraham I <kis...@ti.com> Konrad Rzeszutek Wilk <konrad.w...@oracle.com> Krzysztof Opasiak <k.opas...@samsung.com> Lars-Peter Clausen <l...@metafoo.de> Laura Abbott <labb...@fedoraproject.org> Linus Torvalds <torva...@linux-foundation.org> Mark Rutland <mark.rutl...@arm.com> Mark Tomlinson <mark.tomlin...@alliedtelesis.co.nz> Mathias Nyman <mathias.ny...@linux.intel.com> Michael Trimarchi <mich...@amarulasolutions.com> nightmixes <nightmi...@gmail.com> Oded Gabbay <oded.gab...@gmail.com> Patrick Riphagen <patrick.ripha...@xsens.com> Paul Cercueil <paul.cercu...@analog.com> Pawel Szewczyk <p.szewc...@samsung.com> Peter Zijlstra (Intel) <pet...@infradead.org> Peter Zijlstra <pet...@infradead.org> Philipp Zabel <p.za...@pengutronix.de> Pratyush Anand <pratyush.an...@gmail.com> Rob Herring <r...@kernel.org> Robert Schwebel <r.schwe...@pengutronix.de> Rui Miguel Silva <rui.si...@linaro.org> Russell King <rmk+ker...@arm.linux.org.uk> Sam Hung <sam.h...@emc.com.tw> Sebastian Andrzej Siewior <bige...@linutronix.de> Sergiy Kibrik <sa...@meta.ua> Stephen Boyd <sb...@codeaurora.org> Subbaraya Sundeep Bhatta <sbha...@xilinx.com> Subbaraya Sundeep Bhatta <subbaraya.sundeep.bha...@xilinx.com> Sudeep Holla <sudeep.ho...@arm.com> Sudip Mukherjee <su...@vectorindia.org> Sudip Mukherjee <sudipm.mukher...@gmail.com> Takashi Iwai <ti...@suse.de> Tony Lindgren <t...@atomide.com> Vasily Khoruzhick <anars...@gmail.com> Ville Syrjälä <ville.syrj...@linux.intel.com> Wei Yang <weiy...@linux.vnet.ibm.com> Wolfram Sang <w...@the-dreams.de> Yinghai Lu <ying...@kernel.org> Yoshihiro Shimoda <yoshihiro.shimoda...@renesas.com> Zhangfei Gao <zhangfei....@linaro.org> æ´ªä¸ç«¹ <sam.h...@emc.com.tw> ------------------------------------------------------------ jobs: build-amd64-xsm pass build-armhf-xsm pass build-i386-xsm pass build-amd64 pass build-armhf pass build-i386 pass build-amd64-libvirt pass build-armhf-libvirt pass build-i386-libvirt pass build-amd64-pvops pass build-armhf-pvops pass build-i386-pvops pass build-amd64-rumpuserxen pass build-i386-rumpuserxen pass test-amd64-amd64-xl pass test-armhf-armhf-xl pass test-amd64-i386-xl pass test-amd64-amd64-xl-qemut-debianhvm-amd64-xsm pass test-amd64-i386-xl-qemut-debianhvm-amd64-xsm pass test-amd64-amd64-xl-qemuu-debianhvm-amd64-xsm pass test-amd64-i386-xl-qemuu-debianhvm-amd64-xsm pass test-amd64-amd64-libvirt-xsm pass test-armhf-armhf-libvirt-xsm fail test-amd64-i386-libvirt-xsm pass test-amd64-amd64-xl-xsm pass test-armhf-armhf-xl-xsm pass test-amd64-i386-xl-xsm pass test-amd64-amd64-xl-pvh-amd fail test-amd64-i386-qemut-rhel6hvm-amd pass test-amd64-i386-qemuu-rhel6hvm-amd pass test-amd64-amd64-xl-qemut-debianhvm-amd64 pass test-amd64-i386-xl-qemut-debianhvm-amd64 pass test-amd64-amd64-xl-qemuu-debianhvm-amd64 pass test-amd64-i386-xl-qemuu-debianhvm-amd64 pass test-amd64-i386-freebsd10-amd64 fail test-amd64-amd64-xl-qemuu-ovmf-amd64 pass test-amd64-i386-xl-qemuu-ovmf-amd64 pass test-amd64-amd64-rumpuserxen-amd64 pass test-amd64-amd64-xl-qemut-win7-amd64 fail test-amd64-i386-xl-qemut-win7-amd64 fail test-amd64-amd64-xl-qemuu-win7-amd64 fail test-amd64-i386-xl-qemuu-win7-amd64 fail test-armhf-armhf-xl-arndale pass test-amd64-amd64-xl-credit2 pass test-armhf-armhf-xl-credit2 pass test-armhf-armhf-xl-cubietruck pass test-amd64-i386-freebsd10-i386 fail test-amd64-i386-rumpuserxen-i386 pass test-amd64-amd64-xl-pvh-intel fail test-amd64-i386-qemut-rhel6hvm-intel pass test-amd64-i386-qemuu-rhel6hvm-intel pass test-amd64-amd64-libvirt fail test-armhf-armhf-libvirt fail test-amd64-i386-libvirt fail test-amd64-amd64-xl-multivcpu pass test-armhf-armhf-xl-multivcpu pass test-amd64-amd64-pair pass test-amd64-i386-pair pass test-amd64-amd64-xl-sedf-pin pass test-armhf-armhf-xl-sedf-pin fail test-amd64-amd64-xl-sedf pass test-armhf-armhf-xl-sedf pass test-amd64-i386-xl-qemut-winxpsp3-vcpus1 pass test-amd64-i386-xl-qemuu-winxpsp3-vcpus1 pass test-amd64-amd64-xl-qemut-winxpsp3 pass test-amd64-i386-xl-qemut-winxpsp3 pass test-amd64-amd64-xl-qemuu-winxpsp3 pass test-amd64-i386-xl-qemuu-winxpsp3 pass ------------------------------------------------------------ sg-report-flight on osstest.test-lab.xenproject.org logs: /home/logs/logs images: /home/logs/images Logs, config files, etc. are available at http://logs.test-lab.xenproject.org/osstest/logs Test harness code can be found at http://xenbits.xen.org/gitweb?p=osstest.git;a=summary Pushing revision : + branch=linux-linus + revision=37ef1647b7f73d4ff4c7993984599b6c4f26443a + . cri-lock-repos ++ . cri-common +++ . cri-getconfig +++ umask 002 +++ getconfig Repos +++ perl -e ' use Osstest; readglobalconfig(); print $c{"Repos"} or die $!; ' ++ repos=/home/osstest/repos ++ repos_lock=/home/osstest/repos/lock ++ '[' x '!=' x/home/osstest/repos/lock ']' ++ OSSTEST_REPOS_LOCK_LOCKED=/home/osstest/repos/lock ++ exec with-lock-ex -w /home/osstest/repos/lock ./ap-push linux-linus 37ef1647b7f73d4ff4c7993984599b6c4f26443a + branch=linux-linus + revision=37ef1647b7f73d4ff4c7993984599b6c4f26443a + . cri-lock-repos ++ . cri-common +++ . cri-getconfig +++ umask 002 +++ getconfig Repos +++ perl -e ' use Osstest; readglobalconfig(); print $c{"Repos"} or die $!; ' ++ repos=/home/osstest/repos ++ repos_lock=/home/osstest/repos/lock ++ '[' x/home/osstest/repos/lock '!=' x/home/osstest/repos/lock ']' + . cri-common ++ . cri-getconfig ++ umask 002 + select_xenbranch + case "$branch" in + tree=linux + xenbranch=xen-unstable + '[' xlinux = xlinux ']' + linuxbranch=linux-linus + '[' x = x ']' + qemuubranch=qemu-upstream-unstable + : tested/2.6.39.x + . ap-common ++ : osst...@xenbits.xen.org +++ getconfig OsstestUpstream +++ perl -e ' use Osstest; readglobalconfig(); print $c{"OsstestUpstream"} or die $!; ' ++ : ++ : git://xenbits.xen.org/xen.git ++ : osst...@xenbits.xen.org:/home/xen/git/xen.git ++ : git://xenbits.xen.org/staging/qemu-xen-unstable.git ++ : git://git.kernel.org ++ : git://git.kernel.org/pub/scm/linux/kernel/git ++ : git ++ : git://xenbits.xen.org/libvirt.git ++ : osst...@xenbits.xen.org:/home/xen/git/libvirt.git ++ : git://xenbits.xen.org/libvirt.git ++ : git://xenbits.xen.org/rumpuser-xen.git ++ : git ++ : git://xenbits.xen.org/rumpuser-xen.git ++ : osst...@xenbits.xen.org:/home/xen/git/rumpuser-xen.git +++ besteffort_repo https://github.com/rumpkernel/rumpkernel-netbsd-src +++ local repo=https://github.com/rumpkernel/rumpkernel-netbsd-src +++ cached_repo https://github.com/rumpkernel/rumpkernel-netbsd-src '[fetch=try]' +++ local repo=https://github.com/rumpkernel/rumpkernel-netbsd-src +++ local 'options=[fetch=try]' ++++ getconfig GitCacheProxy ++++ perl -e ' use Osstest; readglobalconfig(); print $c{"GitCacheProxy"} or die $!; ' +++ local cache=git://cache:9419/ +++ '[' xgit://cache:9419/ '!=' x ']' +++ echo 'git://cache:9419/https://github.com/rumpkernel/rumpkernel-netbsd-src%20[fetch=try]' ++ : 'git://cache:9419/https://github.com/rumpkernel/rumpkernel-netbsd-src%20[fetch=try]' ++ : git ++ : git://git.seabios.org/seabios.git ++ : osst...@xenbits.xen.org:/home/xen/git/osstest/seabios.git ++ : git://xenbits.xen.org/osstest/seabios.git ++ : https://github.com/tianocore/edk2.git ++ : osst...@xenbits.xen.org:/home/xen/git/osstest/ovmf.git ++ : git://xenbits.xen.org/osstest/ovmf.git ++ : git://xenbits.xen.org/osstest/linux-firmware.git ++ : osst...@xenbits.xen.org:/home/osstest/ext/linux-firmware.git ++ : git://git.kernel.org/pub/scm/linux/kernel/git/firmware/linux-firmware.git ++ : osst...@xenbits.xen.org:/home/xen/git/linux-pvops.git ++ : git://xenbits.xen.org/linux-pvops.git ++ : tested/linux-3.14 ++ : tested/linux-arm-xen ++ '[' xgit://git.kernel.org/pub/scm/linux/kernel/git/torvalds/linux-2.6.git = x ']' ++ '[' xgit://git.kernel.org/pub/scm/linux/kernel/git/torvalds/linux-2.6.git = x ']' ++ : git://git.kernel.org/pub/scm/linux/kernel/git/konrad/xen.git ++ : tested/2.6.39.x ++ : daily-cron.linux-linus ++ : daily-cron.linux-linus ++ : daily-cron.linux-linus ++ : daily-cron.linux-linus ++ : daily-cron.linux-linus ++ : daily-cron.linux-linus ++ : http://hg.uk.xensource.com/carbon/trunk/linux-2.6.27 ++ : git://xenbits.xen.org/staging/qemu-upstream-unstable.git ++ : daily-cron.linux-linus ++ : git://git.qemu.org/qemu.git ++ : git://xenbits.xen.org/osstest/qemu.git ++ : osst...@xenbits.xen.org:/home/xen/git/osstest/qemu.git ++ : daily-cron.linux-linus + TREE_LINUX=osst...@xenbits.xen.org:/home/xen/git/linux-pvops.git + TREE_QEMU_MAINLINE=osst...@xenbits.xen.org:/home/xen/git/osstest/qemu.git + TREE_QEMU_UPSTREAM=osst...@xenbits.xen.org:/home/xen/git/qemu-upstream-unstable.git + TREE_XEN=osst...@xenbits.xen.org:/home/xen/git/xen.git + TREE_LIBVIRT=osst...@xenbits.xen.org:/home/xen/git/libvirt.git + TREE_RUMPUSERXEN=osst...@xenbits.xen.org:/home/xen/git/rumpuser-xen.git + TREE_SEABIOS=osst...@xenbits.xen.org:/home/xen/git/osstest/seabios.git + TREE_OVMF=osst...@xenbits.xen.org:/home/xen/git/osstest/ovmf.git + info_linux_tree linux-linus + case $1 in + : git://git.kernel.org/pub/scm/linux/kernel/git/torvalds/linux-2.6.git + : master + : git + : git + : git://xenbits.xen.org/linux-pvops.git + : osst...@xenbits.xen.org:/home/xen/git/linux-pvops.git + : tested/linux-linus + : refs/heads/tested/linux-linus + return 0 + cd /home/osstest/repos/linux + git push osst...@xenbits.xen.org:/home/xen/git/linux-pvops.git 37ef1647b7f73d4ff4c7993984599b6c4f26443a:refs/heads/tested/linux-linus To osst...@xenbits.xen.org:/home/xen/git/linux-pvops.git ff25ea8..37ef164 37ef1647b7f73d4ff4c7993984599b6c4f26443a -> tested/linux-linus + exit 0
_______________________________________________ Xen-devel mailing list Xen-devel@lists.xen.org http://lists.xen.org/xen-devel