flight 58121 ovmf real [real] http://logs.test-lab.xenproject.org/osstest/logs/58121/
Regressions :-( Tests which did not succeed and are blocking, including tests which could not be run: test-amd64-amd64-xl-qemuu-win7-amd64 16 guest-stop fail REGR. vs. 56492 test-amd64-i386-xl-qemuu-win7-amd64 16 guest-stop fail REGR. vs. 56492 version targeted for testing: ovmf 5d832d62165e1f27173167df74e13a2d6871815b baseline version: ovmf f1f0f0deb6e64df6b7c04ead7330afecf5537e46 ------------------------------------------------------------ People who touched revisions under test: "Ma, Maurice" <maurice...@intel.com> "Mudusuru, Giri P" <giri.p.mudus...@intel.com> "Yao, Jiewen" <jiewen....@intel.com> "Zachary Bobroff" <zacha...@ami.com> Ard Biesheuvel <ard.biesheu...@linaro.org> Chao Zhang <chao.b.zh...@intel.com> Dandan Bi <dandan...@intel.com> David Wei <david....@intel.com> David Wei <david....@intel.com> Eric Dong <eric.d...@intel.com> Feng Tian <feng.t...@intel.com> Guo Dong <guo.d...@intel.com> Hao Wu <hao.a...@intel.com> Heyi Guo <heyi....@linaro.org> Jaben Carsey <jaben.car...@intel.com> Jeff Fan <jeff....@intel.com> jiaxinwu <jiaxin...@intel.com> Jordan Justen <jordan.l.jus...@intel.com> Laszlo Ersek <ler...@redhat.com> Liming Gao <liming....@intel.com> Long Qin <qin.l...@intel.com> Ludovic Rousseau <ludovic.rouss...@gmail.com> Ma, Maurice <maurice...@intel.com> Maurice Ma <maurice...@intel.com> Mudusuru, Giri P <giri.p.mudus...@intel.com> Olivier Martin <olivier.mar...@arm.com> Qiu Shumin <shumin....@intel.com> Ruiyu Ni <ruiyu...@intel.com> Shifei Lu <shifeix.a...@intel.com> Star Zeng <star.z...@intel.com> Tapan Shah <tapands...@hp.com> Yao, Jiewen <jiewen....@intel.com> Yingke Liu <yingke.d....@intel.com> Zachary Bobroff <zacha...@ami.com> ------------------------------------------------------------ jobs: build-amd64-xsm pass build-i386-xsm pass build-amd64 pass build-i386 pass build-amd64-libvirt pass build-i386-libvirt pass build-amd64-pvops pass build-i386-pvops pass test-amd64-amd64-xl-qemuu-debianhvm-amd64-xsm pass test-amd64-i386-xl-qemuu-debianhvm-amd64-xsm pass test-amd64-i386-qemuu-rhel6hvm-amd pass test-amd64-amd64-xl-qemuu-debianhvm-amd64 pass test-amd64-i386-xl-qemuu-debianhvm-amd64 pass test-amd64-amd64-xl-qemuu-ovmf-amd64 pass test-amd64-i386-xl-qemuu-ovmf-amd64 pass test-amd64-amd64-xl-qemuu-win7-amd64 fail test-amd64-i386-xl-qemuu-win7-amd64 fail test-amd64-i386-qemuu-rhel6hvm-intel pass test-amd64-i386-xl-qemuu-winxpsp3-vcpus1 pass test-amd64-amd64-xl-qemuu-winxpsp3 pass test-amd64-i386-xl-qemuu-winxpsp3 pass ------------------------------------------------------------ sg-report-flight on osstest.test-lab.xenproject.org logs: /home/logs/logs images: /home/logs/images Logs, config files, etc. are available at http://logs.test-lab.xenproject.org/osstest/logs Test harness code can be found at http://xenbits.xen.org/gitweb?p=osstest.git;a=summary Not pushing. (No revision log; it would be 1658 lines long.) _______________________________________________ Xen-devel mailing list Xen-devel@lists.xen.org http://lists.xen.org/xen-devel