On 02/06/15 03:27, osstest service user wrote:
> flight 57712 xen-unstable real [real]
> http://logs.test-lab.xenproject.org/osstest/logs/57712/
>
> Regressions :-(
>
> Tests which did not succeed and are blocking,
> including tests which could not be run:
>  test-armhf-armhf-xl-cubietruck 15 guest-start/debian.repeat fail REGR. vs. 
> 57419

This looks new, but definitely not an issue caused by the changesets
listed below.

Jun  1 09:32:57.097721 [  957.892456] ------------[ cut here ]------------
Jun  1 09:32:58.078515 [  957.892528] kernel BUG at 
drivers/xen/grant-table.c:923!
Jun  1 09:32:58.083826 [  957.892556] Internal error: Oops - BUG: 0 [#1] SMP ARM
Jun  1 09:32:58.089020 [  957.892584] Modules linked in: xen_gntalloc bridge 
stp ipv6 llc brcmfmac brcmutil cfg80211
Jun  1 09:32:58.097371 [  957.892674] CPU: 1 PID: 16698 Comm: vif3.0-q0-guest 
Not tainted 3.16.7-ckt4+ #1
Jun  1 09:32:58.104772 [  957.892761] task: d838c900 ti: d2396000 task.ti: 
d2396000
Jun  1 09:32:58.110234 [  957.892815] PC is at gnttab_batch_copy+0xd4/0xe0
Jun  1 09:32:58.114884 [  957.892843] LR is at gnttab_batch_copy+0x1c/0xe0
Jun  1 09:32:58.119492 [  957.892870] pc : [<c04ab434>]    lr : [<c04ab37c>]    
psr: a0000013
Jun  1 09:32:58.125861 [  957.892870] sp : d2397eb0  ip : deadbeef  fp : 
d2397f3c
Jun  1 09:32:58.131121 [  957.892925] r10: 00000001  r9 : 00000000  r8 : 
00000005
Jun  1 09:32:58.136517 [  957.892953] r7 : 00000001  r6 : 00000001  r5 : 
00000000  r4 : e1e83d30
Jun  1 09:32:58.143015 [  957.892983] r3 : 00000001  r2 : deadbeef  r1 : 
deadbeef  r0 : fffffff2
Jun  1 09:32:58.149650 [  957.893015] Flags: NzCv  IRQs on  FIQs on  Mode 
SVC_32  ISA ARM  Segment kernel
Jun  1 09:32:58.156990 [  957.893050] Control: 10c5387d  Table: 7b27c06a  DAC: 
00000015
Jun  1 09:32:58.162765 [  957.893080] Process vif3.0-q0-guest (pid: 16698, 
stack limit = 0xd2396248)
Jun  1 09:32:58.169775 [  957.893110] Stack: (0xd2397eb0 to 0xd2398000)
Jun  1 09:32:58.174140 [  957.893138] 7ea0:                                     
00000001 00000000 00000000 e1e7b000
Jun  1 09:32:58.182400 [  957.893177] 7ec0: 00000001 c05d6acc 00000062 00000302 
d2397f3c 00000000 00000000 00000010
Jun  1 09:32:58.190645 [  957.893216] 7ee0: c0b64c70 435f4741 00000000 00000005 
00000000 d2397f20 e1e83cfc e1e83d30
Jun  1 09:32:58.198896 [  957.893253] 7f00: 00000001 00000000 00000001 00000000 
e1e83d30 e1eae530 00000062 00000205
Jun  1 09:32:58.207138 [  957.893291] 7f20: d8100840 d8100840 00000001 00000000 
d2397f2c d2397f34 d2397f34 00000000
Jun  1 09:32:58.215368 [  957.893329] 7f40: 00000000 d891c940 00000000 e1e7b000 
c05d65f4 00000000 00000000 00000000
Jun  1 09:32:58.223551 [  957.893382] 7f60: 00000000 c0264048 00000100 00000000 
000000f8 e1e7b000 00000000 00000000
Jun  1 09:32:58.231770 [  957.893428] 7f80: d2397f80 d2397f80 00000000 00000000 
d2397f90 d2397f90 d2397fac d891c940
Jun  1 09:32:58.240014 [  957.893467] 7fa0: c0263f7c 00000000 00000000 c020f038 
00000000 00000000 00000000 00000000
Jun  1 09:32:58.248268 [  957.893506] 7fc0: 00000000 00000000 00000000 00000000 
00000000 00000000 00000000 00000000
Jun  1 09:32:58.256517 [  957.893543] 7fe0: 00000000 00000000 00000000 00000000 
00000013 00000000 00000000 00000000
Jun  1 09:32:58.264784 [  957.893605] [<c04ab434>] (gnttab_batch_copy) from 
[<c05d6acc>] (xenvif_kthread_guest_rx+0x4d8/0xbc0)
Jun  1 09:32:58.273889 [  957.893659] [<c05d6acc>] (xenvif_kthread_guest_rx) 
from [<c0264048>] (kthread+0xcc/0xe8)
Jun  1 09:32:58.282006 [  957.893704] [<c0264048>] (kthread) from [<c020f038>] 
(ret_from_fork+0x14/0x3c)
Jun  1 09:32:58.289393 [  957.893746] Code: 0affffe5 eaffffed e8bd80f8 e7f001f2 
(e7f001f2)
Jun  1 09:32:58.295500 [  957.893796] ---[ end trace fb4f074e7680a077 ]---

~Andrew

>  build-armhf-xsm               4 host-build-prep  fail in 57644 REGR. vs. 
> 57419
>
> Tests which are failing intermittently (not blocking):
>  test-armhf-armhf-xl-cubietruck 3 host-install(3) broken in 57644 pass in 
> 57712
>  test-armhf-armhf-xl-sedf      3 host-install(3)           broken pass in 
> 57644
>  test-amd64-amd64-xl-qemuu-win7-amd64 9 windows-install fail in 57644 pass in 
> 57712
>  test-amd64-i386-xl-qemuu-win7-amd64  9 windows-install      fail pass in 
> 57644
>
> Regressions which are regarded as allowable (not blocking):
>  test-amd64-amd64-libvirt-xsm 11 guest-start               fail REGR. vs. 
> 57419
>  test-armhf-armhf-libvirt     11 guest-start           fail in 57644 like 
> 57419
>  test-amd64-i386-xl-qemuu-win7-amd64 16 guest-stop     fail in 57644 like 
> 57419
>  test-amd64-i386-libvirt      11 guest-start                  fail   like 
> 57419
>  test-amd64-i386-libvirt-xsm  11 guest-start                  fail   like 
> 57419
>  test-amd64-amd64-libvirt     11 guest-start                  fail   like 
> 57419
>  test-amd64-amd64-xl-qemut-win7-amd64 16 guest-stop             fail like 
> 57419
>
> Tests which did not succeed, but are not blocking:
>  test-armhf-armhf-libvirt-xsm  1 build-check(1)            blocked in 57644 
> n/a
>  test-armhf-armhf-xl-xsm       1 build-check(1)            blocked in 57644 
> n/a
>  test-armhf-armhf-xl-sedf     12 migrate-support-check fail in 57644 never 
> pass
>  test-amd64-i386-xl-xsm       14 guest-localmigrate           fail   never 
> pass
>  test-amd64-amd64-xl-pvh-amd  11 guest-start                  fail   never 
> pass
>  test-amd64-amd64-xl-xsm      14 guest-localmigrate           fail   never 
> pass
>  test-amd64-amd64-xl-pvh-intel 11 guest-start                  fail  never 
> pass
>  test-amd64-i386-xl-qemuu-debianhvm-amd64-xsm 12 guest-localmigrate fail 
> never pass
>  test-amd64-amd64-xl-qemuu-debianhvm-amd64-xsm 12 guest-localmigrate fail 
> never pass
>  test-amd64-i386-xl-qemut-debianhvm-amd64-xsm 12 guest-localmigrate fail 
> never pass
>  test-amd64-amd64-xl-qemut-debianhvm-amd64-xsm 12 guest-localmigrate fail 
> never pass
>  test-armhf-armhf-xl-credit2  12 migrate-support-check        fail   never 
> pass
>  test-amd64-i386-xl-qemut-win7-amd64 16 guest-stop              fail never 
> pass
>  test-armhf-armhf-libvirt-xsm 12 migrate-support-check        fail   never 
> pass
>  test-armhf-armhf-libvirt     12 migrate-support-check        fail   never 
> pass
>  test-armhf-armhf-xl-xsm      12 migrate-support-check        fail   never 
> pass
>  test-armhf-armhf-xl-arndale  12 migrate-support-check        fail   never 
> pass
>  test-armhf-armhf-xl-cubietruck 12 migrate-support-check        fail never 
> pass
>  test-armhf-armhf-xl-multivcpu 12 migrate-support-check        fail  never 
> pass
>  test-armhf-armhf-xl          12 migrate-support-check        fail   never 
> pass
>  test-armhf-armhf-xl-sedf-pin 12 migrate-support-check        fail   never 
> pass
>  test-amd64-amd64-xl-qemuu-win7-amd64 16 guest-stop             fail never 
> pass
>
> version targeted for testing:
>  xen                  47ec25a3c8cdd7a057af0a05e8e00257ef950437
> baseline version:
>  xen                  d6b6bd8374ac30597495d457829ce7ad6e8b7016
>
> ------------------------------------------------------------
> People who touched revisions under test:
>   Andrew Cooper <andrew.coop...@citrix.com>
>   Ian Campbell <ian.campb...@citrix.com>
>   Jan Beulich <jbeul...@suse.com>
>   Kevin Tian <kevin.t...@intel.com>
>   Roger Pau Monné <roger....@citrix.com>
>   Vitaly Kuznetsov <vkuzn...@redhat.com>
>   Yang Hongyang <yan...@cn.fujitsu.com>
> ------------------------------------------------------------
>
> jobs:
>  build-amd64-xsm                                              pass
>  build-armhf-xsm                                              pass
>  build-i386-xsm                                               pass
>  build-amd64                                                  pass
>  build-armhf                                                  pass
>  build-i386                                                   pass
>  build-amd64-libvirt                                          pass
>  build-armhf-libvirt                                          pass
>  build-i386-libvirt                                           pass
>  build-amd64-oldkern                                          pass
>  build-i386-oldkern                                           pass
>  build-amd64-pvops                                            pass
>  build-armhf-pvops                                            pass
>  build-i386-pvops                                             pass
>  build-amd64-rumpuserxen                                      pass
>  build-i386-rumpuserxen                                       pass
>  test-amd64-amd64-xl                                          pass
>  test-armhf-armhf-xl                                          pass
>  test-amd64-i386-xl                                           pass
>  test-amd64-amd64-xl-qemut-debianhvm-amd64-xsm                fail
>  test-amd64-i386-xl-qemut-debianhvm-amd64-xsm                 fail
>  test-amd64-amd64-xl-qemuu-debianhvm-amd64-xsm                fail
>  test-amd64-i386-xl-qemuu-debianhvm-amd64-xsm                 fail
>  test-amd64-amd64-libvirt-xsm                                 fail
>  test-armhf-armhf-libvirt-xsm                                 pass
>  test-amd64-i386-libvirt-xsm                                  fail
>  test-amd64-amd64-xl-xsm                                      fail
>  test-armhf-armhf-xl-xsm                                      pass
>  test-amd64-i386-xl-xsm                                       fail
>  test-amd64-amd64-xl-pvh-amd                                  fail
>  test-amd64-i386-qemut-rhel6hvm-amd                           pass
>  test-amd64-i386-qemuu-rhel6hvm-amd                           pass
>  test-amd64-amd64-xl-qemut-debianhvm-amd64                    pass
>  test-amd64-i386-xl-qemut-debianhvm-amd64                     pass
>  test-amd64-amd64-xl-qemuu-debianhvm-amd64                    pass
>  test-amd64-i386-xl-qemuu-debianhvm-amd64                     pass
>  test-amd64-i386-freebsd10-amd64                              pass
>  test-amd64-amd64-xl-qemuu-ovmf-amd64                         pass
>  test-amd64-i386-xl-qemuu-ovmf-amd64                          pass
>  test-amd64-amd64-rumpuserxen-amd64                           pass
>  test-amd64-amd64-xl-qemut-win7-amd64                         fail
>  test-amd64-i386-xl-qemut-win7-amd64                          fail
>  test-amd64-amd64-xl-qemuu-win7-amd64                         fail
>  test-amd64-i386-xl-qemuu-win7-amd64                          fail
>  test-armhf-armhf-xl-arndale                                  pass
>  test-amd64-amd64-xl-credit2                                  pass
>  test-armhf-armhf-xl-credit2                                  pass
>  test-armhf-armhf-xl-cubietruck                               fail
>  test-amd64-i386-freebsd10-i386                               pass
>  test-amd64-i386-rumpuserxen-i386                             pass
>  test-amd64-amd64-xl-pvh-intel                                fail
>  test-amd64-i386-qemut-rhel6hvm-intel                         pass
>  test-amd64-i386-qemuu-rhel6hvm-intel                         pass
>  test-amd64-amd64-libvirt                                     fail
>  test-armhf-armhf-libvirt                                     pass
>  test-amd64-i386-libvirt                                      fail
>  test-amd64-amd64-xl-multivcpu                                pass
>  test-armhf-armhf-xl-multivcpu                                pass
>  test-amd64-amd64-pair                                        pass
>  test-amd64-i386-pair                                         pass
>  test-amd64-amd64-xl-sedf-pin                                 pass
>  test-armhf-armhf-xl-sedf-pin                                 pass
>  test-amd64-amd64-xl-sedf                                     pass
>  test-armhf-armhf-xl-sedf                                     broken
>  test-amd64-i386-xl-qemut-winxpsp3-vcpus1                     pass
>  test-amd64-i386-xl-qemuu-winxpsp3-vcpus1                     pass
>  test-amd64-amd64-xl-qemut-winxpsp3                           pass
>  test-amd64-i386-xl-qemut-winxpsp3                            pass
>  test-amd64-amd64-xl-qemuu-winxpsp3                           pass
>  test-amd64-i386-xl-qemuu-winxpsp3                            pass
>
>
> ------------------------------------------------------------
> sg-report-flight on osstest.test-lab.xenproject.org
> logs: /home/logs/logs
> images: /home/logs/images
>
> Logs, config files, etc. are available at
>     http://logs.test-lab.xenproject.org/osstest/logs
>
> Test harness code can be found at
>     http://xenbits.xen.org/gitweb?p=osstest.git;a=summary
>
> broken-step test-armhf-armhf-xl-sedf host-install(3)
>
> Not pushing.
>
> ------------------------------------------------------------
> commit 47ec25a3c8cdd7a057af0a05e8e00257ef950437
> Merge: 088e9b2 818e376
> Author: Ian Campbell <ian.campb...@citrix.com>
> Date:   Fri May 29 13:22:31 2015 +0100
>
>     Merge branch 'staging' of ssh://xenbits.xen.org/home/xen/git/xen into 
> staging
>
> commit 088e9b2796bd1f9ebe4fda800275cc689677b699
> Author: Yang Hongyang <yan...@cn.fujitsu.com>
> Date:   Mon May 18 15:03:56 2015 +0800
>
>     libxc/restore: implement Remus checkpointed restore
>
>     With Remus, the restore flow should be:
>     the first full migration stream -> { periodically restore stream }
>
>     Signed-off-by: Yang Hongyang <yan...@cn.fujitsu.com>
>     Signed-off-by: Andrew Cooper <andrew.coop...@citrix.com>
>     CC: Ian Campbell <ian.campb...@citrix.com>
>     CC: Ian Jackson <ian.jack...@eu.citrix.com>
>     CC: Wei Liu <wei.l...@citrix.com>
>     Reviewed-by: Andrew Cooper <andrew.coop...@citrix.com>
>     Acked-by: Ian Campbell <ian.campb...@citrix.com>
>
> commit a25e4e96fc95150f5c58d069de1b204aa6487ed8
> Author: Yang Hongyang <yan...@cn.fujitsu.com>
> Date:   Mon May 18 15:03:55 2015 +0800
>
>     libxc/save: implement Remus checkpointed save
>
>     With Remus, the save flow should be:
>     live migration->{ periodically save(checkpointed save) }
>
>     Signed-off-by: Yang Hongyang <yan...@cn.fujitsu.com>
>     CC: Ian Campbell <ian.campb...@citrix.com>
>     CC: Ian Jackson <ian.jack...@eu.citrix.com>
>     CC: Wei Liu <wei.l...@citrix.com>
>     CC: Andrew Cooper <andrew.coop...@citrix.com>
>     Reviewed-by: Andrew Cooper <andrew.coop...@citrix.com>
>     Acked-by: Ian Campbell <ian.campb...@citrix.com>
>
> commit cfa955591caea5d7ec505cdcbf4442f2d6e889e1
> Author: Yang Hongyang <yan...@cn.fujitsu.com>
> Date:   Mon May 18 15:03:54 2015 +0800
>
>     libxc/save: refactor of send_domain_memory_live()
>
>     Split the send_domain_memory_live() into three helper function:
>       - send_memory_live()  do the actually live send
>       - suspend_and_send_dirty() suspend the guest and send dirty pages
>       - send_memory_verify()
>     The motivation of this is that when we send checkpointed stream, we
>     will skip the actually live part.
>
>     Signed-off-by: Yang Hongyang <yan...@cn.fujitsu.com>
>     CC: Ian Campbell <ian.campb...@citrix.com>
>     CC: Ian Jackson <ian.jack...@eu.citrix.com>
>     CC: Wei Liu <wei.l...@citrix.com>
>     CC: Andrew Cooper <andrew.coop...@citrix.com>
>     Reviewed-by: Andrew Cooper <andrew.coop...@citrix.com>
>     Acked-by: Ian Campbell <ian.campb...@citrix.com>
>
> commit 818e376d3b17845d39735517650224c64c9e0078
> Author: Jan Beulich <jbeul...@suse.com>
> Date:   Thu May 28 12:07:33 2015 +0200
>
>     Revert "use ticket locks for spin locks"
>
>     This reverts commit 45fcc4568c5162b00fb3907fb158af82dd484a3d as it
>     introduces yet to be explained issues on ARM.
>
> commit 02cdd81aa0a88007addc788c6cf93e2f1cb1a314
> Author: Jan Beulich <jbeul...@suse.com>
> Date:   Thu May 28 12:06:47 2015 +0200
>
>     Revert "spinlock: fix build with older GCC"
>
>     This reverts commit 1037e33c88bb0e1fe530c164f242df17030102e1 as its
>     prereq commit 45fcc4568c is about to be reverted.
>
> commit 814ca12647f06b023f4aac8eae837ba9b417acc7
> Author: Jan Beulich <jbeul...@suse.com>
> Date:   Thu May 28 11:59:34 2015 +0200
>
>     Revert "x86,arm: remove asm/spinlock.h from all architectures"
>
>     This reverts commit e62e49e6d5d4e8d22f3df0b75443ede65a812435 as
>     its prerequisite 45fcc4568c is going to be reverted.
>
> commit cf6b3ccf28faee01a078311fcfe671148c81ea75
> Author: Roger Pau Monné <roger....@citrix.com>
> Date:   Thu May 28 10:56:08 2015 +0200
>
>     x86/pvh: disable posted interrupts
>
>     Enabling posted interrupts requires the virtual interrupt delivery 
> feature,
>     which is disabled for PVH guests, so make sure posted interrupts are also
>     disabled or else vmlaunch will fail.
>
>     Signed-off-by: Roger Pau Monné <roger....@citrix.com>
>     Reported-and-Tested-by: Lars Eggert <l...@netapp.com>
>     Acked-by: Kevin Tian <kevin.t...@intel.com>
>
> commit d4d39de054a6f6c5a474aee62999a8ea7c2fd180
> Author: Vitaly Kuznetsov <vkuzn...@redhat.com>
> Date:   Thu May 28 10:55:43 2015 +0200
>
>     public: fix xen_domctl_monitor_op_t definition
>
>     It seems xen_domctl_monitor_op_t was supposed to be a typedef for
>     struct xen_domctl_monitor_op and not the non-existent xen_domctl__op.
>
>     Signed-off-by: Vitaly Kuznetsov <vkuzn...@redhat.com>
> (qemu changes not included)
>
>
>
> _______________________________________________
> Xen-devel mailing list
> Xen-devel@lists.xen.org
> http://lists.xen.org/xen-devel

_______________________________________________
Xen-devel mailing list
Xen-devel@lists.xen.org
http://lists.xen.org/xen-devel

Reply via email to