"Old" tested version had not actually been tested; therefore in this
flight we test it, rather than a new candidate.  The baseline, if
any, is the most recent actually tested revision.

flight 37590 xen-unstable real [real]
http://osstest.xs.citrite.net/~osstest/testlogs/logs/37590/

Regressions :-(

Tests which did not succeed and are blocking,
including tests which could not be run:
 test-amd64-i386-freebsd10-amd64 14 guest-saverestore.2    fail REGR. vs. 36772

Regressions which are regarded as allowable (not blocking):
 test-amd64-amd64-rumpuserxen-amd64 13 rumpuserxen-demo-xenstorels/xenstorels 
fail REGR. vs. 36772
 test-amd64-i386-libvirt      11 guest-start               fail REGR. vs. 36772
 test-amd64-amd64-xl-sedf-pin 15 guest-saverestore.2      fail blocked in 36772

Tests which did not succeed, but are not blocking:
 test-amd64-amd64-xl-qemut-debianhvm-amd64-xsm 9 debian-hvm-install fail never 
pass
 test-amd64-amd64-xl-qemuu-debianhvm-amd64-xsm 9 debian-hvm-install fail never 
pass
 test-amd64-i386-xl-qemuu-debianhvm-amd64-xsm 9 debian-hvm-install fail never 
pass
 test-amd64-amd64-libvirt-xsm 11 guest-start                  fail   never pass
 test-armhf-armhf-libvirt-xsm 11 guest-start                  fail   never pass
 test-armhf-armhf-xl-xsm      11 guest-start                  fail   never pass
 test-amd64-i386-xl-qemut-debianhvm-amd64-xsm 9 debian-hvm-install fail never 
pass
 test-amd64-amd64-xl-pvh-amd  11 guest-start                  fail   never pass
 test-amd64-amd64-xl-pvh-intel 11 guest-start                  fail  never pass
 test-amd64-i386-libvirt-xsm  11 guest-start                  fail   never pass
 test-amd64-amd64-xl-xsm      11 guest-start                  fail   never pass
 test-amd64-i386-xl-xsm       11 guest-start                  fail   never pass
 test-armhf-armhf-xl-sedf     12 migrate-support-check        fail   never pass
 test-armhf-armhf-xl-credit2  12 migrate-support-check        fail   never pass
 test-armhf-armhf-xl-sedf-pin 12 migrate-support-check        fail   never pass
 test-armhf-armhf-xl-multivcpu 12 migrate-support-check        fail  never pass
 test-armhf-armhf-xl-midway   12 migrate-support-check        fail   never pass
 test-armhf-armhf-xl          12 migrate-support-check        fail   never pass
 test-armhf-armhf-libvirt     12 migrate-support-check        fail   never pass
 test-amd64-amd64-libvirt     12 migrate-support-check        fail   never pass
 test-amd64-amd64-xl-qemuu-win7-amd64 16 guest-stop             fail never pass
 test-amd64-amd64-xl-qemut-win7-amd64 16 guest-stop             fail never pass
 test-amd64-i386-xl-qemut-win7-amd64 16 guest-stop              fail never pass

version targeted for testing:
 xen                  e13013dbf1d5997915548a3b5f1c39594d8c1d7b
baseline version:
 xen                  84066dd4ef4bb5983e246c629a26ef4f3394e5d5

------------------------------------------------------------
People who touched revisions under test:
  Andrew Cooper <andrew.coop...@citrix.com>
  Andrew Cooper <andrew.cooper3@citrix>
  Boris Ostrovsky <boris.ostrov...@oracle.com>
  Chao Peng <chao.p.p...@linux.intel.com>
  Charles Arnold <carn...@suse.com>
  Chen Baozi <baoz...@gmail.com>
  Christoffer Dall <christoffer.d...@linaro.org>
  Daniel De Graaf <dgde...@tycho.nsa.gov>
  Dario Faggioli <dario.faggi...@citrix.com>
  David Vrabel <david.vra...@citrix.com>
  Don Slutz <dsl...@verizon.com>
  Edgar E. Iglesias <edgar.igles...@xilinx.com>
  Emil Condrea <emilcond...@gmail.com>
  Eugene Korenevsky <ekorenev...@gmail.com>
  Fabio Fantoni <fabio.fant...@m2r.biz>
  George Dunlap <george.dun...@eu.citrix.com>
  Giuseppe Mazzotta <g.mazzo...@iragan.com>
  Gustau Perez <gustau.pe...@gmail.com>
  Ian Campbell <ian.campb...@citrix.com>
  Ian Campbell <ian.cmapb...@citrix.com>
  Ian Jackson <ian.jack...@eu.citrix.com>
  Jan Beulich <jbeul...@suse.com>
  JeHyeon Yeon <tom.y...@windriver.com>
  Jim Fehlig <jfeh...@suse.com>
  Juergen Gross <jgr...@suse.com>
  Julien Grall <julien.gr...@citrix.com>
  Julien Grall <julien.gr...@linaro.org>
  Kai Huang <kai.hu...@linux.intel.com>
  Kevin Tian <kevin.t...@intel.com>
  Kevin Tian <kevin.tian@intel>
  Konrad Rzeszutek Wilk <konrad.w...@oracle.com>
  Liang Li <liang.z...@intel.com>
  Linda Jacobson <lin...@jma3.com>
  Nathan Studer <nate.stu...@gmail.com>
  Olaf Hering <o...@aepfle.de>
  Paul Durrant <paul.durr...@citrix.com>
  Pranavkumar Sawargaonkar <pranavku...@linaro.org>
  Rafał Wojdyła <o...@invisiblethingslab.com>
  Razvan Cojocaru <rcojoc...@bitdefender.com>
  Robbie VanVossen <robert.vanvos...@dornerworks.com>
  Robert VanVossen <robert.vanvos...@dornerworks.com>
  Roger Pau Monné <roger....@citrix.com>
  Ross Lagerwall <ross.lagerw...@citrix.com>
  Sander Eikelenboom <li...@eikelenboom.it>
  Stefano Stabellini <stefano.stabell...@citrix.com>
  Stefano Stabellini <stefano.stabell...@eu.citrix.com>
  Suravee Suthikulpanit <suravee.suthikulpa...@amd.com>
  Tamas K Lengyel <tamas.leng...@zentific.com>
  Tamas K Lengyel <tkleng...@sec.in.tum.de>
  Tiejun Chen <tiejun.c...@intel.com>
  Tim Deegan <t...@xen.org>
  Vitaly Kuznetsov <vkuzn...@redhat.com>
  Wei Liu <wei.l...@citrix.com>
  Wen Congyang <we...@cn.fujitsu.com>
  Yang Hongyang <yan...@cn.fujitsu.com>
  Yang Zhang <yang.z.zh...@intel.com>
  Zhou Peng <zpeng...@gmail.com>
------------------------------------------------------------

jobs:
 build-amd64-xsm                                              pass
 build-armhf-xsm                                              pass
 build-i386-xsm                                               pass
 build-amd64                                                  pass
 build-armhf                                                  pass
 build-i386                                                   pass
 build-amd64-libvirt                                          pass
 build-armhf-libvirt                                          pass
 build-i386-libvirt                                           pass
 build-amd64-oldkern                                          pass
 build-i386-oldkern                                           pass
 build-amd64-pvops                                            pass
 build-armhf-pvops                                            pass
 build-i386-pvops                                             pass
 build-amd64-rumpuserxen                                      pass
 build-i386-rumpuserxen                                       pass
 test-amd64-amd64-xl                                          pass
 test-armhf-armhf-xl                                          pass
 test-amd64-i386-xl                                           pass
 test-amd64-amd64-xl-qemut-debianhvm-amd64-xsm                fail
 test-amd64-i386-xl-qemut-debianhvm-amd64-xsm                 fail
 test-amd64-amd64-xl-qemuu-debianhvm-amd64-xsm                fail
 test-amd64-i386-xl-qemuu-debianhvm-amd64-xsm                 fail
 test-amd64-amd64-libvirt-xsm                                 fail
 test-armhf-armhf-libvirt-xsm                                 fail
 test-amd64-i386-libvirt-xsm                                  fail
 test-amd64-amd64-xl-xsm                                      fail
 test-armhf-armhf-xl-xsm                                      fail
 test-amd64-i386-xl-xsm                                       fail
 test-amd64-amd64-xl-pvh-amd                                  fail
 test-amd64-i386-qemut-rhel6hvm-amd                           pass
 test-amd64-i386-qemuu-rhel6hvm-amd                           pass
 test-amd64-amd64-xl-qemut-debianhvm-amd64                    pass
 test-amd64-i386-xl-qemut-debianhvm-amd64                     pass
 test-amd64-amd64-xl-qemuu-debianhvm-amd64                    pass
 test-amd64-i386-xl-qemuu-debianhvm-amd64                     pass
 test-amd64-i386-freebsd10-amd64                              fail
 test-amd64-amd64-xl-qemuu-ovmf-amd64                         pass
 test-amd64-i386-xl-qemuu-ovmf-amd64                          pass
 test-amd64-amd64-rumpuserxen-amd64                           fail
 test-amd64-amd64-xl-qemut-win7-amd64                         fail
 test-amd64-i386-xl-qemut-win7-amd64                          fail
 test-amd64-amd64-xl-qemuu-win7-amd64                         fail
 test-amd64-i386-xl-qemuu-win7-amd64                          pass
 test-amd64-amd64-xl-credit2                                  pass
 test-armhf-armhf-xl-credit2                                  pass
 test-amd64-i386-freebsd10-i386                               pass
 test-amd64-i386-rumpuserxen-i386                             pass
 test-amd64-amd64-xl-pvh-intel                                fail
 test-amd64-i386-qemut-rhel6hvm-intel                         pass
 test-amd64-i386-qemuu-rhel6hvm-intel                         pass
 test-amd64-amd64-libvirt                                     pass
 test-armhf-armhf-libvirt                                     pass
 test-amd64-i386-libvirt                                      fail
 test-armhf-armhf-xl-midway                                   pass
 test-amd64-amd64-xl-multivcpu                                pass
 test-armhf-armhf-xl-multivcpu                                pass
 test-amd64-amd64-pair                                        pass
 test-amd64-i386-pair                                         pass
 test-amd64-amd64-xl-sedf-pin                                 fail
 test-armhf-armhf-xl-sedf-pin                                 pass
 test-amd64-amd64-xl-sedf                                     pass
 test-armhf-armhf-xl-sedf                                     pass
 test-amd64-i386-xl-qemut-winxpsp3-vcpus1                     pass
 test-amd64-i386-xl-qemuu-winxpsp3-vcpus1                     pass
 test-amd64-amd64-xl-qemut-winxpsp3                           pass
 test-amd64-i386-xl-qemut-winxpsp3                            pass
 test-amd64-amd64-xl-qemuu-winxpsp3                           pass
 test-amd64-i386-xl-qemuu-winxpsp3                            pass


------------------------------------------------------------
sg-report-flight on osstest.xs.citrite.net
logs: /home/xc_osstest/logs
images: /home/xc_osstest/images

Logs, config files, etc. are available at
    http://osstest.xs.citrite.net/~osstest/testlogs/logs

Test harness code can be found at
    http://xenbits.xensource.com/gitweb?p=osstest.git;a=summary


Push not applicable.

(No revision log; it would be 5109 lines long.)

_______________________________________________
Xen-devel mailing list
Xen-devel@lists.xen.org
http://lists.xen.org/xen-devel

Reply via email to