flight 57442 linux-linus real [real]
http://logs.test-lab.xenproject.org/osstest/logs/57442/

Failures :-/ but no regressions.

Regressions which are regarded as allowable (not blocking):
 test-armhf-armhf-libvirt      3 host-install(3)         broken REGR. vs. 57123
 test-amd64-i386-libvirt      11 guest-start                  fail   like 57123
 test-amd64-amd64-libvirt     11 guest-start                  fail   like 57123
 test-amd64-i386-freebsd10-amd64  9 freebsd-install             fail like 57123
 test-amd64-i386-freebsd10-i386  9 freebsd-install              fail like 57123
 test-amd64-amd64-xl-qemuu-win7-amd64 16 guest-stop             fail like 57123
 test-amd64-i386-xl-qemuu-win7-amd64 16 guest-stop              fail like 57123

Tests which did not succeed, but are not blocking:
 test-amd64-amd64-xl-qemut-debianhvm-amd64-xsm 9 debian-hvm-install fail never 
pass
 test-amd64-i386-xl-qemut-debianhvm-amd64-xsm 9 debian-hvm-install fail never 
pass
 test-amd64-amd64-xl-qemuu-debianhvm-amd64-xsm 9 debian-hvm-install fail never 
pass
 test-amd64-i386-libvirt-xsm  11 guest-start                  fail   never pass
 test-amd64-i386-xl-qemuu-debianhvm-amd64-xsm 9 debian-hvm-install fail never 
pass
 test-amd64-amd64-xl-xsm      11 guest-start                  fail   never pass
 test-amd64-amd64-xl-pvh-intel 11 guest-start                  fail  never pass
 test-amd64-amd64-xl-pvh-amd  11 guest-start                  fail   never pass
 test-amd64-amd64-libvirt-xsm 11 guest-start                  fail   never pass
 test-amd64-i386-xl-xsm       11 guest-start                  fail   never pass
 test-armhf-armhf-xl-xsm      11 guest-start                  fail   never pass
 test-armhf-armhf-xl          12 migrate-support-check        fail   never pass
 test-armhf-armhf-xl-sedf     12 migrate-support-check        fail   never pass
 test-armhf-armhf-xl-credit2  12 migrate-support-check        fail   never pass
 test-armhf-armhf-xl-cubietruck 12 migrate-support-check        fail never pass
 test-armhf-armhf-xl-multivcpu 12 migrate-support-check        fail  never pass
 test-amd64-amd64-xl-qemut-win7-amd64 16 guest-stop             fail never pass
 test-amd64-i386-xl-qemut-win7-amd64 16 guest-stop              fail never pass
 test-armhf-armhf-libvirt-xsm 11 guest-start                  fail   never pass
 test-armhf-armhf-xl-sedf-pin 12 migrate-support-check        fail   never pass
 test-armhf-armhf-xl-arndale  12 migrate-support-check        fail   never pass

version targeted for testing:
 linux                de182468d1bb726198abaab315820542425270b7
baseline version:
 linux                c5db6a3bdeb72f4238e1faefa4ce4eab7a64baea

------------------------------------------------------------
People who touched revisions under test:
  Alex Dowad <alexinbeij...@gmail.com>
  Alexei Starovoitov <a...@plumgrid.com>
  Alexey Kardashevskiy <a...@ozlabs.ru>
  Aravind Gopalakrishnan <aravind.gopalakrish...@amd.com>
  Avri Altman <avri.alt...@intel.com>
  Bartlomiej Zolnierkiewicz <b.zolnier...@samsung.com>
  Benjamin Poirier <bpoir...@suse.de>
  Boris Brezillon <boris.brezil...@free-electrons.com>
  Borislav Petkov <b...@suse.de>
  Carl Schaefer <schae...@trilug.org>
  Carlo Caione <ca...@endlessm.com>
  Chen Gang <gang.chen.5...@gmail.com>
  Chen Gang <xili_gchen_5...@hotmail.com>
  Chengyu Song <cson...@gatech.edu>
  Cong Wang <xiyou.wangc...@gmail.com>
  Dan Carpenter <dan.carpen...@oracle.com>
  Daniel Borkmann <dan...@iogearbox.net>
  David S. Miller <da...@davemloft.net>
  David Vrabel <david.vra...@citrix.com>
  Dick Kennedy <dick.kenn...@avagotech.com>
  Eliad Peller <el...@wizery.com>
  Eliad Peller <eliadx.pel...@intel.com>
  Emmanuel Grumbach <emmanuel.grumb...@intel.com>
  Eric Dumazet <eduma...@google.com>
  Federico Sauter <fsau...@innominate.com>
  Florian Fainelli <f.faine...@gmail.com>
  Geert Uytterhoeven <ge...@linux-m68k.org>
  Haim Dreyfuss <haim.dreyf...@intel.com>
  Hannes Frederic Sowa <han...@stressinduktion.org>
  Hannes Reinecke <h...@suse.de>
  Helge Deller <del...@gmx.de>
  Herbert Xu <herb...@gondor.apana.org.au>
  Ingo Molnar <mi...@kernel.org>
  Ivan Mikhaylov <i...@ru.ibm.com>
  James Bottomley <jbottom...@odin.com>
  James Smart <james.sm...@avagotech.com>
  James Smart <james.sm...@emulex.com>
  Jason Gunthorpe <jguntho...@obsidianresearch.com>
  Jayamohan Kallickal <jayamohan.kallic...@avagotech.com>
  Jeff Layton <jeff.lay...@primarydata.com>
  Jiang Liu <liu...@gmail.com>
  Johan Hovold <jo...@kernel.org>
  Johannes Berg <johannes.b...@intel.com>
  Jordi Pujol Palomer <jordipuj...@gmail.com>
  K. Y. Srinivasan <k...@microsoft.com>
  Kalle Valo <kv...@codeaurora.org>
  Lee Jones <lee.jo...@linaro.org>
  Lendacky, Thomas <thomas.lenda...@amd.com>
  Liad Kaufman <liad.kauf...@intel.com>
  Linus Torvalds <torva...@linux-foundation.org>
  Linus Walleij <linus.wall...@linaro.org>
  Luciano Coelho <luciano.coe...@intel.com>
  Mark Hounschell <dma...@cfl.rr.com>
  Mark Salyzyn <saly...@android.com>
  Mathieu Olivari <math...@codeaurora.org>
  Matt Turner <matts...@gmail.com>
  Matti Gottlieb <matti.gottl...@intel.com>
  Michael Brunner <mi...@gmx.de>
  Michael Brunner <michael.brun...@kontron.com>
  Michal Kazior <michal.kaz...@tieto.com>
  Mika Westerberg <mika.westerb...@linux.intel.com>
  Miklos Szeredi <mszer...@suse.cz>
  Minh Tran <minh.t...@avagotech.com>
  Minh Tran <minhduc.t...@avagotech.com>
  Nakajima Akira <nakajima.ak...@nttcom.co.jp>
  Neil Horman <nhor...@tuxdriver.com>
  Nicolas Ferre <nicolas.fe...@atmel.com>
  Paul Gortmaker <paul.gortma...@windriver.com>
  Rafał Miłecki <zaj...@gmail.com>
  Ray Jui <r...@broadcom.com>
  Richard Cochran <richardcoch...@gmail.com>
  Richard Henderson <r...@twiddle.net>
  Ross Lagerwall <ross.lagerw...@citrix.com>
  Rusty Russell <ru...@rustcorp.com.au>
  Sachin Prabhu <spra...@redhat.com>
  Steve French <smfre...@gmail.com>
  Thierry Reding <thierry.red...@gmail.com>
  Tom Lendacky <thomas.lenda...@amd.com>
  Vladimir Zapolskiy <v...@mleia.com>
  WANG Cong <xiyou.wangc...@gmail.com>
  Wei Liu <wei.l...@citrix.com>
  Yijing Wang <wangyij...@huawei.com>
------------------------------------------------------------

jobs:
 build-amd64-xsm                                              pass
 build-armhf-xsm                                              pass
 build-i386-xsm                                               pass
 build-amd64                                                  pass
 build-armhf                                                  pass
 build-i386                                                   pass
 build-amd64-libvirt                                          pass
 build-armhf-libvirt                                          pass
 build-i386-libvirt                                           pass
 build-amd64-pvops                                            pass
 build-armhf-pvops                                            pass
 build-i386-pvops                                             pass
 build-amd64-rumpuserxen                                      pass
 build-i386-rumpuserxen                                       pass
 test-amd64-amd64-xl                                          pass
 test-armhf-armhf-xl                                          pass
 test-amd64-i386-xl                                           pass
 test-amd64-amd64-xl-qemut-debianhvm-amd64-xsm                fail
 test-amd64-i386-xl-qemut-debianhvm-amd64-xsm                 fail
 test-amd64-amd64-xl-qemuu-debianhvm-amd64-xsm                fail
 test-amd64-i386-xl-qemuu-debianhvm-amd64-xsm                 fail
 test-amd64-amd64-libvirt-xsm                                 fail
 test-armhf-armhf-libvirt-xsm                                 fail
 test-amd64-i386-libvirt-xsm                                  fail
 test-amd64-amd64-xl-xsm                                      fail
 test-armhf-armhf-xl-xsm                                      fail
 test-amd64-i386-xl-xsm                                       fail
 test-amd64-amd64-xl-pvh-amd                                  fail
 test-amd64-i386-qemut-rhel6hvm-amd                           pass
 test-amd64-i386-qemuu-rhel6hvm-amd                           pass
 test-amd64-amd64-xl-qemut-debianhvm-amd64                    pass
 test-amd64-i386-xl-qemut-debianhvm-amd64                     pass
 test-amd64-amd64-xl-qemuu-debianhvm-amd64                    pass
 test-amd64-i386-xl-qemuu-debianhvm-amd64                     pass
 test-amd64-i386-freebsd10-amd64                              fail
 test-amd64-amd64-xl-qemuu-ovmf-amd64                         pass
 test-amd64-i386-xl-qemuu-ovmf-amd64                          pass
 test-amd64-amd64-rumpuserxen-amd64                           pass
 test-amd64-amd64-xl-qemut-win7-amd64                         fail
 test-amd64-i386-xl-qemut-win7-amd64                          fail
 test-amd64-amd64-xl-qemuu-win7-amd64                         fail
 test-amd64-i386-xl-qemuu-win7-amd64                          fail
 test-armhf-armhf-xl-arndale                                  pass
 test-amd64-amd64-xl-credit2                                  pass
 test-armhf-armhf-xl-credit2                                  pass
 test-armhf-armhf-xl-cubietruck                               pass
 test-amd64-i386-freebsd10-i386                               fail
 test-amd64-i386-rumpuserxen-i386                             pass
 test-amd64-amd64-xl-pvh-intel                                fail
 test-amd64-i386-qemut-rhel6hvm-intel                         pass
 test-amd64-i386-qemuu-rhel6hvm-intel                         pass
 test-amd64-amd64-libvirt                                     fail
 test-armhf-armhf-libvirt                                     broken
 test-amd64-i386-libvirt                                      fail
 test-amd64-amd64-xl-multivcpu                                pass
 test-armhf-armhf-xl-multivcpu                                pass
 test-amd64-amd64-pair                                        pass
 test-amd64-i386-pair                                         pass
 test-amd64-amd64-xl-sedf-pin                                 pass
 test-armhf-armhf-xl-sedf-pin                                 pass
 test-amd64-amd64-xl-sedf                                     pass
 test-armhf-armhf-xl-sedf                                     pass
 test-amd64-i386-xl-qemut-winxpsp3-vcpus1                     pass
 test-amd64-i386-xl-qemuu-winxpsp3-vcpus1                     pass
 test-amd64-amd64-xl-qemut-winxpsp3                           pass
 test-amd64-i386-xl-qemut-winxpsp3                            pass
 test-amd64-amd64-xl-qemuu-winxpsp3                           pass
 test-amd64-i386-xl-qemuu-winxpsp3                            pass


------------------------------------------------------------
sg-report-flight on osstest.test-lab.xenproject.org
logs: /home/logs/logs
images: /home/logs/images

Logs, config files, etc. are available at
    http://logs.test-lab.xenproject.org/osstest/logs

Test harness code can be found at
    http://xenbits.xen.org/gitweb?p=osstest.git;a=summary

broken-step test-armhf-armhf-libvirt host-install(3)

Pushing revision :

+ branch=linux-linus
+ revision=de182468d1bb726198abaab315820542425270b7
+ . cri-lock-repos
++ . cri-common
+++ . cri-getconfig
+++ umask 002
+++ getconfig Repos
+++ perl -e '
                use Osstest;
                readglobalconfig();
                print $c{"Repos"} or die $!;
        '
++ repos=/home/osstest/repos
++ repos_lock=/home/osstest/repos/lock
++ '[' x '!=' x/home/osstest/repos/lock ']'
++ OSSTEST_REPOS_LOCK_LOCKED=/home/osstest/repos/lock
++ exec with-lock-ex -w /home/osstest/repos/lock ./ap-push linux-linus 
de182468d1bb726198abaab315820542425270b7
+ branch=linux-linus
+ revision=de182468d1bb726198abaab315820542425270b7
+ . cri-lock-repos
++ . cri-common
+++ . cri-getconfig
+++ umask 002
+++ getconfig Repos
+++ perl -e '
                use Osstest;
                readglobalconfig();
                print $c{"Repos"} or die $!;
        '
++ repos=/home/osstest/repos
++ repos_lock=/home/osstest/repos/lock
++ '[' x/home/osstest/repos/lock '!=' x/home/osstest/repos/lock ']'
+ . cri-common
++ . cri-getconfig
++ umask 002
+ select_xenbranch
+ case "$branch" in
+ tree=linux
+ xenbranch=xen-unstable
+ '[' xlinux = xlinux ']'
+ linuxbranch=linux-linus
+ '[' x = x ']'
+ qemuubranch=qemu-upstream-unstable
+ : tested/2.6.39.x
+ . ap-common
++ : osst...@xenbits.xen.org
+++ getconfig OsstestUpstream
+++ perl -e '
                use Osstest;
                readglobalconfig();
                print $c{"OsstestUpstream"} or die $!;
        '
++ :
++ : git://xenbits.xen.org/xen.git
++ : osst...@xenbits.xen.org:/home/xen/git/xen.git
++ : git://xenbits.xen.org/staging/qemu-xen-unstable.git
++ : git://git.kernel.org
++ : git://git.kernel.org/pub/scm/linux/kernel/git
++ : git
++ : git://xenbits.xen.org/libvirt.git
++ : osst...@xenbits.xen.org:/home/xen/git/libvirt.git
++ : git://xenbits.xen.org/libvirt.git
++ : git://xenbits.xen.org/rumpuser-xen.git
++ : git
++ : git://xenbits.xen.org/rumpuser-xen.git
++ : osst...@xenbits.xen.org:/home/xen/git/rumpuser-xen.git
+++ besteffort_repo https://github.com/rumpkernel/rumpkernel-netbsd-src
+++ local repo=https://github.com/rumpkernel/rumpkernel-netbsd-src
+++ cached_repo https://github.com/rumpkernel/rumpkernel-netbsd-src 
'[fetch=try]'
+++ local repo=https://github.com/rumpkernel/rumpkernel-netbsd-src
+++ local 'options=[fetch=try]'
++++ getconfig GitCacheProxy
++++ perl -e '
                use Osstest;
                readglobalconfig();
                print $c{"GitCacheProxy"} or die $!;
        '
+++ local cache=git://cache:9419/
+++ '[' xgit://cache:9419/ '!=' x ']'
+++ echo 
'git://cache:9419/https://github.com/rumpkernel/rumpkernel-netbsd-src%20[fetch=try]'
++ : 
'git://cache:9419/https://github.com/rumpkernel/rumpkernel-netbsd-src%20[fetch=try]'
++ : git
++ : git://git.seabios.org/seabios.git
++ : osst...@xenbits.xen.org:/home/xen/git/osstest/seabios.git
++ : git://xenbits.xen.org/osstest/seabios.git
++ : https://github.com/tianocore/edk2.git
++ : osst...@xenbits.xen.org:/home/xen/git/osstest/ovmf.git
++ : git://xenbits.xen.org/osstest/ovmf.git
++ : git://xenbits.xen.org/osstest/linux-firmware.git
++ : osst...@xenbits.xen.org:/home/osstest/ext/linux-firmware.git
++ : git://git.kernel.org/pub/scm/linux/kernel/git/firmware/linux-firmware.git
++ : osst...@xenbits.xen.org:/home/xen/git/linux-pvops.git
++ : git://xenbits.xen.org/linux-pvops.git
++ : tested/linux-3.14
++ : tested/linux-arm-xen
++ '[' xgit://git.kernel.org/pub/scm/linux/kernel/git/torvalds/linux-2.6.git = 
x ']'
++ '[' xgit://git.kernel.org/pub/scm/linux/kernel/git/torvalds/linux-2.6.git = 
x ']'
++ : git://git.kernel.org/pub/scm/linux/kernel/git/konrad/xen.git
++ : tested/2.6.39.x
++ : daily-cron.linux-linus
++ : daily-cron.linux-linus
++ : daily-cron.linux-linus
++ : daily-cron.linux-linus
++ : daily-cron.linux-linus
++ : daily-cron.linux-linus
++ : http://hg.uk.xensource.com/carbon/trunk/linux-2.6.27
++ : git://xenbits.xen.org/staging/qemu-upstream-unstable.git
++ : daily-cron.linux-linus
++ : git://git.qemu.org/qemu.git
++ : git://xenbits.xen.org/osstest/qemu.git
++ : osst...@xenbits.xen.org:/home/xen/git/osstest/qemu.git
++ : daily-cron.linux-linus
+ TREE_LINUX=osst...@xenbits.xen.org:/home/xen/git/linux-pvops.git
+ TREE_QEMU_MAINLINE=osst...@xenbits.xen.org:/home/xen/git/osstest/qemu.git
+ 
TREE_QEMU_UPSTREAM=osst...@xenbits.xen.org:/home/xen/git/qemu-upstream-unstable.git
+ TREE_XEN=osst...@xenbits.xen.org:/home/xen/git/xen.git
+ TREE_LIBVIRT=osst...@xenbits.xen.org:/home/xen/git/libvirt.git
+ TREE_RUMPUSERXEN=osst...@xenbits.xen.org:/home/xen/git/rumpuser-xen.git
+ TREE_SEABIOS=osst...@xenbits.xen.org:/home/xen/git/osstest/seabios.git
+ TREE_OVMF=osst...@xenbits.xen.org:/home/xen/git/osstest/ovmf.git
+ info_linux_tree linux-linus
+ case $1 in
+ : git://git.kernel.org/pub/scm/linux/kernel/git/torvalds/linux-2.6.git
+ : master
+ : git
+ : git
+ : git://xenbits.xen.org/linux-pvops.git
+ : osst...@xenbits.xen.org:/home/xen/git/linux-pvops.git
+ : tested/linux-linus
+ : refs/heads/tested/linux-linus
+ return 0
+ cd /home/osstest/repos/linux
+ git push osst...@xenbits.xen.org:/home/xen/git/linux-pvops.git 
de182468d1bb726198abaab315820542425270b7:refs/heads/tested/linux-linus
To osst...@xenbits.xen.org:/home/xen/git/linux-pvops.git
   c5db6a3..de18246  de182468d1bb726198abaab315820542425270b7 -> 
tested/linux-linus
+ exit 0

_______________________________________________
Xen-devel mailing list
Xen-devel@lists.xen.org
http://lists.xen.org/xen-devel

Reply via email to