flight 56964 linux-linus real [real]
http://logs.test-lab.xenproject.org/osstest/logs/56964/

Failures :-/ but no regressions.

Regressions which are regarded as allowable (not blocking):
 test-armhf-armhf-libvirt     11 guest-start               fail REGR. vs. 56791
 test-amd64-i386-freebsd10-amd64  9 freebsd-install             fail like 56791
 test-amd64-i386-libvirt      11 guest-start                  fail   like 56791
 test-amd64-i386-freebsd10-i386  9 freebsd-install              fail like 56791
 test-amd64-amd64-libvirt     11 guest-start                  fail   like 56791
 test-amd64-amd64-xl-qemuu-win7-amd64 16 guest-stop             fail like 56791
 test-amd64-i386-xl-qemuu-win7-amd64 16 guest-stop              fail like 56791

Tests which did not succeed, but are not blocking:
 test-amd64-amd64-xl-qemut-debianhvm-amd64-xsm 9 debian-hvm-install fail never 
pass
 test-amd64-i386-xl-qemut-debianhvm-amd64-xsm 9 debian-hvm-install fail never 
pass
 test-amd64-amd64-xl-qemuu-debianhvm-amd64-xsm 9 debian-hvm-install fail never 
pass
 test-amd64-i386-libvirt-xsm  11 guest-start                  fail   never pass
 test-amd64-amd64-xl-pvh-amd  11 guest-start                  fail   never pass
 test-amd64-amd64-xl-xsm      11 guest-start                  fail   never pass
 test-amd64-i386-xl-qemuu-debianhvm-amd64-xsm 9 debian-hvm-install fail never 
pass
 test-amd64-amd64-xl-pvh-intel 11 guest-start                  fail  never pass
 test-amd64-amd64-libvirt-xsm 11 guest-start                  fail   never pass
 test-amd64-i386-xl-xsm       11 guest-start                  fail   never pass
 test-armhf-armhf-xl-xsm      11 guest-start                  fail   never pass
 test-armhf-armhf-xl-sedf     12 migrate-support-check        fail   never pass
 test-armhf-armhf-xl-credit2  12 migrate-support-check        fail   never pass
 test-armhf-armhf-xl-cubietruck 12 migrate-support-check        fail never pass
 test-armhf-armhf-xl-multivcpu 12 migrate-support-check        fail  never pass
 test-amd64-amd64-xl-qemut-win7-amd64 16 guest-stop             fail never pass
 test-amd64-i386-xl-qemut-win7-amd64 16 guest-stop              fail never pass
 test-armhf-armhf-xl          12 migrate-support-check        fail   never pass
 test-armhf-armhf-libvirt-xsm 11 guest-start                  fail   never pass
 test-armhf-armhf-xl-sedf-pin 12 migrate-support-check        fail   never pass
 test-armhf-armhf-xl-arndale  12 migrate-support-check        fail   never pass

version targeted for testing:
 linux                865d872280c848dc78b060088171724c3fb98bbb
baseline version:
 linux                1113cdfe7d2c1fe08b64caa3affe19260e66dd95

------------------------------------------------------------
People who touched revisions under test:
  Abhilash Kesavan <a.kesa...@samsung.com>
  Alexander Stein <alexander...@web.de>
  Andrea Arcangeli <aarca...@redhat.com>
  Ansgar Hegerfeld <li...@hegerfeld.org>
  Arnd Bergmann <a...@arndb.de>
  Axel Lin <axel....@ingics.com>
  Benjamin Tissoires <benjamin.tissoi...@redhat.com>
  Boris Ostrovsky <boris.ostrov...@oracle.com>
  Chanwoo Choi <cw00.c...@samsung.com>
  Charles Keepax <ckee...@opensource.wolfsonmicro.com>
  David Henningsson <david.hennings...@canonical.com>
  David Vrabel <david.vra...@citrix.com>
  Devesh Sharma <devesh.sha...@avagotech.com>
  Dong Aisheng <aisheng.d...@freescale.com>
  Doug Ledford <dledf...@redhat.com>
  Eduardo Valentin <edubez...@gmail.com>
  Fang, Yang A <yang.a.f...@intel.com>
  Georgi Djakov <georgi.dja...@linaro.org>
  Gregory CLEMENT <gregory.clem...@free-electrons.com>
  Guenter Roeck <li...@roeck-us.net>
  Harald Freudenberger <fre...@linux.vnet.ibm.com>
  Herbert Xu <herb...@gondor.apana.org.au>
  Ingo Tuchscherer <ingo.tuchsche...@de.ibm.com>
  Ingo Tuchscherer <ingo.tuchsche...@linux.vnet.ibm.com>
  Javier Martinez Canillas <javier.marti...@collabora.co.uk>
  Jean Delvare <jdelv...@suse.de>
  Jean-Francois Moine <moin...@free.fr>
  Jiri Kosina <jkos...@suse.cz>
  Jonghwa Lee <jonghwa3....@samsung.com>
  Kailang Yang <kail...@realtek.com>
  Keerthy <j-keer...@ti.com>
  Kevin Hilman <khil...@linaro.org>
  Koro Chen <koro.c...@mediatek.com>
  Laura Abbott <labb...@fedoraproject.org>
  Liang Li <liang.z...@intel.com>
  Linus Torvalds <torva...@linux-foundation.org>
  Ludovic Desroches <ludovic.desroc...@atmel.com>
  Mark Brown <broo...@kernel.org>
  Martin Schwidefsky <schwidef...@de.ibm.com>
  Matt Finlay <m...@mellanox.com>
  Matthew Finlay <m...@mellanox.com>
  Michael Holzheu <holz...@linux.vnet.ibm.com>
  Michael Turquette <mturque...@linaro.org>
  Michael Welling <mwell...@ieee.org>
  Mika Westerberg <mika.westerb...@linux.intel.com>
  Mitesh Ahuja <mitesh.ah...@avagotech.com>
  Nadav Haklai <nad...@marvell.com>
  Naga Irrinki <naga.irri...@avagotech.com>
  Padmanabh Ratnakar <padmanabh.ratna...@avagotech.com>
  Paolo Bonzini <pbonz...@redhat.com>
  Paul Mackerras <pau...@samba.org>
  Peter Ujfalusi <peter.ujfal...@ti.com>
  Ping Cheng <pi...@wacom.com>
  Ping Cheng <pingli...@gmail.com>
  Sean Hefty <sean.he...@intel.com>
  Sebastian Hesselbarth <sebastian.hesselba...@gmail.com>
  Selvin Xavier <selvin.xav...@avagotech.com>
  Srinivas Pandruvada <srinivas.pandruv...@linux.intel.com>
  Stefano Stabellini <stefano.stabell...@eu.citrix.com>
  Stephen Boyd <sb...@codeaurora.org>
  Sylwester Nawrocki <s.nawro...@samsung.com>
  Tadeusz Struk <tadeusz.st...@intel.com>
  Takashi Iwai <ti...@suse.de>
  Ted Kim <ted.h....@oracle.com>
  Tomasz Figa <tomasz.f...@gmail.com>
  Ulf Hansson <ulf.hans...@linaro.org>
  Vasily Khoruzhick <anars...@gmail.com>
  Xiao Guangrong <guangrong.x...@linux.intel.com>
  Yang Zhang <yang.z.zh...@intel.com>
  Zhang Rui <rui.zh...@intel.com>
  Zidan Wang <zidan.w...@freescale.com>
------------------------------------------------------------

jobs:
 build-amd64-xsm                                              pass    
 build-armhf-xsm                                              pass    
 build-i386-xsm                                               pass    
 build-amd64                                                  pass    
 build-armhf                                                  pass    
 build-i386                                                   pass    
 build-amd64-libvirt                                          pass    
 build-armhf-libvirt                                          pass    
 build-i386-libvirt                                           pass    
 build-amd64-pvops                                            pass    
 build-armhf-pvops                                            pass    
 build-i386-pvops                                             pass    
 build-amd64-rumpuserxen                                      pass    
 build-i386-rumpuserxen                                       pass    
 test-amd64-amd64-xl                                          pass    
 test-armhf-armhf-xl                                          pass    
 test-amd64-i386-xl                                           pass    
 test-amd64-amd64-xl-qemut-debianhvm-amd64-xsm                fail    
 test-amd64-i386-xl-qemut-debianhvm-amd64-xsm                 fail    
 test-amd64-amd64-xl-qemuu-debianhvm-amd64-xsm                fail    
 test-amd64-i386-xl-qemuu-debianhvm-amd64-xsm                 fail    
 test-amd64-amd64-libvirt-xsm                                 fail    
 test-armhf-armhf-libvirt-xsm                                 fail    
 test-amd64-i386-libvirt-xsm                                  fail    
 test-amd64-amd64-xl-xsm                                      fail    
 test-armhf-armhf-xl-xsm                                      fail    
 test-amd64-i386-xl-xsm                                       fail    
 test-amd64-amd64-xl-pvh-amd                                  fail    
 test-amd64-i386-qemut-rhel6hvm-amd                           pass    
 test-amd64-i386-qemuu-rhel6hvm-amd                           pass    
 test-amd64-amd64-xl-qemut-debianhvm-amd64                    pass    
 test-amd64-i386-xl-qemut-debianhvm-amd64                     pass    
 test-amd64-amd64-xl-qemuu-debianhvm-amd64                    pass    
 test-amd64-i386-xl-qemuu-debianhvm-amd64                     pass    
 test-amd64-i386-freebsd10-amd64                              fail    
 test-amd64-amd64-xl-qemuu-ovmf-amd64                         pass    
 test-amd64-i386-xl-qemuu-ovmf-amd64                          pass    
 test-amd64-amd64-rumpuserxen-amd64                           pass    
 test-amd64-amd64-xl-qemut-win7-amd64                         fail    
 test-amd64-i386-xl-qemut-win7-amd64                          fail    
 test-amd64-amd64-xl-qemuu-win7-amd64                         fail    
 test-amd64-i386-xl-qemuu-win7-amd64                          fail    
 test-armhf-armhf-xl-arndale                                  pass    
 test-amd64-amd64-xl-credit2                                  pass    
 test-armhf-armhf-xl-credit2                                  pass    
 test-armhf-armhf-xl-cubietruck                               pass    
 test-amd64-i386-freebsd10-i386                               fail    
 test-amd64-i386-rumpuserxen-i386                             pass    
 test-amd64-amd64-xl-pvh-intel                                fail    
 test-amd64-i386-qemut-rhel6hvm-intel                         pass    
 test-amd64-i386-qemuu-rhel6hvm-intel                         pass    
 test-amd64-amd64-libvirt                                     fail    
 test-armhf-armhf-libvirt                                     fail    
 test-amd64-i386-libvirt                                      fail    
 test-amd64-amd64-xl-multivcpu                                pass    
 test-armhf-armhf-xl-multivcpu                                pass    
 test-amd64-amd64-pair                                        pass    
 test-amd64-i386-pair                                         pass    
 test-amd64-amd64-xl-sedf-pin                                 pass    
 test-armhf-armhf-xl-sedf-pin                                 pass    
 test-amd64-amd64-xl-sedf                                     pass    
 test-armhf-armhf-xl-sedf                                     pass    
 test-amd64-i386-xl-qemut-winxpsp3-vcpus1                     pass    
 test-amd64-i386-xl-qemuu-winxpsp3-vcpus1                     pass    
 test-amd64-amd64-xl-qemut-winxpsp3                           pass    
 test-amd64-i386-xl-qemut-winxpsp3                            pass    
 test-amd64-amd64-xl-qemuu-winxpsp3                           pass    
 test-amd64-i386-xl-qemuu-winxpsp3                            pass    


------------------------------------------------------------
sg-report-flight on osstest.test-lab.xenproject.org
logs: /home/logs/logs
images: /home/logs/images

Logs, config files, etc. are available at
    http://logs.test-lab.xenproject.org/osstest/logs

Test harness code can be found at
    http://xenbits.xen.org/gitweb?p=osstest.git;a=summary


Pushing revision :

+ branch=linux-linus
+ revision=865d872280c848dc78b060088171724c3fb98bbb
+ . cri-lock-repos
++ . cri-common
+++ . cri-getconfig
+++ umask 002
+++ getconfig Repos
+++ perl -e '
                use Osstest;
                readglobalconfig();
                print $c{"Repos"} or die $!;
        '
++ repos=/home/osstest/repos
++ repos_lock=/home/osstest/repos/lock
++ '[' x '!=' x/home/osstest/repos/lock ']'
++ OSSTEST_REPOS_LOCK_LOCKED=/home/osstest/repos/lock
++ exec with-lock-ex -w /home/osstest/repos/lock ./ap-push linux-linus 
865d872280c848dc78b060088171724c3fb98bbb
+ branch=linux-linus
+ revision=865d872280c848dc78b060088171724c3fb98bbb
+ . cri-lock-repos
++ . cri-common
+++ . cri-getconfig
+++ umask 002
+++ getconfig Repos
+++ perl -e '
                use Osstest;
                readglobalconfig();
                print $c{"Repos"} or die $!;
        '
++ repos=/home/osstest/repos
++ repos_lock=/home/osstest/repos/lock
++ '[' x/home/osstest/repos/lock '!=' x/home/osstest/repos/lock ']'
+ . cri-common
++ . cri-getconfig
++ umask 002
+ select_xenbranch
+ case "$branch" in
+ tree=linux
+ xenbranch=xen-unstable
+ '[' xlinux = xlinux ']'
+ linuxbranch=linux-linus
+ '[' x = x ']'
+ qemuubranch=qemu-upstream-unstable
+ : tested/2.6.39.x
+ . ap-common
++ : osst...@xenbits.xen.org
+++ getconfig OsstestUpstream
+++ perl -e '
                use Osstest;
                readglobalconfig();
                print $c{"OsstestUpstream"} or die $!;
        '
++ :
++ : git://xenbits.xen.org/xen.git
++ : osst...@xenbits.xen.org:/home/xen/git/xen.git
++ : git://xenbits.xen.org/staging/qemu-xen-unstable.git
++ : git://git.kernel.org
++ : git://git.kernel.org/pub/scm/linux/kernel/git
++ : git
++ : git://xenbits.xen.org/libvirt.git
++ : osst...@xenbits.xen.org:/home/xen/git/libvirt.git
++ : git://xenbits.xen.org/libvirt.git
++ : git://xenbits.xen.org/rumpuser-xen.git
++ : git
++ : git://xenbits.xen.org/rumpuser-xen.git
++ : osst...@xenbits.xen.org:/home/xen/git/rumpuser-xen.git
+++ besteffort_repo https://github.com/rumpkernel/rumpkernel-netbsd-src
+++ local repo=https://github.com/rumpkernel/rumpkernel-netbsd-src
+++ cached_repo https://github.com/rumpkernel/rumpkernel-netbsd-src 
'[fetch=try]'
+++ local repo=https://github.com/rumpkernel/rumpkernel-netbsd-src
+++ local 'options=[fetch=try]'
++++ getconfig GitCacheProxy
++++ perl -e '
                use Osstest;
                readglobalconfig();
                print $c{"GitCacheProxy"} or die $!;
        '
+++ local cache=git://cache:9419/
+++ '[' xgit://cache:9419/ '!=' x ']'
+++ echo 
'git://cache:9419/https://github.com/rumpkernel/rumpkernel-netbsd-src%20[fetch=try]'
++ : 
'git://cache:9419/https://github.com/rumpkernel/rumpkernel-netbsd-src%20[fetch=try]'
++ : git
++ : git://git.seabios.org/seabios.git
++ : osst...@xenbits.xen.org:/home/xen/git/osstest/seabios.git
++ : git://xenbits.xen.org/osstest/seabios.git
++ : https://github.com/tianocore/edk2.git
++ : osst...@xenbits.xen.org:/home/xen/git/osstest/ovmf.git
++ : git://xenbits.xen.org/osstest/ovmf.git
++ : git://xenbits.xen.org/osstest/linux-firmware.git
++ : osst...@xenbits.xen.org:/home/osstest/ext/linux-firmware.git
++ : git://git.kernel.org/pub/scm/linux/kernel/git/firmware/linux-firmware.git
++ : osst...@xenbits.xen.org:/home/xen/git/linux-pvops.git
++ : git://xenbits.xen.org/linux-pvops.git
++ : tested/linux-3.14
++ : tested/linux-arm-xen
++ '[' xgit://git.kernel.org/pub/scm/linux/kernel/git/torvalds/linux-2.6.git = 
x ']'
++ '[' xgit://git.kernel.org/pub/scm/linux/kernel/git/torvalds/linux-2.6.git = 
x ']'
++ : git://git.kernel.org/pub/scm/linux/kernel/git/konrad/xen.git
++ : tested/2.6.39.x
++ : daily-cron.linux-linus
++ : daily-cron.linux-linus
++ : daily-cron.linux-linus
++ : daily-cron.linux-linus
++ : daily-cron.linux-linus
++ : daily-cron.linux-linus
++ : http://hg.uk.xensource.com/carbon/trunk/linux-2.6.27
++ : git://xenbits.xen.org/staging/qemu-upstream-unstable.git
++ : daily-cron.linux-linus
++ : git://git.qemu.org/qemu.git
++ : git://xenbits.xen.org/osstest/qemu.git
++ : osst...@xenbits.xen.org:/home/xen/git/osstest/qemu.git
++ : daily-cron.linux-linus
+ TREE_LINUX=osst...@xenbits.xen.org:/home/xen/git/linux-pvops.git
+ TREE_QEMU_MAINLINE=osst...@xenbits.xen.org:/home/xen/git/osstest/qemu.git
+ 
TREE_QEMU_UPSTREAM=osst...@xenbits.xen.org:/home/xen/git/qemu-upstream-unstable.git
+ TREE_XEN=osst...@xenbits.xen.org:/home/xen/git/xen.git
+ TREE_LIBVIRT=osst...@xenbits.xen.org:/home/xen/git/libvirt.git
+ TREE_RUMPUSERXEN=osst...@xenbits.xen.org:/home/xen/git/rumpuser-xen.git
+ TREE_SEABIOS=osst...@xenbits.xen.org:/home/xen/git/osstest/seabios.git
+ TREE_OVMF=osst...@xenbits.xen.org:/home/xen/git/osstest/ovmf.git
+ info_linux_tree linux-linus
+ case $1 in
+ : git://git.kernel.org/pub/scm/linux/kernel/git/torvalds/linux-2.6.git
+ : master
+ : git
+ : git
+ : git://xenbits.xen.org/linux-pvops.git
+ : osst...@xenbits.xen.org:/home/xen/git/linux-pvops.git
+ : tested/linux-linus
+ : refs/heads/tested/linux-linus
+ return 0
+ cd /home/osstest/repos/linux
+ git push osst...@xenbits.xen.org:/home/xen/git/linux-pvops.git 
865d872280c848dc78b060088171724c3fb98bbb:refs/heads/tested/linux-linus
To osst...@xenbits.xen.org:/home/xen/git/linux-pvops.git
   1113cdf..865d872  865d872280c848dc78b060088171724c3fb98bbb -> 
tested/linux-linus
+ exit 0

_______________________________________________
Xen-devel mailing list
Xen-devel@lists.xen.org
http://lists.xen.org/xen-devel

Reply via email to