flight 56717 rumpuserxen real [real] http://logs.test-lab.xenproject.org/osstest/logs/56717/
Regressions :-( Tests which did not succeed and are blocking, including tests which could not be run: build-amd64-rumpuserxen 5 rumpuserxen-build fail REGR. vs. 33866 build-i386-rumpuserxen 5 rumpuserxen-build fail REGR. vs. 33866 Tests which did not succeed, but are not blocking: test-amd64-i386-rumpuserxen-i386 1 build-check(1) blocked n/a test-amd64-amd64-rumpuserxen-amd64 1 build-check(1) blocked n/a version targeted for testing: rumpuserxen 3b91e44996ea6ae1276bce1cc44f38701c53ee6f baseline version: rumpuserxen 30d72f3fc5e35cd53afd82c8179cc0e0b11146ad ------------------------------------------------------------ People who touched revisions under test: Antti Kantee <po...@iki.fi> Ian Jackson <ian.jack...@eu.citrix.com> Martin Lucina <mar...@lucina.net> Wei Liu <l...@liuw.name> ------------------------------------------------------------ jobs: build-amd64-xsm pass build-i386-xsm pass build-amd64 pass build-i386 pass build-amd64-pvops pass build-i386-pvops pass build-amd64-rumpuserxen fail build-i386-rumpuserxen fail test-amd64-amd64-rumpuserxen-amd64 blocked test-amd64-i386-rumpuserxen-i386 blocked ------------------------------------------------------------ sg-report-flight on osstest.test-lab.xenproject.org logs: /home/osstest/pub/logs images: /home/osstest/pub/images Logs, config files, etc. are available at http://logs.test-lab.xenproject.org/osstest/logs Test harness code can be found at http://xenbits.xen.org/gitweb?p=osstest.git;a=summary Not pushing. (No revision log; it would be 535 lines long.) _______________________________________________ Xen-devel mailing list Xen-devel@lists.xen.org http://lists.xen.org/xen-devel