flight 56509 libvirt real [real] http://logs.test-lab.xenproject.org/osstest/logs/56509/
Regressions :-( Tests which did not succeed and are blocking, including tests which could not be run: test-amd64-amd64-libvirt 11 guest-start fail REGR. vs. 53854 test-amd64-i386-libvirt 11 guest-start fail REGR. vs. 53854 build-armhf-libvirt 5 libvirt-build fail REGR. vs. 53854 Tests which did not succeed, but are not blocking: test-armhf-armhf-libvirt-xsm 1 build-check(1) blocked n/a test-armhf-armhf-libvirt 1 build-check(1) blocked n/a test-amd64-i386-libvirt-xsm 11 guest-start fail never pass test-amd64-amd64-libvirt-xsm 11 guest-start fail never pass version targeted for testing: libvirt 99a42f3c0fd77ab9bd596bd107f924a455564dde baseline version: libvirt fd74e231751334b64af0934b680c5cc62f652453 ------------------------------------------------------------ People who touched revisions under test: Andrea Bolognani <abolo...@redhat.com> Cole Robinson <crobi...@redhat.com> Jim Fehlig <jfeh...@suse.com> Jiri Denemark <jdene...@redhat.com> John Ferlan <jfer...@redhat.com> Ján Tomko <jto...@redhat.com> Laine Stump <la...@laine.org> Luyao Huang <lhu...@redhat.com> Martin Kletzander <mklet...@redhat.com> Michal Privoznik <mpriv...@redhat.com> Nikolay Shirokovskiy <nshirokovs...@parallels.com> Pavel Hrdina <phrd...@redhat.com> Peter Krempa <pkre...@redhat.com> Richard W.M. Jones <rjo...@redhat.com> Roman Bogorodskiy <bogorods...@gmail.com> Wang Yufei <james.wangyu...@huawei.com> Zhang Bo <oscar.zhan...@huawei.com> ------------------------------------------------------------ jobs: build-amd64-xsm pass build-armhf-xsm pass build-i386-xsm pass build-amd64 pass build-armhf pass build-i386 pass build-amd64-libvirt pass build-armhf-libvirt fail build-i386-libvirt pass build-amd64-pvops pass build-armhf-pvops pass build-i386-pvops pass test-amd64-amd64-libvirt-xsm fail test-armhf-armhf-libvirt-xsm blocked test-amd64-i386-libvirt-xsm fail test-amd64-amd64-libvirt fail test-armhf-armhf-libvirt blocked test-amd64-i386-libvirt fail ------------------------------------------------------------ sg-report-flight on osstest.test-lab.xenproject.org logs: /home/osstest/pub/logs images: /home/osstest/pub/images Logs, config files, etc. are available at http://logs.test-lab.xenproject.org/osstest/logs Test harness code can be found at http://xenbits.xen.org/gitweb?p=osstest.git;a=summary Not pushing. (No revision log; it would be 802 lines long.)
_______________________________________________ Xen-devel mailing list Xen-devel@lists.xen.org http://lists.xen.org/xen-devel