flight 55418 qemu-mainline real [real]
http://logs.test-lab.xenproject.org/osstest/logs/55418/

Regressions :-(

Tests which did not succeed and are blocking,
including tests which could not be run:
 test-armhf-armhf-xl-credit2  15 guest-start/debian.repeat fail REGR. vs. 55331

Regressions which are regarded as allowable (not blocking):
 test-amd64-i386-freebsd10-i386 15 guest-localmigrate.2   fail blocked in 55331
 test-amd64-i386-freebsd10-amd64 13 guest-localmigrate          fail like 55331
 test-amd64-i386-libvirt      11 guest-start                  fail   like 55331

Tests which did not succeed, but are not blocking:
 test-amd64-amd64-xl-pvh-intel 11 guest-start                  fail  never pass
 test-amd64-amd64-xl-xsm      11 guest-start                  fail   never pass
 test-amd64-i386-libvirt-xsm  11 guest-start                  fail   never pass
 test-amd64-amd64-xl-pvh-amd  11 guest-start                  fail   never pass
 test-amd64-i386-xl-qemuu-debianhvm-amd64-xsm 9 debian-hvm-install fail never 
pass
 test-amd64-amd64-xl-qemuu-debianhvm-amd64-xsm 9 debian-hvm-install fail never 
pass
 test-amd64-amd64-libvirt-xsm 11 guest-start                  fail   never pass
 test-amd64-i386-xl-xsm       11 guest-start                  fail   never pass
 test-armhf-armhf-xl-xsm       6 xen-boot                     fail   never pass
 test-armhf-armhf-libvirt-xsm  6 xen-boot                     fail   never pass
 test-amd64-amd64-libvirt     12 migrate-support-check        fail   never pass
 test-armhf-armhf-xl-arndale  12 migrate-support-check        fail   never pass
 test-amd64-i386-xl-qemuu-winxpsp3-vcpus1 16 guest-stop         fail never pass
 test-armhf-armhf-xl-cubietruck 12 migrate-support-check        fail never pass
 test-armhf-armhf-xl-multivcpu 12 migrate-support-check        fail  never pass
 test-armhf-armhf-xl-credit2  12 migrate-support-check        fail   never pass
 test-armhf-armhf-xl-sedf-pin 12 migrate-support-check        fail   never pass
 test-amd64-i386-xl-qemuu-winxpsp3 16 guest-stop                fail never pass
 test-armhf-armhf-libvirt     12 migrate-support-check        fail   never pass
 test-armhf-armhf-xl-sedf     12 migrate-support-check        fail   never pass
 test-armhf-armhf-xl          12 migrate-support-check        fail   never pass
 test-amd64-amd64-xl-qemuu-winxpsp3 16 guest-stop               fail never pass
 test-amd64-amd64-xl-qemuu-win7-amd64 16 guest-stop             fail never pass
 test-amd64-i386-xl-qemuu-win7-amd64 16 guest-stop              fail never pass

version targeted for testing:
 qemuu                968bb75c348a401b85e08d5eb1887a3e6c3185f5
baseline version:
 qemuu                266745cacb848d7cd0ae8889ae262e8718ace4d4

------------------------------------------------------------
People who touched revisions under test:
  Adrian Huang <adrianhuang0...@gmail.com>
  Alvise Rigo <a.r...@virtualopensystems.com>
  Cornelia Huck <cornelia.h...@de.ibm.com>
  David Ahern <dsah...@gmail.com>
  Eduardo Habkost <ehabk...@redhat.com>
  Eric Blake <ebl...@redhat.com>
  Fabian Aggeler <aggel...@ethz.ch>
  Gal Hammer <gham...@redhat.com>
  Greg Bellows <greg.bell...@linaro.org>
  Jason Wang <jasow...@redhat.com>
  Jiri Pirko <j...@resnulli.us>
  John Snow <js...@redhat.com>
  Kashyap Chamarthy <kcham...@redhat.com>
  Luiz Capitulino <lcapitul...@redhat.com>
  Luke Gorrie <l...@snabb.co>
  Markus Armbruster <arm...@redhat.com>
  Michael S. Tsirkin <m...@redhat.com>
  Peter Maydell <peter.mayd...@linaro.org>
  Scott Feldman <sfel...@gmail.com>
  Shannon Zhao <shannon.z...@linaro.org>
  Shannon Zhao <zhaoshengl...@huawei.com>
  Stefan Hajnoczi <stefa...@redhat.com>
  Tang Chen <tangc...@cn.fujitsu.com>
  Thomas Huth <th...@redhat.com>
  Zhu Guihua <zhugh.f...@cn.fujitsu.com>
------------------------------------------------------------

jobs:
 build-amd64-xsm                                              pass    
 build-armhf-xsm                                              pass    
 build-i386-xsm                                               pass    
 build-amd64                                                  pass    
 build-armhf                                                  pass    
 build-i386                                                   pass    
 build-amd64-libvirt                                          pass    
 build-armhf-libvirt                                          pass    
 build-i386-libvirt                                           pass    
 build-amd64-pvops                                            pass    
 build-armhf-pvops                                            pass    
 build-i386-pvops                                             pass    
 test-amd64-amd64-xl                                          pass    
 test-armhf-armhf-xl                                          pass    
 test-amd64-i386-xl                                           pass    
 test-amd64-amd64-xl-qemuu-debianhvm-amd64-xsm                fail    
 test-amd64-i386-xl-qemuu-debianhvm-amd64-xsm                 fail    
 test-amd64-amd64-libvirt-xsm                                 fail    
 test-armhf-armhf-libvirt-xsm                                 fail    
 test-amd64-i386-libvirt-xsm                                  fail    
 test-amd64-amd64-xl-xsm                                      fail    
 test-armhf-armhf-xl-xsm                                      fail    
 test-amd64-i386-xl-xsm                                       fail    
 test-amd64-amd64-xl-pvh-amd                                  fail    
 test-amd64-i386-qemuu-rhel6hvm-amd                           pass    
 test-amd64-amd64-xl-qemuu-debianhvm-amd64                    pass    
 test-amd64-i386-xl-qemuu-debianhvm-amd64                     pass    
 test-amd64-i386-freebsd10-amd64                              fail    
 test-amd64-amd64-xl-qemuu-ovmf-amd64                         pass    
 test-amd64-i386-xl-qemuu-ovmf-amd64                          pass    
 test-amd64-amd64-xl-qemuu-win7-amd64                         fail    
 test-amd64-i386-xl-qemuu-win7-amd64                          fail    
 test-armhf-armhf-xl-arndale                                  pass    
 test-amd64-amd64-xl-credit2                                  pass    
 test-armhf-armhf-xl-credit2                                  fail    
 test-armhf-armhf-xl-cubietruck                               pass    
 test-amd64-i386-freebsd10-i386                               fail    
 test-amd64-amd64-xl-pvh-intel                                fail    
 test-amd64-i386-qemuu-rhel6hvm-intel                         pass    
 test-amd64-amd64-libvirt                                     pass    
 test-armhf-armhf-libvirt                                     pass    
 test-amd64-i386-libvirt                                      fail    
 test-amd64-amd64-xl-multivcpu                                pass    
 test-armhf-armhf-xl-multivcpu                                pass    
 test-amd64-amd64-pair                                        pass    
 test-amd64-i386-pair                                         pass    
 test-amd64-amd64-xl-sedf-pin                                 pass    
 test-armhf-armhf-xl-sedf-pin                                 pass    
 test-amd64-amd64-xl-sedf                                     pass    
 test-armhf-armhf-xl-sedf                                     pass    
 test-amd64-i386-xl-qemuu-winxpsp3-vcpus1                     fail    
 test-amd64-amd64-xl-qemuu-winxpsp3                           fail    
 test-amd64-i386-xl-qemuu-winxpsp3                            fail    


------------------------------------------------------------
sg-report-flight on osstest.test-lab.xenproject.org
logs: /home/osstest/pub/logs
images: /home/osstest/pub/images

Logs, config files, etc. are available at
    http://logs.test-lab.xenproject.org/osstest/logs

Test harness code can be found at
    http://xenbits.xen.org/gitweb?p=osstest.git;a=summary


Not pushing.

(No revision log; it would be 1421 lines long.)

_______________________________________________
Xen-devel mailing list
Xen-devel@lists.xen.org
http://lists.xen.org/xen-devel

Reply via email to