flight 53811 qemu-mainline real [real] http://logs.test-lab.xenproject.org/osstest/logs/53811/
Regressions :-( Tests which did not succeed and are blocking, including tests which could not be run: test-amd64-i386-freebsd10-amd64 13 guest-localmigrate fail REGR. vs. 50391 Regressions which are regarded as allowable (not blocking): test-amd64-i386-freebsd10-i386 13 guest-localmigrate fail like 50391 test-armhf-armhf-libvirt 11 guest-start fail like 50391 Tests which did not succeed, but are not blocking: test-amd64-amd64-xl-qemuu-debianhvm-amd64-xsm 9 debian-hvm-install fail never pass test-amd64-i386-xl-qemuu-debianhvm-amd64-xsm 9 debian-hvm-install fail never pass test-amd64-amd64-xl-pvh-intel 11 guest-start fail never pass test-amd64-amd64-xl-xsm 11 guest-start fail never pass test-amd64-i386-libvirt-xsm 11 guest-start fail never pass test-amd64-amd64-xl-pvh-amd 11 guest-start fail never pass test-amd64-i386-xl-xsm 11 guest-start fail never pass test-amd64-amd64-libvirt-xsm 11 guest-start fail never pass test-armhf-armhf-xl-xsm 6 xen-boot fail never pass test-amd64-amd64-libvirt 12 migrate-support-check fail never pass test-armhf-armhf-libvirt-xsm 6 xen-boot fail never pass test-armhf-armhf-xl-arndale 12 migrate-support-check fail never pass test-amd64-i386-libvirt 12 migrate-support-check fail never pass test-armhf-armhf-xl-cubietruck 12 migrate-support-check fail never pass test-armhf-armhf-xl-multivcpu 12 migrate-support-check fail never pass test-amd64-i386-xl-qemuu-winxpsp3-vcpus1 16 guest-stop fail never pass test-armhf-armhf-xl-credit2 12 migrate-support-check fail never pass test-armhf-armhf-xl 12 migrate-support-check fail never pass test-armhf-armhf-xl-sedf-pin 12 migrate-support-check fail never pass test-amd64-i386-xl-qemuu-winxpsp3 16 guest-stop fail never pass test-armhf-armhf-xl-sedf 12 migrate-support-check fail never pass test-amd64-amd64-xl-qemuu-winxpsp3 16 guest-stop fail never pass test-amd64-amd64-xl-qemuu-win7-amd64 16 guest-stop fail never pass test-amd64-i386-xl-qemuu-win7-amd64 16 guest-stop fail never pass version targeted for testing: qemuu 38003aee196a96edccd4d64471beb1b67e9b2b17 baseline version: qemuu 58c24a4775ef7ccf16cfcd695753dfdf149fe29d ------------------------------------------------------------ People who touched revisions under test: Alberto Garcia <be...@igalia.com> Alex Williamson <alex.william...@redhat.com> Alexander Yarygin <yary...@linux.vnet.ibm.com> Andreas Färber <afaer...@suse.de> Bastian Koppelmann <kbast...@mail.uni-paderborn.de> Bogdan Purcareata <bogdan.purcare...@freescale.com> Chih-Min Chao <cmc...@gmail.com> Christian Borntraeger <borntrae...@de.ibm.com> Cornelia Huck <cornelia.h...@de.ibm.com> Daniel Stekloff <d...@wendan.org> Dirk Mueller <dmuel...@suse.com> Dirk Müller <d...@dmllr.de> Ed Maste <ema...@freebsd.org> Edgar E. Iglesias <edgar.igles...@xilinx.com> Eduardo Habkost <ehabk...@redhat.com> Ekaterina Tumanova <tuman...@linux.vnet.ibm.com> Emilio G. Cota <c...@braap.org> Eric Blake <ebl...@redhat.com> Fam Zheng <f...@redhat.com> Gabriel L. Somlo <so...@cmu.edu> Gabriel Somlo <so...@cmu.edu> Gerd Hoffmann <kra...@redhat.com> Gonglei <arei.gong...@huawei.com> Greg Bellows <greg.bell...@linaro.org> Hervé Poussineau <hpous...@reactos.org> Jan Kiszka <jan.kis...@siemens.com> Jeff Cody <jc...@redhat.com> John Snow <js...@redhat.com> Jordan Justen <jordan.l.jus...@intel.com> Kashyap Chamarthy <kcham...@redhat.com> Keith Busch <keith.bu...@intel.com> Kevin Wolf <kw...@redhat.com> Laszlo Ersek <ler...@redhat.com> Leon Alrae <leon.al...@imgtec.com> Luiz Capitulino <lcapitul...@redhat.com> Marc-André Lureau <marcandre.lur...@gmail.com> Mark Cave-Ayland <mark.cave-ayl...@ilande.co.uk> Markus Armbruster <arm...@redhat.com> Max Reitz <mre...@redhat.com> Michael S. Tsirkin <m...@redhat.com> Michael Tokarev <m...@tls.msk.ru> Nadav Amit <na...@cs.technion.ac.il> Paolo Bonzini <pbonz...@redhat.com> Peter Crosthwaite <crosthwaite.pe...@gmail.com> Peter Crosthwaite <crosthwaitepe...@gmail.com> Peter Crosthwaite <peter.crosthwa...@xilinx.com> Peter Lieven <p...@kamp.de> Peter Maydell <peter.mayd...@linaro.org> Richard Henderson <r...@twiddle.net> Sergey Fedorov <serge.f...@gmail.com> Stefan Berger <stef...@linux.vnet.ibm.com> Stefan Hajnoczi <stefa...@redhat.com> Stefan Weil <s...@weilnetz.de> Thomas Huth <th...@linux.vnet.ibm.com> Thomas Huth <th...@redhat.com> Wei Liu <wei.l...@citrix.com> Yi Wang <up2w...@gmail.com> ------------------------------------------------------------ jobs: build-amd64-xsm pass build-armhf-xsm pass build-i386-xsm pass build-amd64 pass build-armhf pass build-i386 pass build-amd64-libvirt pass build-armhf-libvirt pass build-i386-libvirt pass build-amd64-pvops pass build-armhf-pvops pass build-i386-pvops pass test-amd64-amd64-xl pass test-armhf-armhf-xl pass test-amd64-i386-xl pass test-amd64-amd64-xl-qemuu-debianhvm-amd64-xsm fail test-amd64-i386-xl-qemuu-debianhvm-amd64-xsm fail test-amd64-amd64-libvirt-xsm fail test-armhf-armhf-libvirt-xsm fail test-amd64-i386-libvirt-xsm fail test-amd64-amd64-xl-xsm fail test-armhf-armhf-xl-xsm fail test-amd64-i386-xl-xsm fail test-amd64-amd64-xl-pvh-amd fail test-amd64-i386-qemuu-rhel6hvm-amd pass test-amd64-amd64-xl-qemuu-debianhvm-amd64 pass test-amd64-i386-xl-qemuu-debianhvm-amd64 pass test-amd64-i386-freebsd10-amd64 fail test-amd64-amd64-xl-qemuu-ovmf-amd64 pass test-amd64-i386-xl-qemuu-ovmf-amd64 pass test-amd64-amd64-xl-qemuu-win7-amd64 fail test-amd64-i386-xl-qemuu-win7-amd64 fail test-armhf-armhf-xl-arndale pass test-amd64-amd64-xl-credit2 pass test-armhf-armhf-xl-credit2 pass test-armhf-armhf-xl-cubietruck pass test-amd64-i386-freebsd10-i386 fail test-amd64-amd64-xl-pvh-intel fail test-amd64-i386-qemuu-rhel6hvm-intel pass test-amd64-amd64-libvirt pass test-armhf-armhf-libvirt fail test-amd64-i386-libvirt pass test-amd64-amd64-xl-multivcpu pass test-armhf-armhf-xl-multivcpu pass test-amd64-amd64-pair pass test-amd64-i386-pair pass test-amd64-amd64-xl-sedf-pin pass test-armhf-armhf-xl-sedf-pin pass test-amd64-amd64-xl-sedf pass test-armhf-armhf-xl-sedf pass test-amd64-i386-xl-qemuu-winxpsp3-vcpus1 fail test-amd64-amd64-xl-qemuu-winxpsp3 fail test-amd64-i386-xl-qemuu-winxpsp3 fail ------------------------------------------------------------ sg-report-flight on osstest.test-lab.xenproject.org logs: /home/osstest/pub/logs images: /home/osstest/pub/images Logs, config files, etc. are available at http://logs.test-lab.xenproject.org/osstest/logs Test harness code can be found at http://xenbits.xen.org/gitweb?p=osstest.git;a=summary Not pushing. (No revision log; it would be 5241 lines long.)
_______________________________________________ Xen-devel mailing list Xen-devel@lists.xen.org http://lists.xen.org/xen-devel