flight 53749 libvirt real [real] http://logs.test-lab.xenproject.org/osstest/logs/53749/
Regressions :-( Tests which did not succeed and are blocking, including tests which could not be run: test-amd64-amd64-libvirt 6 xen-boot fail REGR. vs. 53021 test-armhf-armhf-libvirt 11 guest-start fail REGR. vs. 53021 Tests which did not succeed, but are not blocking: test-amd64-i386-libvirt-xsm 11 guest-start fail never pass test-amd64-amd64-libvirt-xsm 11 guest-start fail never pass test-armhf-armhf-libvirt-xsm 6 xen-boot fail never pass test-amd64-i386-libvirt 12 migrate-support-check fail never pass version targeted for testing: libvirt 21e8fc36c6e74120fb9edfcd5d15b13bbf365263 baseline version: libvirt 63a368012df8009023dc63b2b2a58f1ca2668f97 ------------------------------------------------------------ People who touched revisions under test: Andrea Bolognani <abolo...@redhat.com> Boris Fiuczynski <fiu...@linux.vnet.ibm.com> Cole Robinson <crobi...@redhat.com> Daniel Veillard <veill...@redhat.com> Jim Fehlig <jfeh...@suse.com> Jiri Denemark <jdene...@redhat.com> John Ferlan <jfer...@redhat.com> Lubomir Rintel <lkund...@v3.sk> Luyao Huang <lhu...@redhat.com> Marc-André Lureau <marcandre.lur...@gmail.com> Michal Privoznik <mpriv...@redhat.com> Pavel Hrdina <phrd...@redhat.com> ------------------------------------------------------------ jobs: build-amd64-xsm pass build-armhf-xsm pass build-i386-xsm pass build-amd64 pass build-armhf pass build-i386 pass build-amd64-libvirt pass build-armhf-libvirt pass build-i386-libvirt pass build-amd64-pvops pass build-armhf-pvops pass build-i386-pvops pass test-amd64-amd64-libvirt-xsm fail test-armhf-armhf-libvirt-xsm fail test-amd64-i386-libvirt-xsm fail test-amd64-amd64-libvirt fail test-armhf-armhf-libvirt fail test-amd64-i386-libvirt pass ------------------------------------------------------------ sg-report-flight on osstest.test-lab.xenproject.org logs: /home/osstest/pub/logs images: /home/osstest/pub/images Logs, config files, etc. are available at http://logs.test-lab.xenproject.org/osstest/logs Test harness code can be found at http://xenbits.xen.org/gitweb?p=osstest.git;a=summary Not pushing. (No revision log; it would be 532 lines long.)
_______________________________________________ Xen-devel mailing list Xen-devel@lists.xen.org http://lists.xen.org/xen-devel