flight 52703 libvirt real [real] http://logs.test-lab.xenproject.org/osstest/logs/52703/
Regressions :-( Tests which did not succeed and are blocking, including tests which could not be run: test-armhf-armhf-libvirt 11 guest-start fail REGR. vs. 50368 Tests which did not succeed, but are not blocking: test-amd64-i386-libvirt-xsm 11 guest-start fail never pass test-amd64-amd64-libvirt-xsm 11 guest-start fail never pass test-amd64-amd64-libvirt 12 migrate-support-check fail never pass test-armhf-armhf-libvirt-xsm 6 xen-boot fail never pass test-amd64-i386-libvirt 12 migrate-support-check fail never pass version targeted for testing: libvirt dcbedfa67229b5ef6c203c385bf9813f85ac8180 baseline version: libvirt 225aa80246d5e4a9e3a16ebd4c482525045da3db ------------------------------------------------------------ People who touched revisions under test: Alexander Burluka <aburl...@parallels.com> Andrea Bolognani <abolo...@redhat.com> Chunyan Liu <cy...@suse.com> Cole Robinson <crobi...@redhat.com> Cédric Bosdonnat <cbosdon...@suse.com> Daniel P. Berrange <berra...@redhat.com> Dawid Zamirski <dzamir...@datto.com> Dmitry Guryanov <dgurya...@parallels.com> Eric Blake <ebl...@redhat.com> Erik Skultety <eskul...@redhat.com> Huanle Han <hanxue...@gmail.com> Jim Fehlig <jfeh...@suse.com> Jiri Denemark <jdene...@redhat.com> John Ferlan <jfer...@redhat.com> Ján Tomko <jto...@redhat.com> Laine Stump <la...@laine.org> Lubomir Rintel <lkund...@v3.sk> Luyao Huang <lhu...@redhat.com> Martin Kletzander <mklet...@redhat.com> Maxim Nestratov <mnestra...@parallels.com> Maxim Nestratov mnestra...@parallels.com Michael Chapman <m...@very.puzzling.org> Michal Privoznik <mpriv...@redhat.com> Nikolay Shirokovskiy <nshirokovs...@parallels.com> Olaf Hering <o...@aepfle.de> Pavel Fedin <p.fe...@samsung.com> Pavel Hrdina <phrd...@redhat.com> Peter Krempa <pkre...@redhat.com> Richard W. M. Jones <rjo...@redhat.com> Richard W.M. Jones <rjo...@redhat.com> Roman Bogorodskiy <bogorods...@gmail.com> Serge Hallyn <serge.hal...@ubuntu.com> Shanzhi Yu <s...@redhat.com> Wang Yufei <james.wangyu...@huawei.com> Xing Lin <xing...@cs.utah.edu> YueWenyuan <yueweny...@huawei.com> Zhang Bo <oscar.zhan...@huawei.com> ------------------------------------------------------------ jobs: build-amd64-xsm pass build-armhf-xsm pass build-i386-xsm pass build-amd64 pass build-armhf pass build-i386 pass build-amd64-libvirt pass build-armhf-libvirt pass build-i386-libvirt pass build-amd64-pvops pass build-armhf-pvops pass build-i386-pvops pass test-amd64-amd64-libvirt-xsm fail test-armhf-armhf-libvirt-xsm fail test-amd64-i386-libvirt-xsm fail test-amd64-amd64-libvirt pass test-armhf-armhf-libvirt fail test-amd64-i386-libvirt pass ------------------------------------------------------------ sg-report-flight on osstest.test-lab.xenproject.org logs: /home/osstest/pub/logs images: /home/osstest/pub/images Logs, config files, etc. are available at http://logs.test-lab.xenproject.org/osstest/logs Test harness code can be found at http://xenbits.xen.org/gitweb?p=osstest.git;a=summary Not pushing. (No revision log; it would be 3967 lines long.)
_______________________________________________ Xen-devel mailing list Xen-devel@lists.xen.org http://lists.xen.org/xen-devel