flight 52627 ovmf real [real] http://logs.test-lab.xenproject.org/osstest/logs/52627/
Regressions :-( Tests which did not succeed and are blocking, including tests which could not be run: test-amd64-i386-freebsd10-amd64 13 guest-localmigrate fail REGR. vs. 36764 build-amd64-pvops 5 kernel-build fail REGR. vs. 36764 Regressions which are regarded as allowable (not blocking): test-amd64-i386-pair 21 guest-migrate/src_host/dst_host fail like 36764 Tests which did not succeed, but are not blocking: test-amd64-amd64-libvirt 1 build-check(1) blocked n/a test-amd64-amd64-libvirt-xsm 1 build-check(1) blocked n/a test-amd64-amd64-pair 1 build-check(1) blocked n/a test-amd64-amd64-xl-qemuu-debianhvm-amd64 1 build-check(1) blocked n/a test-amd64-amd64-xl-xsm 1 build-check(1) blocked n/a test-amd64-amd64-xl-sedf 1 build-check(1) blocked n/a test-amd64-amd64-xl-qemuu-winxpsp3 1 build-check(1) blocked n/a test-amd64-amd64-xl-qemut-win7-amd64 1 build-check(1) blocked n/a test-amd64-amd64-xl-qemuu-ovmf-amd64 1 build-check(1) blocked n/a test-amd64-amd64-xl-sedf-pin 1 build-check(1) blocked n/a test-amd64-amd64-xl-qemuu-debianhvm-amd64-xsm 1 build-check(1) blocked n/a test-amd64-amd64-xl-pvh-intel 1 build-check(1) blocked n/a test-amd64-amd64-xl-qemut-winxpsp3 1 build-check(1) blocked n/a test-amd64-amd64-xl-winxpsp3 1 build-check(1) blocked n/a test-amd64-amd64-xl-win7-amd64 1 build-check(1) blocked n/a test-amd64-amd64-xl-qemuu-win7-amd64 1 build-check(1) blocked n/a test-amd64-amd64-xl-qemut-debianhvm-amd64 1 build-check(1) blocked n/a test-amd64-amd64-xl-qemut-debianhvm-amd64-xsm 1 build-check(1) blocked n/a test-amd64-amd64-xl-credit2 1 build-check(1) blocked n/a test-amd64-amd64-xl-multivcpu 1 build-check(1) blocked n/a test-amd64-amd64-xl-pvh-amd 1 build-check(1) blocked n/a test-amd64-amd64-xl 1 build-check(1) blocked n/a test-amd64-i386-xl-xsm 11 guest-start fail never pass test-amd64-i386-xl-qemut-debianhvm-amd64-xsm 9 debian-hvm-install fail never pass test-amd64-i386-xl-qemuu-debianhvm-amd64-xsm 9 debian-hvm-install fail never pass test-amd64-i386-libvirt-xsm 11 guest-start fail never pass test-amd64-i386-libvirt 12 migrate-support-check fail never pass test-amd64-i386-xl-qemuu-win7-amd64 16 guest-stop fail never pass test-amd64-i386-xl-qemut-winxpsp3-vcpus1 16 guest-stop fail never pass test-amd64-i386-xl-qemuu-winxpsp3-vcpus1 16 guest-stop fail never pass test-amd64-i386-xl-qemut-win7-amd64 16 guest-stop fail never pass test-amd64-i386-xl-win7-amd64 16 guest-stop fail never pass test-amd64-i386-xl-qemuu-winxpsp3 16 guest-stop fail never pass test-amd64-i386-xl-winxpsp3-vcpus1 16 guest-stop fail never pass test-amd64-i386-xl-qemut-winxpsp3 16 guest-stop fail never pass test-amd64-i386-xl-winxpsp3 16 guest-stop fail never pass version targeted for testing: ovmf a9ec6d6592896e6caf72e1d383980c8703b98926 baseline version: ovmf 785d183b4eae6ac2749d1ffdc1b67facf92610e6 ------------------------------------------------------------ People who touched revisions under test: "Bob Feng" <bob.c.f...@intel.com> "Chen, Hesheng" <hesheng.c...@intel.com> "Yao, Jiewen" <jiewen....@intel.com> Ard Biesheuvel <ard.biesheu...@linaro.org> BALATON Zoltan <bala...@eik.bme.hu> Bob Feng <bob.c.f...@intel.com> Chen, Hesheng <hesheng.c...@intel.com> David Wei <david....@intel.com> David Woodhouse <david.woodho...@intel.com> Elvin Li <elvin...@intel.com> Eric Dong <eric.d...@intel.com> Felix Polyudov <fel...@ami.com> Feng Tian <feng.t...@intel.com> Fu Siyuan <siyuan...@intel.com> Gabriel Somlo <so...@cmu.edu> Hao Wu <hao.a...@intel.com> Hot Tian <hot.t...@intel.com> Jaben Carsey <jaben.car...@intel.com> Jeff Fan <jeff....@intel.com> Jordan Justen <jordan.l.jus...@intel.com> Laszlo Ersek <ler...@redhat.com> laurie0131 <laurie.jarlst...@intel.com> lhauch <larry.ha...@intel.com> Liming Gao <liming....@intel.com> Maurice Ma <maurice...@intel.com> Michael Kinney <michael.d.kin...@intel.com> Olivier Martin <olivier.mar...@arm.com> Prince Agyeman <prince.agye...@intel.com> Qiu Shumin <shumin....@intel.com> Ronald Cron <ronald.c...@arm.com> Scott Duplichan <sc...@notabs.org> Shifei Lu <shifeix.a...@intel.com> Shumin Qiu <shumin....@intel.com> Star Zeng <star.z...@intel.com> Tapan Shah <tapands...@hp.com> Tim He <tim...@intel.com> Yao, Jiewen <jiewen....@intel.com> ------------------------------------------------------------ jobs: build-amd64-xsm pass build-i386-xsm pass build-amd64 pass build-i386 pass build-amd64-libvirt pass build-i386-libvirt pass build-amd64-pvops fail build-i386-pvops pass test-amd64-amd64-xl blocked test-amd64-i386-xl pass test-amd64-amd64-xl-qemut-debianhvm-amd64-xsm blocked test-amd64-i386-xl-qemut-debianhvm-amd64-xsm fail test-amd64-amd64-xl-qemuu-debianhvm-amd64-xsm blocked test-amd64-i386-xl-qemuu-debianhvm-amd64-xsm fail test-amd64-amd64-libvirt-xsm blocked test-amd64-i386-libvirt-xsm fail test-amd64-amd64-xl-xsm blocked test-amd64-i386-xl-xsm fail test-amd64-amd64-xl-pvh-amd blocked test-amd64-i386-rhel6hvm-amd pass test-amd64-i386-qemut-rhel6hvm-amd pass test-amd64-i386-qemuu-rhel6hvm-amd pass test-amd64-amd64-xl-qemut-debianhvm-amd64 blocked test-amd64-i386-xl-qemut-debianhvm-amd64 pass test-amd64-amd64-xl-qemuu-debianhvm-amd64 blocked test-amd64-i386-xl-qemuu-debianhvm-amd64 pass test-amd64-i386-freebsd10-amd64 fail test-amd64-amd64-xl-qemuu-ovmf-amd64 blocked test-amd64-i386-xl-qemuu-ovmf-amd64 pass test-amd64-amd64-xl-qemut-win7-amd64 blocked test-amd64-i386-xl-qemut-win7-amd64 fail test-amd64-amd64-xl-qemuu-win7-amd64 blocked test-amd64-i386-xl-qemuu-win7-amd64 fail test-amd64-amd64-xl-win7-amd64 blocked test-amd64-i386-xl-win7-amd64 fail test-amd64-amd64-xl-credit2 blocked test-amd64-i386-freebsd10-i386 pass test-amd64-amd64-xl-pvh-intel blocked test-amd64-i386-rhel6hvm-intel pass test-amd64-i386-qemut-rhel6hvm-intel pass test-amd64-i386-qemuu-rhel6hvm-intel pass test-amd64-amd64-libvirt blocked test-amd64-i386-libvirt pass test-amd64-amd64-xl-multivcpu blocked test-amd64-amd64-pair blocked test-amd64-i386-pair fail test-amd64-amd64-xl-sedf-pin blocked test-amd64-amd64-xl-sedf blocked test-amd64-i386-xl-qemut-winxpsp3-vcpus1 fail test-amd64-i386-xl-qemuu-winxpsp3-vcpus1 fail test-amd64-i386-xl-winxpsp3-vcpus1 fail test-amd64-amd64-xl-qemut-winxpsp3 blocked test-amd64-i386-xl-qemut-winxpsp3 fail test-amd64-amd64-xl-qemuu-winxpsp3 blocked test-amd64-i386-xl-qemuu-winxpsp3 fail test-amd64-amd64-xl-winxpsp3 blocked test-amd64-i386-xl-winxpsp3 fail ------------------------------------------------------------ sg-report-flight on osstest.test-lab.xenproject.org logs: /home/osstest/pub/logs images: /home/osstest/pub/images Logs, config files, etc. are available at http://logs.test-lab.xenproject.org/osstest/logs Test harness code can be found at http://xenbits.xen.org/gitweb?p=osstest.git;a=summary Not pushing. (No revision log; it would be 2058 lines long.) _______________________________________________ Xen-devel mailing list Xen-devel@lists.xen.org http://lists.xen.org/xen-devel