flight 50442 libvirt real [real] http://logs.test-lab.xenproject.org/osstest/logs/50442/
Failures and problems with tests :-( Tests which did not succeed and are blocking, including tests which could not be run: build-i386-xsm 3 host-install(3) broken REGR. vs. 50368 test-amd64-amd64-libvirt-xsm 3 host-install(3) broken REGR. vs. 50368 build-i386-libvirt 3 host-install(3) broken REGR. vs. 50368 Tests which did not succeed, but are not blocking: test-amd64-i386-libvirt-xsm 1 build-check(1) blocked n/a test-amd64-i386-libvirt 1 build-check(1) blocked n/a test-armhf-armhf-libvirt-xsm 6 xen-boot fail never pass test-amd64-amd64-libvirt 12 migrate-support-check fail never pass test-armhf-armhf-libvirt 12 migrate-support-check fail never pass version targeted for testing: libvirt 9289c85841659ba00bdc747748eb54ca8991d3a0 baseline version: libvirt 225aa80246d5e4a9e3a16ebd4c482525045da3db ------------------------------------------------------------ People who touched revisions under test: Alexander Burluka <aburl...@parallels.com> Andrea Bolognani <abolo...@redhat.com> Cédric Bosdonnat <cbosdon...@suse.com> Dawid Zamirski <dzamir...@datto.com> Dmitry Guryanov <dgurya...@parallels.com> Eric Blake <ebl...@redhat.com> Erik Skultety <eskul...@redhat.com> Huanle Han <hanxue...@gmail.com> Jiri Denemark <jdene...@redhat.com> John Ferlan <jfer...@redhat.com> Ján Tomko <jto...@redhat.com> Lubomir Rintel <lkund...@v3.sk> Luyao Huang <lhu...@redhat.com> Martin Kletzander <mklet...@redhat.com> Maxim Nestratov <mnestra...@parallels.com> Michael Chapman <m...@very.puzzling.org> Michal Privoznik <mpriv...@redhat.com> Pavel Hrdina <phrd...@redhat.com> Peter Krempa <pkre...@redhat.com> Richard W. M. Jones <rjo...@redhat.com> Serge Hallyn <serge.hal...@ubuntu.com> Shanzhi Yu <s...@redhat.com> Xing Lin <xing...@cs.utah.edu> ------------------------------------------------------------ jobs: build-amd64-xsm pass build-armhf-xsm pass build-i386-xsm broken build-amd64 pass build-armhf pass build-i386 pass build-amd64-libvirt pass build-armhf-libvirt pass build-i386-libvirt broken build-amd64-pvops pass build-armhf-pvops pass build-i386-pvops pass test-amd64-amd64-libvirt-xsm broken test-armhf-armhf-libvirt-xsm fail test-amd64-i386-libvirt-xsm blocked test-amd64-amd64-libvirt pass test-armhf-armhf-libvirt pass test-amd64-i386-libvirt blocked ------------------------------------------------------------ sg-report-flight on osstest.test-lab.xenproject.org logs: /home/osstest/pub/logs images: /home/osstest/pub/images Logs, config files, etc. are available at http://logs.test-lab.xenproject.org/osstest/logs Test harness code can be found at http://xenbits.xen.org/gitweb?p=osstest.git;a=summary broken-step build-i386-xsm host-install(3) broken-step test-amd64-amd64-libvirt-xsm host-install(3) broken-step build-i386-libvirt host-install(3) Not pushing. (No revision log; it would be 1914 lines long.)
_______________________________________________ Xen-devel mailing list Xen-devel@lists.xen.org http://lists.xen.org/xen-devel