flight 50322 xen-unstable real [real] http://logs.test-lab.xenproject.org/osstest/logs/50322/
Regressions :-( Tests which did not succeed and are blocking, including tests which could not be run: test-amd64-i386-freebsd10-i386 11 guest-localmigrate fail REGR. vs. 36514 test-amd64-i386-freebsd10-amd64 14 guest-localmigrate/x10 fail REGR. vs. 36514 test-amd64-amd64-pair 4 host-install/dst_host(4) broken REGR. vs. 36514 Regressions which are regarded as allowable (not blocking): test-armhf-armhf-libvirt 9 guest-start fail REGR. vs. 36514 test-amd64-i386-pair 17 guest-migrate/src_host/dst_host fail like 36514 Tests which did not succeed, but are not blocking: test-amd64-i386-xl-qemut-debianhvm-amd64-xsm 7 debian-hvm-install fail never pass test-amd64-amd64-xl-xsm 9 guest-start fail never pass test-amd64-amd64-xl-qemuu-debianhvm-amd64-xsm 7 debian-hvm-install fail never pass test-amd64-amd64-libvirt-xsm 9 guest-start fail never pass test-amd64-amd64-xl-qemut-debianhvm-amd64-xsm 7 debian-hvm-install fail never pass test-amd64-i386-libvirt-xsm 9 guest-start fail never pass test-amd64-i386-xl-xsm 9 guest-start fail never pass test-amd64-i386-libvirt 10 migrate-support-check fail never pass test-amd64-amd64-xl-pvh-intel 9 guest-start fail never pass test-amd64-amd64-libvirt 10 migrate-support-check fail never pass test-armhf-armhf-libvirt-xsm 5 xen-boot fail never pass test-amd64-amd64-xl-pvh-amd 9 guest-start fail never pass test-armhf-armhf-xl-sedf-pin 10 migrate-support-check fail never pass test-armhf-armhf-xl-arndale 10 migrate-support-check fail never pass test-amd64-i386-xl-qemuu-debianhvm-amd64-xsm 7 debian-hvm-install fail never pass test-armhf-armhf-xl-xsm 5 xen-boot fail never pass test-armhf-armhf-xl-cubietruck 10 migrate-support-check fail never pass test-armhf-armhf-xl 10 migrate-support-check fail never pass test-armhf-armhf-xl-sedf 10 migrate-support-check fail never pass test-armhf-armhf-xl-multivcpu 10 migrate-support-check fail never pass test-armhf-armhf-xl-credit2 10 migrate-support-check fail never pass test-amd64-i386-xl-qemuu-winxpsp3-vcpus1 14 guest-stop fail never pass test-amd64-i386-xl-qemuu-winxpsp3 14 guest-stop fail never pass test-amd64-i386-xl-qemuu-win7-amd64 14 guest-stop fail never pass test-amd64-i386-xl-win7-amd64 14 guest-stop fail never pass test-amd64-amd64-xl-qemuu-win7-amd64 14 guest-stop fail never pass test-amd64-amd64-xl-win7-amd64 14 guest-stop fail never pass test-amd64-amd64-xl-qemut-win7-amd64 14 guest-stop fail never pass test-amd64-i386-xl-qemut-win7-amd64 14 guest-stop fail never pass test-amd64-i386-xl-qemut-winxpsp3-vcpus1 14 guest-stop fail never pass test-amd64-i386-xl-qemut-winxpsp3 14 guest-stop fail never pass test-amd64-amd64-xl-winxpsp3 14 guest-stop fail never pass test-amd64-i386-xl-winxpsp3-vcpus1 14 guest-stop fail never pass test-amd64-i386-xl-winxpsp3 14 guest-stop fail never pass test-amd64-amd64-xl-qemut-winxpsp3 14 guest-stop fail never pass test-amd64-amd64-xl-qemuu-winxpsp3 14 guest-stop fail never pass version targeted for testing: xen f4d2d0e9a2159154e327a3f05b467824ae5e9e15 baseline version: xen 3a28f760508fb35c430edac17a9efde5aff6d1d5 ------------------------------------------------------------ People who touched revisions under test: Andrew Cooper <andrew.coop...@citrix.com> Boris Ostrovsky <boris.ostrov...@oracle.com> Charles Arnold <carn...@suse.com> Daniel De Graaf <dgde...@tycho.nsa.gov> Dario Faggioli <dario.faggi...@citrix.com> Don Slutz <dsl...@verizon.com> George Dunlap <george.dun...@eu.citrix.com> Ian Campbell <ian.campb...@citrix.com> Ian Jackson <ian.jack...@eu.citrix.com> Jan Beulich <jbeul...@suse.com> JeHyeon Yeon <tom.y...@windriver.com> Jim Fehlig <jfeh...@suse.com> Juergen Gross <jgr...@suse.com> Julien Grall <julien.gr...@linaro.org> Kevin Tian <kevin.t...@intel.com> Konrad Rzeszutek Wilk <konrad.w...@oracle.com> Koushik Chakravarty <koushik.chakrava...@citrix.com> Olaf Hering <o...@aepfle.de> Pramod Devendra <pramod.deven...@citrix.com> Quan Xu <quan...@intel.com> Riku Voipio <riku.voi...@linaro.org> Robbie VanVossen <robert.vanvos...@dornerworks.com> Roger Pau Monné <roger....@citrix.com> Ross Lagerwall <ross.lagerw...@citrix.com> Stefano Stabellini <stefano.stabell...@citrix.com> Stefano Stabellini <stefano.stabell...@eu.citrix.com> Tim Deegan <t...@xen.org> Vijaya Kumar K <vijaya.ku...@caviumnetworks.com> Vijaya Kumar K<vijaya.ku...@caviumnetworks.com> Wei Liu <wei.l...@citrix.com> Wen Congyang <we...@cn.fujitsu.com> Yang Hongyang <yan...@cn.fujitsu.com> Yang Zhang <yang.z.zh...@intel.com> ------------------------------------------------------------ jobs: build-amd64-xsm pass build-armhf-xsm pass build-i386-xsm pass build-amd64 pass build-armhf pass build-i386 pass build-amd64-libvirt pass build-armhf-libvirt pass build-i386-libvirt pass build-amd64-oldkern pass build-i386-oldkern pass build-amd64-pvops pass build-armhf-pvops pass build-i386-pvops pass build-amd64-rumpuserxen pass build-i386-rumpuserxen pass test-amd64-amd64-xl pass test-armhf-armhf-xl pass test-amd64-i386-xl pass test-amd64-amd64-xl-qemut-debianhvm-amd64-xsm fail test-amd64-i386-xl-qemut-debianhvm-amd64-xsm fail test-amd64-amd64-xl-qemuu-debianhvm-amd64-xsm fail test-amd64-i386-xl-qemuu-debianhvm-amd64-xsm fail test-amd64-amd64-libvirt-xsm fail test-armhf-armhf-libvirt-xsm fail test-amd64-i386-libvirt-xsm fail test-amd64-amd64-xl-xsm fail test-armhf-armhf-xl-xsm fail test-amd64-i386-xl-xsm fail test-amd64-amd64-xl-pvh-amd fail test-amd64-i386-rhel6hvm-amd pass test-amd64-i386-qemut-rhel6hvm-amd pass test-amd64-i386-qemuu-rhel6hvm-amd pass test-amd64-amd64-xl-qemut-debianhvm-amd64 pass test-amd64-i386-xl-qemut-debianhvm-amd64 pass test-amd64-amd64-xl-qemuu-debianhvm-amd64 pass test-amd64-i386-xl-qemuu-debianhvm-amd64 pass test-amd64-i386-freebsd10-amd64 fail test-amd64-amd64-xl-qemuu-ovmf-amd64 pass test-amd64-i386-xl-qemuu-ovmf-amd64 pass test-amd64-amd64-rumpuserxen-amd64 pass test-amd64-amd64-xl-qemut-win7-amd64 fail test-amd64-i386-xl-qemut-win7-amd64 fail test-amd64-amd64-xl-qemuu-win7-amd64 fail test-amd64-i386-xl-qemuu-win7-amd64 fail test-amd64-amd64-xl-win7-amd64 fail test-amd64-i386-xl-win7-amd64 fail test-armhf-armhf-xl-arndale pass test-amd64-amd64-xl-credit2 pass test-armhf-armhf-xl-credit2 pass test-armhf-armhf-xl-cubietruck pass test-amd64-i386-freebsd10-i386 fail test-amd64-i386-rumpuserxen-i386 pass test-amd64-amd64-xl-pvh-intel fail test-amd64-i386-rhel6hvm-intel pass test-amd64-i386-qemut-rhel6hvm-intel pass test-amd64-i386-qemuu-rhel6hvm-intel pass test-amd64-amd64-libvirt pass test-armhf-armhf-libvirt fail test-amd64-i386-libvirt pass test-amd64-amd64-xl-multivcpu pass test-armhf-armhf-xl-multivcpu pass test-amd64-amd64-pair broken test-amd64-i386-pair fail test-amd64-amd64-xl-sedf-pin pass test-armhf-armhf-xl-sedf-pin pass test-amd64-amd64-xl-sedf pass test-armhf-armhf-xl-sedf pass test-amd64-i386-xl-qemut-winxpsp3-vcpus1 fail test-amd64-i386-xl-qemuu-winxpsp3-vcpus1 fail test-amd64-i386-xl-winxpsp3-vcpus1 fail test-amd64-amd64-xl-qemut-winxpsp3 fail test-amd64-i386-xl-qemut-winxpsp3 fail test-amd64-amd64-xl-qemuu-winxpsp3 fail test-amd64-i386-xl-qemuu-winxpsp3 fail test-amd64-amd64-xl-winxpsp3 fail test-amd64-i386-xl-winxpsp3 fail ------------------------------------------------------------ sg-report-flight on osstest.test-lab.xenproject.org logs: /home/osstest/pub/logs images: /home/osstest/pub/images Logs, config files, etc. are available at http://logs.test-lab.xenproject.org/osstest/logs Test harness code can be found at http://xenbits.xen.org/gitweb?p=osstest.git;a=summary Not pushing. (No revision log; it would be 3054 lines long.)
_______________________________________________ Xen-devel mailing list Xen-devel@lists.xen.org http://lists.xen.org/xen-devel