flight 50320 qemu-mainline real [real] http://logs.test-lab.xenproject.org/osstest/logs/50320/
Regressions :-( Tests which did not succeed and are blocking, including tests which could not be run: test-amd64-i386-freebsd10-amd64 11 guest-localmigrate fail REGR. vs. 36709 test-amd64-i386-freebsd10-i386 11 guest-localmigrate fail REGR. vs. 36709 Regressions which are regarded as allowable (not blocking): test-armhf-armhf-libvirt 9 guest-start fail REGR. vs. 36709 test-amd64-i386-pair 17 guest-migrate/src_host/dst_host fail like 36709 Tests which did not succeed, but are not blocking: test-amd64-amd64-xl-qemut-debianhvm-amd64-xsm 7 debian-hvm-install fail never pass test-amd64-amd64-xl-pvh-intel 9 guest-start fail never pass test-amd64-i386-libvirt-xsm 9 guest-start fail never pass test-amd64-amd64-xl-qemuu-debianhvm-amd64-xsm 7 debian-hvm-install fail never pass test-amd64-i386-xl-qemuu-debianhvm-amd64-xsm 7 debian-hvm-install fail never pass test-amd64-i386-xl-qemut-debianhvm-amd64-xsm 7 debian-hvm-install fail never pass test-amd64-i386-xl-xsm 9 guest-start fail never pass test-amd64-i386-libvirt 10 migrate-support-check fail never pass test-amd64-amd64-xl-pvh-amd 9 guest-start fail never pass test-armhf-armhf-xl-arndale 10 migrate-support-check fail never pass test-amd64-amd64-xl-xsm 9 guest-start fail never pass test-amd64-amd64-libvirt 10 migrate-support-check fail never pass test-amd64-amd64-libvirt-xsm 9 guest-start fail never pass test-armhf-armhf-xl 10 migrate-support-check fail never pass test-armhf-armhf-xl-sedf 10 migrate-support-check fail never pass test-armhf-armhf-xl-multivcpu 10 migrate-support-check fail never pass test-armhf-armhf-xl-credit2 10 migrate-support-check fail never pass test-armhf-armhf-xl-sedf-pin 10 migrate-support-check fail never pass test-armhf-armhf-xl-xsm 5 xen-boot fail never pass test-armhf-armhf-libvirt-xsm 5 xen-boot fail never pass test-amd64-i386-xl-qemut-win7-amd64 14 guest-stop fail never pass test-amd64-amd64-xl-win7-amd64 14 guest-stop fail never pass test-amd64-i386-xl-win7-amd64 14 guest-stop fail never pass test-armhf-armhf-xl-cubietruck 10 migrate-support-check fail never pass test-amd64-i386-xl-qemuu-winxpsp3-vcpus1 14 guest-stop fail never pass test-amd64-i386-xl-qemut-winxpsp3-vcpus1 14 guest-stop fail never pass test-amd64-amd64-xl-qemut-winxpsp3 14 guest-stop fail never pass test-amd64-i386-xl-qemuu-win7-amd64 14 guest-stop fail never pass test-amd64-amd64-xl-qemut-win7-amd64 14 guest-stop fail never pass test-amd64-i386-xl-qemut-winxpsp3 14 guest-stop fail never pass test-amd64-amd64-xl-qemuu-win7-amd64 14 guest-stop fail never pass test-amd64-amd64-xl-winxpsp3 14 guest-stop fail never pass test-amd64-amd64-xl-qemuu-winxpsp3 14 guest-stop fail never pass test-amd64-i386-xl-winxpsp3-vcpus1 14 guest-stop fail never pass test-amd64-i386-xl-qemuu-winxpsp3 14 guest-stop fail never pass test-amd64-i386-xl-winxpsp3 14 guest-stop fail never pass version targeted for testing: qemuu f2155a089600e80cf7bcdc814520ef3304882cc4 baseline version: qemuu 362ca922eea03240916287a8a6267801ab095d12 ------------------------------------------------------------ People who touched revisions under test: Alex Bennée <alex.ben...@linaro.org> Alexander Graf <ag...@suse.de> Alexey Kardashevskiy <a...@ozlabs.ru> Andreas Färber <afaer...@suse.de> Bastian Koppelmann <kbast...@mail.uni-paderborn.de> Christian Borntraeger <borntrae...@de.ibm.com> Christoffer Dall <christoffer.d...@linaro.org> Cole Robinson <crobi...@redhat.com> Cornelia Huck <cornelia.h...@de.ibm.com> Daniel P. Berrange <berra...@redhat.com> David Gibson <da...@gibson.dropbear.id.au> Dirk Mueller <dmuel...@suse.com> Dirk Müller <d...@dmllr.de> Dr. David Alan Gilbert <dgilb...@redhat.com> Ed Maste <ema...@freebsd.org> Eduardo Otubo <eduardo.ot...@profitbricks.com> Fam Zheng <f...@redhat.com> Gabriel L. Somlo <so...@cmu.edu> Gabriel Somlo <so...@cmu.edu> Gerd Hoffmann <kra...@redhat.com> Gonglei <arei.gong...@huawei.com> Hervé Poussineau <hpous...@reactos.org> Igor Mammedov <imamm...@redhat.com> Jason Wang <jasow...@redhat.com> John Snow <js...@redhat.com> Joseph Hindin <jhin...@daynix.com> Juan Quintela <quint...@redhat.com> Leon Alrae <leon.al...@imgtec.com> Lin Ma <l...@suse.com> Marcel Apfelbaum <mar...@redhat.com> Markus Armbruster <arm...@redhat.com> Meghana Cheripady <meghana.cherip...@emulex.com> Michael S. Tsirkin <m...@redhat.com> Nadav Amit <na...@cs.technion.ac.il> Padmanabh Ratnakar <padmanabh.ratna...@emulex.com> Paolo Bonzini <pbonz...@redhat.com> Peter Crosthwaite <peter.crosthwa...@xilinx.com> Peter Maydell <peter.mayd...@linaro.org> Shannon Zhao <shannon.z...@linaro.org> Shannon Zhao <zhaoshengl...@huawei.com> Stefan Hajnoczi <stefa...@redhat.com> Stefan Weil <s...@weilnetz.de> Ting Wang <kathy.wangt...@huawei.com> zhanghailiang <zhang.zhanghaili...@huawei.com> ------------------------------------------------------------ jobs: build-amd64-xsm pass build-armhf-xsm pass build-i386-xsm pass build-amd64 pass build-armhf pass build-i386 pass build-amd64-libvirt pass build-armhf-libvirt pass build-i386-libvirt pass build-amd64-pvops pass build-armhf-pvops pass build-i386-pvops pass test-amd64-amd64-xl pass test-armhf-armhf-xl pass test-amd64-i386-xl pass test-amd64-amd64-xl-qemut-debianhvm-amd64-xsm fail test-amd64-i386-xl-qemut-debianhvm-amd64-xsm fail test-amd64-amd64-xl-qemuu-debianhvm-amd64-xsm fail test-amd64-i386-xl-qemuu-debianhvm-amd64-xsm fail test-amd64-amd64-libvirt-xsm fail test-armhf-armhf-libvirt-xsm fail test-amd64-i386-libvirt-xsm fail test-amd64-amd64-xl-xsm fail test-armhf-armhf-xl-xsm fail test-amd64-i386-xl-xsm fail test-amd64-amd64-xl-pvh-amd fail test-amd64-i386-rhel6hvm-amd pass test-amd64-i386-qemut-rhel6hvm-amd pass test-amd64-i386-qemuu-rhel6hvm-amd pass test-amd64-amd64-xl-qemut-debianhvm-amd64 pass test-amd64-i386-xl-qemut-debianhvm-amd64 pass test-amd64-amd64-xl-qemuu-debianhvm-amd64 pass test-amd64-i386-xl-qemuu-debianhvm-amd64 pass test-amd64-i386-freebsd10-amd64 fail test-amd64-amd64-xl-qemuu-ovmf-amd64 pass test-amd64-i386-xl-qemuu-ovmf-amd64 pass test-amd64-amd64-xl-qemut-win7-amd64 fail test-amd64-i386-xl-qemut-win7-amd64 fail test-amd64-amd64-xl-qemuu-win7-amd64 fail test-amd64-i386-xl-qemuu-win7-amd64 fail test-amd64-amd64-xl-win7-amd64 fail test-amd64-i386-xl-win7-amd64 fail test-armhf-armhf-xl-arndale pass test-amd64-amd64-xl-credit2 pass test-armhf-armhf-xl-credit2 pass test-armhf-armhf-xl-cubietruck pass test-amd64-i386-freebsd10-i386 fail test-amd64-amd64-xl-pvh-intel fail test-amd64-i386-rhel6hvm-intel pass test-amd64-i386-qemut-rhel6hvm-intel pass test-amd64-i386-qemuu-rhel6hvm-intel pass test-amd64-amd64-libvirt pass test-armhf-armhf-libvirt fail test-amd64-i386-libvirt pass test-amd64-amd64-xl-multivcpu pass test-armhf-armhf-xl-multivcpu pass test-amd64-amd64-pair pass test-amd64-i386-pair fail test-amd64-amd64-xl-sedf-pin pass test-armhf-armhf-xl-sedf-pin pass test-amd64-amd64-xl-sedf pass test-armhf-armhf-xl-sedf pass test-amd64-i386-xl-qemut-winxpsp3-vcpus1 fail test-amd64-i386-xl-qemuu-winxpsp3-vcpus1 fail test-amd64-i386-xl-winxpsp3-vcpus1 fail test-amd64-amd64-xl-qemut-winxpsp3 fail test-amd64-i386-xl-qemut-winxpsp3 fail test-amd64-amd64-xl-qemuu-winxpsp3 fail test-amd64-i386-xl-qemuu-winxpsp3 fail test-amd64-amd64-xl-winxpsp3 fail test-amd64-i386-xl-winxpsp3 fail ------------------------------------------------------------ sg-report-flight on osstest.test-lab.xenproject.org logs: /home/osstest/pub/logs images: /home/osstest/pub/images Logs, config files, etc. are available at http://logs.test-lab.xenproject.org/osstest/logs Test harness code can be found at http://xenbits.xen.org/gitweb?p=osstest.git;a=summary Not pushing. (No revision log; it would be 1882 lines long.)
_______________________________________________ Xen-devel mailing list Xen-devel@lists.xen.org http://lists.xen.org/xen-devel