flight 36777 linux-linus real [real]
http://www.chiark.greenend.org.uk/~xensrcts/logs/36777/

Regressions :-(

Tests which did not succeed and are blocking,
including tests which could not be run:
 test-armhf-armhf-xl-credit2   3 host-install(3)         broken REGR. vs. 36746
 test-amd64-amd64-xl-qemuu-winxpsp3  7 windows-install     fail REGR. vs. 36746

Regressions which are regarded as allowable (not blocking):
 test-amd64-amd64-rumpuserxen-amd64 11 rumpuserxen-demo-xenstorels/xenstorels 
fail like 36746
 test-armhf-armhf-xl-sedf      3 host-install(3)         broken REGR. vs. 36746
 test-amd64-i386-freebsd10-i386  7 freebsd-install              fail like 36746
 test-amd64-i386-freebsd10-amd64  7 freebsd-install             fail like 36746
 test-amd64-i386-pair        17 guest-migrate/src_host/dst_host fail like 36746

Tests which did not succeed, but are not blocking:
 test-amd64-i386-xl-qemuu-debianhvm-amd64-xsm 7 debian-hvm-install fail never 
pass
 test-amd64-amd64-xl-xsm       9 guest-start                  fail   never pass
 test-amd64-i386-libvirt-xsm   9 guest-start                  fail   never pass
 test-amd64-amd64-xl-pvh-intel  9 guest-start                  fail  never pass
 test-amd64-amd64-xl-qemut-debianhvm-amd64-xsm 7 debian-hvm-install fail never 
pass
 test-amd64-amd64-xl-qemuu-debianhvm-amd64-xsm 7 debian-hvm-install fail never 
pass
 test-amd64-i386-xl-qemut-debianhvm-amd64-xsm 7 debian-hvm-install fail never 
pass
 test-armhf-armhf-xl-sedf-pin 10 migrate-support-check        fail   never pass
 test-armhf-armhf-xl          10 migrate-support-check        fail   never pass
 test-armhf-armhf-xl-multivcpu 10 migrate-support-check        fail  never pass
 test-armhf-armhf-xl-midway   10 migrate-support-check        fail   never pass
 test-amd64-amd64-xl-pvh-amd   9 guest-start                  fail   never pass
 test-amd64-amd64-libvirt     10 migrate-support-check        fail   never pass
 test-amd64-i386-xl-xsm        9 guest-start                  fail   never pass
 test-armhf-armhf-libvirt     10 migrate-support-check        fail   never pass
 test-amd64-i386-libvirt      10 migrate-support-check        fail   never pass
 test-amd64-amd64-libvirt-xsm  9 guest-start                  fail   never pass
 test-amd64-amd64-xl-pcipt-intel  9 guest-start                 fail never pass
 test-armhf-armhf-xl-xsm       5 xen-boot                     fail   never pass
 test-armhf-armhf-libvirt-xsm  5 xen-boot                     fail   never pass
 test-amd64-i386-xl-qemuu-winxpsp3-vcpus1 14 guest-stop         fail never pass
 test-amd64-amd64-xl-winxpsp3 14 guest-stop                   fail   never pass
 test-amd64-i386-xl-qemuu-winxpsp3 14 guest-stop                fail never pass
 test-amd64-i386-xl-qemut-win7-amd64 14 guest-stop              fail never pass
 test-amd64-i386-xl-qemuu-win7-amd64 14 guest-stop              fail never pass
 test-amd64-i386-xl-win7-amd64 14 guest-stop                   fail  never pass
 test-amd64-amd64-xl-win7-amd64 14 guest-stop                   fail never pass
 test-amd64-amd64-xl-qemuu-win7-amd64 14 guest-stop             fail never pass
 test-amd64-amd64-xl-qemut-winxpsp3 14 guest-stop               fail never pass
 test-amd64-i386-xl-winxpsp3-vcpus1 14 guest-stop               fail never pass
 test-amd64-i386-xl-qemut-winxpsp3-vcpus1 14 guest-stop         fail never pass
 test-amd64-i386-xl-winxpsp3  14 guest-stop                   fail   never pass
 test-amd64-i386-xl-qemut-winxpsp3 14 guest-stop                fail never pass
 test-amd64-amd64-xl-qemut-win7-amd64 14 guest-stop             fail never pass

version targeted for testing:
 linux                4c4fe4c24782bf5bc533b3df34599301ec31b605
baseline version:
 linux                c875f421097a55d9126159957a2d812b91c9ce8c

------------------------------------------------------------
People who touched revisions under test:
  Andrew Morton <a...@linux-foundation.org>
  Christoph Lameter <c...@linux.com>
  Dave Chinner <da...@fromorbit.com>
  David Rientjes <rient...@google.com>
  Ed Cashin <ed.cas...@acm.org>
  Gregory CLEMENT <gregory.clem...@free-electrons.com>
  Gu Zheng <guz.f...@cn.fujitsu.com>
  Hin-Tak Leung <ht...@users.sourceforge.net>
  James Hogan <james.ho...@imgtec.com>
  Jan Kara <j...@suse.cz>
  Jean Delvare <jdelv...@suse.de>
  Jens Axboe <ax...@fb.com>
  Joe Perches <j...@perches.com>
  Joonsoo Kim <iamjoonsoo....@lge.com>
  Kazutomo Yoshii <kazutomo.yos...@gmail.com>
  Keith Busch <keith.bu...@intel.com>
  Konstantin Khlebnikov <koc...@gmail.com>
  Lars-Peter Clausen <l...@metafoo.de>
  Laura Abbott <lau...@codeaurora.org>
  Leon Yu <chianglun...@gmail.com>
  Linus Torvalds <torva...@linux-foundation.org>
  Mark Rutland <mark.rutl...@arm.com>
  Markus Pargmann <m...@pengutronix.de>
  Matt Fleming <matt.flem...@intel.com>
  Mel Gorman <mgor...@suse.de>
  Mike Snitzer <snit...@redhat.com>
  Naoya Horiguchi <n-horigu...@ah.jp.nec.com>
  Paul Clements <paul.cleme...@steeleye.com>
  Rik van Riel <r...@redhat.com>
  Sam Bradshaw <sbrads...@micron.com>
  Selvan Mani <sm...@micron.com>
  Sergei Antonov <sap...@gmail.com>
  Sudip Mukherjee <su...@vectorindia.org>
  Sudip Mukherjee <sudipm.mukher...@gmail.com>
  Taesoo Kim <tsgat...@gmail.com>
  Tejun Heo <t...@kernel.org>
  Wenbo Wang <wenbo.w...@memblaze.com>
------------------------------------------------------------

jobs:
 build-amd64-xsm                                              pass    
 build-armhf-xsm                                              pass    
 build-i386-xsm                                               pass    
 build-amd64                                                  pass    
 build-armhf                                                  pass    
 build-i386                                                   pass    
 build-amd64-libvirt                                          pass    
 build-armhf-libvirt                                          pass    
 build-i386-libvirt                                           pass    
 build-amd64-pvops                                            pass    
 build-armhf-pvops                                            pass    
 build-i386-pvops                                             pass    
 build-amd64-rumpuserxen                                      pass    
 build-i386-rumpuserxen                                       pass    
 test-amd64-amd64-xl                                          pass    
 test-armhf-armhf-xl                                          pass    
 test-amd64-i386-xl                                           pass    
 test-amd64-amd64-xl-qemut-debianhvm-amd64-xsm                fail    
 test-amd64-i386-xl-qemut-debianhvm-amd64-xsm                 fail    
 test-amd64-amd64-xl-qemuu-debianhvm-amd64-xsm                fail    
 test-amd64-i386-xl-qemuu-debianhvm-amd64-xsm                 fail    
 test-amd64-amd64-libvirt-xsm                                 fail    
 test-armhf-armhf-libvirt-xsm                                 fail    
 test-amd64-i386-libvirt-xsm                                  fail    
 test-amd64-amd64-xl-xsm                                      fail    
 test-armhf-armhf-xl-xsm                                      fail    
 test-amd64-i386-xl-xsm                                       fail    
 test-amd64-amd64-xl-pvh-amd                                  fail    
 test-amd64-i386-rhel6hvm-amd                                 pass    
 test-amd64-i386-qemut-rhel6hvm-amd                           pass    
 test-amd64-i386-qemuu-rhel6hvm-amd                           pass    
 test-amd64-amd64-xl-qemut-debianhvm-amd64                    pass    
 test-amd64-i386-xl-qemut-debianhvm-amd64                     pass    
 test-amd64-amd64-xl-qemuu-debianhvm-amd64                    pass    
 test-amd64-i386-xl-qemuu-debianhvm-amd64                     pass    
 test-amd64-i386-freebsd10-amd64                              fail    
 test-amd64-amd64-xl-qemuu-ovmf-amd64                         pass    
 test-amd64-i386-xl-qemuu-ovmf-amd64                          pass    
 test-amd64-amd64-rumpuserxen-amd64                           fail    
 test-amd64-amd64-xl-qemut-win7-amd64                         fail    
 test-amd64-i386-xl-qemut-win7-amd64                          fail    
 test-amd64-amd64-xl-qemuu-win7-amd64                         fail    
 test-amd64-i386-xl-qemuu-win7-amd64                          fail    
 test-amd64-amd64-xl-win7-amd64                               fail    
 test-amd64-i386-xl-win7-amd64                                fail    
 test-amd64-amd64-xl-credit2                                  pass    
 test-armhf-armhf-xl-credit2                                  broken  
 test-amd64-i386-freebsd10-i386                               fail    
 test-amd64-i386-rumpuserxen-i386                             pass    
 test-amd64-amd64-xl-pcipt-intel                              fail    
 test-amd64-amd64-xl-pvh-intel                                fail    
 test-amd64-i386-rhel6hvm-intel                               pass    
 test-amd64-i386-qemut-rhel6hvm-intel                         pass    
 test-amd64-i386-qemuu-rhel6hvm-intel                         pass    
 test-amd64-amd64-libvirt                                     pass    
 test-armhf-armhf-libvirt                                     pass    
 test-amd64-i386-libvirt                                      pass    
 test-armhf-armhf-xl-midway                                   pass    
 test-amd64-amd64-xl-multivcpu                                pass    
 test-armhf-armhf-xl-multivcpu                                pass    
 test-amd64-amd64-pair                                        pass    
 test-amd64-i386-pair                                         fail    
 test-amd64-amd64-xl-sedf-pin                                 pass    
 test-armhf-armhf-xl-sedf-pin                                 pass    
 test-amd64-amd64-xl-sedf                                     pass    
 test-armhf-armhf-xl-sedf                                     broken  
 test-amd64-i386-xl-qemut-winxpsp3-vcpus1                     fail    
 test-amd64-i386-xl-qemuu-winxpsp3-vcpus1                     fail    
 test-amd64-i386-xl-winxpsp3-vcpus1                           fail    
 test-amd64-amd64-xl-qemut-winxpsp3                           fail    
 test-amd64-i386-xl-qemut-winxpsp3                            fail    
 test-amd64-amd64-xl-qemuu-winxpsp3                           fail    
 test-amd64-i386-xl-qemuu-winxpsp3                            fail    
 test-amd64-amd64-xl-winxpsp3                                 fail    
 test-amd64-i386-xl-winxpsp3                                  fail    


------------------------------------------------------------
sg-report-flight on osstest.cam.xci-test.com
logs: /home/xc_osstest/logs
images: /home/xc_osstest/images

Logs, config files, etc. are available at
    http://www.chiark.greenend.org.uk/~xensrcts/logs

Test harness code can be found at
    http://xenbits.xensource.com/gitweb?p=osstest.git;a=summary

broken-step test-armhf-armhf-xl-sedf host-install(3)
broken-step test-armhf-armhf-xl-credit2 host-install(3)

Not pushing.

(No revision log; it would be 914 lines long.)

_______________________________________________
Xen-devel mailing list
Xen-devel@lists.xen.org
http://lists.xen.org/xen-devel

Reply via email to