flight 36522 qemu-mainline real [real]
http://www.chiark.greenend.org.uk/~xensrcts/logs/36522/

Regressions :-(

Tests which did not succeed and are blocking,
including tests which could not be run:
 test-amd64-amd64-xl-win7-amd64 13 guest-localmigrate/x10  fail REGR. vs. 35893
 test-amd64-amd64-xl-qemut-winxpsp3 13 guest-localmigrate/x10 fail REGR. vs. 
35893

Regressions which are regarded as allowable (not blocking):
 test-amd64-i386-pair        17 guest-migrate/src_host/dst_host fail like 35893

Tests which did not succeed, but are not blocking:
 test-amd64-amd64-xl-pvh-intel  9 guest-start                  fail  never pass
 test-armhf-armhf-xl          10 migrate-support-check        fail   never pass
 test-armhf-armhf-xl-credit2  10 migrate-support-check        fail   never pass
 test-armhf-armhf-xl-sedf-pin 10 migrate-support-check        fail   never pass
 test-armhf-armhf-libvirt     10 migrate-support-check        fail   never pass
 test-armhf-armhf-xl-multivcpu 10 migrate-support-check        fail  never pass
 test-amd64-amd64-xl-pvh-amd   9 guest-start                  fail   never pass
 test-amd64-amd64-xl-pcipt-intel  9 guest-start                 fail never pass
 test-amd64-amd64-libvirt     10 migrate-support-check        fail   never pass
 test-armhf-armhf-xl-midway   10 migrate-support-check        fail   never pass
 test-amd64-i386-libvirt      10 migrate-support-check        fail   never pass
 test-armhf-armhf-xl-sedf     10 migrate-support-check        fail   never pass
 test-amd64-i386-xl-qemut-win7-amd64 14 guest-stop              fail never pass
 test-amd64-i386-xl-win7-amd64 14 guest-stop                   fail  never pass
 test-amd64-amd64-xl-winxpsp3 14 guest-stop                   fail   never pass
 test-amd64-i386-xl-qemuu-winxpsp3-vcpus1 14 guest-stop         fail never pass
 test-amd64-i386-xl-qemut-winxpsp3-vcpus1 14 guest-stop         fail never pass
 test-amd64-i386-xl-qemuu-win7-amd64 14 guest-stop              fail never pass
 test-amd64-amd64-xl-qemut-win7-amd64 14 guest-stop             fail never pass
 test-amd64-amd64-xl-qemuu-win7-amd64 14 guest-stop             fail never pass
 test-amd64-i386-xl-qemut-winxpsp3 14 guest-stop                fail never pass
 test-amd64-amd64-xl-qemuu-winxpsp3 14 guest-stop               fail never pass
 test-amd64-i386-xl-winxpsp3-vcpus1 14 guest-stop               fail never pass
 test-amd64-i386-xl-winxpsp3  14 guest-stop                   fail   never pass
 test-amd64-i386-xl-qemuu-winxpsp3 14 guest-stop                fail never pass

version targeted for testing:
 qemuu                cd232acfa0d70002fed89e9293f04afda577a513
baseline version:
 qemuu                576a94d8bcaa1bb07a81d9ffd2cf76095a66ad9a

------------------------------------------------------------
People who touched revisions under test:
  Alberto Garcia <be...@igalia.com>
  Alex Williamson <alex.william...@redhat.com>
  Alexander Graf <ag...@suse.de>
  Alexey Kardashevskiy <a...@ozlabs.ru>
  Alistair Francis <alistair.fran...@xilinx.com>
  Alistair Francis <alistai...@gmail.com>
  Alistair Francis <alist...@alistair23.me>
  Amit Shah <amit.s...@redhat.com>
  Andreas Färber <afaer...@suse.de>
  Andrew Jones <drjo...@redhat.com>
  Aneesh Kumar K.V <aneesh.ku...@linux.vnet.ibm.com>
  Anthony Liguori <aligu...@amazon.com>
  Ard Biesheuvel <ard.biesheu...@linaro.org>
  Bastian Koppelmann <kbast...@mail.uni-paderborn.de>
  Benjamin Herrenschmidt <b...@kernel.crashing.org>
  Bill Paul <wp...@windriver.com>
  Borislav Petkov <b...@suse.de>
  Brad Campbell <lists2...@fnarfbargle.com>
  Christian Borntraeger <borntrae...@de.ibm.com>
  Claudio Fontana <claudio.font...@huawei.com>
  Cole Robinson <crobi...@redhat.com>
  Cornelia Huck <cornelia.h...@de.ibm.com>
  Cyril Bur <cyril....@au1.ibm.com>
  Daniel P. Berrange <berra...@redhat.com>
  David Gibson <da...@gibson.dropbear.id.au>
  David Hildenbrand <d...@linux.vnet.ibm.com>
  Denis V. Lunev <d...@openvz.org>
  Dominik Dingel <din...@linux.vnet.ibm.com>
  Dr. David Alan Gilbert <dgilb...@redhat.com>
  Eduardo Habkost <ehabk...@redhat.com>
  Ekaterina Tumanova <tuman...@linux.vnet.ibm.com>
  Eric Auger <eric.au...@linaro.org>
  Eugene (jno) Dvurechenski <j...@linux.vnet.ibm.com>
  Fabien Chouteau <chout...@adacore.com>
  Fam Zheng <f...@redhat.com>
  Frank Blaschka <blasc...@linux.vnet.ibm.com>
  Frediano Ziglio <fredd...@gmail.com>
  Gabriel L. Somlo <gso...@gmail.com>
  Gabriel Somlo <so...@cmu.edu>
  Gavin Shan <gws...@linux.vnet.ibm.com>
  Gerd Hoffmann <kra...@redhat.com>
  Gonglei <arei.gong...@huawei.com>
  Greg Kurz <gk...@linux.vnet.ibm.com>
  Haifeng Gao <gaohaifeng....@huawei.com>
  Henk Poley <henkpo...@gmail.com>
  Hervé Poussineau <hpous...@reactos.org>
  Hitoshi Mitake <mitake.hito...@lab.ntt.co.jp>
  Igor Mammedov <imamm...@redhat.com>
  Jan Kiszka <jan.kis...@siemens.com>
  Jason J. Herne <jjhe...@linux.vnet.ibm.com>
  Jason J. Herne <jjhe...@us.ibm.com>
  Jeff Cody <jc...@redhat.com>
  Jens Freimann <jf...@linux.vnet.ibm.com>
  Jeremy White <jwh...@codeweavers.com>
  John Snow <js...@redhat.com>
  Jorge Acereda Macia <jacer...@gmail.com>
  Jorge Acereda Maciá <jacer...@gmail.com>
  Juan Quintela <quint...@redhat.com>
  Kevin Wolf <kw...@redhat.com>
  Laszlo Ersek <ler...@redhat.com>
  Leon Alrae <leon.al...@imgtec.com>
  Liu Yuan <liuy...@cmss.chinamobile.com>
  Luiz Capitulino <lcapitul...@redhat.com>
  Marc Marí <marc.mari.barc...@gmail.com>
  Marcel Apfelbaum <mar...@redhat.com>
  Mark Cave-Ayland <mark.cave-ayl...@ilande.co.uk>
  Markus Armbruster <arm...@redhat.com>
  Max Filippov <jcmvb...@gmail.com>
  Max Reitz <mre...@redhat.com>
  Michael S. Tsirkin <m...@redhat.com>
  Michael Tokarev <m...@tls.msk.ru>
  Michael Walle <mich...@walle.cc>
  Mikhail Ilyin <m.i...@samsung.com>
  Paolo Bonzini <pbonz...@redhat.com>
  Paolo Bonzini <ponz...@redhat.com>
  Peter Crosthwaite <peter.crosthwa...@xilinx.com>
  Peter Krempa <pkre...@redhat.com>
  Peter Lieven <p...@kamp.de>
  Peter Maydell <peter.mayd...@linaro.org>
  Radim Krčmář <rkrc...@redhat.com>
  Raushaniya Maksudova <rmaksud...@parallels.com>
  Richard Henderson <r...@twiddle.net>
  Ryota Ozaki <ozaki.ry...@gmail.com>
  Samuel Pitoiset <samuel.pitoi...@gmail.com>
  Shannon Zhao <shannon.z...@linaro.org>
  Shannon Zhao <zhaoshengl...@huawei.com>
  Stefan Berger <stef...@linux.vnet.ibm.com>
  Stefan Berger <stef...@us.ibm.com>
  Stefan Hajnoczi <stefa...@redhat.com>
  Stefan Weil <s...@weilnetz.de>
  Stefano Stabellini <stefano.stabell...@eu.citrix.com>
  Tang Chen <tangc...@cn.fujitsu.com>
  Teruaki Ishizaki <ishizaki.teru...@lab.ntt.co.jp>
  Thomas Huth <th...@linux.vnet.ibm.com>
  Tobias Nygren <t...@netbsd.org>
  Tony Krowiak <akrow...@linux.vnet.ibm.com>
  Tristan Gingold <ging...@adacore.com>
  Wang xin <wangxinxin.w...@huawei.com>
  Wen Congyang <we...@cn.fujitsu.com>
  zhanghailiang <zhang.zhanghaili...@huawei.com>
  Zhu Guihua <zhugh.f...@cn.fujitsu.com>
------------------------------------------------------------

jobs:
 build-amd64                                                  pass
 build-armhf                                                  pass
 build-i386                                                   pass
 build-amd64-libvirt                                          pass
 build-armhf-libvirt                                          pass
 build-i386-libvirt                                           pass
 build-amd64-pvops                                            pass
 build-armhf-pvops                                            pass
 build-i386-pvops                                             pass
 test-amd64-amd64-xl                                          pass
 test-armhf-armhf-xl                                          pass
 test-amd64-i386-xl                                           pass
 test-amd64-amd64-xl-pvh-amd                                  fail
 test-amd64-i386-rhel6hvm-amd                                 pass
 test-amd64-i386-qemut-rhel6hvm-amd                           pass
 test-amd64-i386-qemuu-rhel6hvm-amd                           pass
 test-amd64-amd64-xl-qemut-debianhvm-amd64                    pass
 test-amd64-i386-xl-qemut-debianhvm-amd64                     pass
 test-amd64-amd64-xl-qemuu-debianhvm-amd64                    pass
 test-amd64-i386-xl-qemuu-debianhvm-amd64                     pass
 test-amd64-i386-freebsd10-amd64                              pass
 test-amd64-amd64-xl-qemuu-ovmf-amd64                         pass
 test-amd64-i386-xl-qemuu-ovmf-amd64                          pass
 test-amd64-amd64-xl-qemut-win7-amd64                         fail
 test-amd64-i386-xl-qemut-win7-amd64                          fail
 test-amd64-amd64-xl-qemuu-win7-amd64                         fail
 test-amd64-i386-xl-qemuu-win7-amd64                          fail
 test-amd64-amd64-xl-win7-amd64                               fail
 test-amd64-i386-xl-win7-amd64                                fail
 test-amd64-amd64-xl-credit2                                  pass
 test-armhf-armhf-xl-credit2                                  pass
 test-amd64-i386-freebsd10-i386                               pass
 test-amd64-amd64-xl-pcipt-intel                              fail
 test-amd64-amd64-xl-pvh-intel                                fail
 test-amd64-i386-rhel6hvm-intel                               pass
 test-amd64-i386-qemut-rhel6hvm-intel                         pass
 test-amd64-i386-qemuu-rhel6hvm-intel                         pass
 test-amd64-amd64-libvirt                                     pass
 test-armhf-armhf-libvirt                                     pass
 test-amd64-i386-libvirt                                      pass
 test-armhf-armhf-xl-midway                                   pass
 test-amd64-amd64-xl-multivcpu                                pass
 test-armhf-armhf-xl-multivcpu                                pass
 test-amd64-amd64-pair                                        pass
 test-amd64-i386-pair                                         fail
 test-amd64-amd64-xl-sedf-pin                                 pass
 test-armhf-armhf-xl-sedf-pin                                 pass
 test-amd64-amd64-xl-sedf                                     pass
 test-armhf-armhf-xl-sedf                                     pass
 test-amd64-i386-xl-qemut-winxpsp3-vcpus1                     fail
 test-amd64-i386-xl-qemuu-winxpsp3-vcpus1                     fail
 test-amd64-i386-xl-winxpsp3-vcpus1                           fail
 test-amd64-amd64-xl-qemut-winxpsp3                           fail
 test-amd64-i386-xl-qemut-winxpsp3                            fail
 test-amd64-amd64-xl-qemuu-winxpsp3                           fail
 test-amd64-i386-xl-qemuu-winxpsp3                            fail
 test-amd64-amd64-xl-winxpsp3                                 fail
 test-amd64-i386-xl-winxpsp3                                  fail


------------------------------------------------------------
sg-report-flight on osstest.cam.xci-test.com
logs: /home/xc_osstest/logs
images: /home/xc_osstest/images

Logs, config files, etc. are available at
    http://www.chiark.greenend.org.uk/~xensrcts/logs

Test harness code can be found at
    http://xenbits.xensource.com/gitweb?p=osstest.git;a=summary


Not pushing.

(No revision log; it would be 9747 lines long.)

_______________________________________________
Xen-devel mailing list
Xen-devel@lists.xen.org
http://lists.xen.org/xen-devel

Reply via email to