flight 36080 qemu-mainline real [real] http://www.chiark.greenend.org.uk/~xensrcts/logs/36080/
Failures and problems with tests :-( Tests which did not succeed and are blocking, including tests which could not be run: build-amd64-pvops 3 host-install(3) broken REGR. vs. 35893 test-armhf-armhf-xl-midway 3 host-install(3) broken REGR. vs. 35893 Regressions which are regarded as allowable (not blocking): test-armhf-armhf-libvirt 12 guest-start.2 fail like 35893 test-amd64-i386-pair 17 guest-migrate/src_host/dst_host fail like 35893 Tests which did not succeed, but are not blocking: test-amd64-amd64-xl-pvh-intel 1 build-check(1) blocked n/a test-armhf-armhf-xl-credit2 10 migrate-support-check fail never pass test-armhf-armhf-xl-sedf-pin 10 migrate-support-check fail never pass test-armhf-armhf-xl 10 migrate-support-check fail never pass test-armhf-armhf-libvirt 10 migrate-support-check fail never pass test-armhf-armhf-xl-multivcpu 10 migrate-support-check fail never pass test-amd64-amd64-xl-pcipt-intel 1 build-check(1) blocked n/a test-amd64-amd64-xl-sedf-pin 1 build-check(1) blocked n/a test-amd64-amd64-xl-pvh-amd 1 build-check(1) blocked n/a test-amd64-i386-libvirt 10 migrate-support-check fail never pass test-armhf-armhf-xl-sedf 10 migrate-support-check fail never pass test-amd64-amd64-xl-sedf 1 build-check(1) blocked n/a test-amd64-amd64-libvirt 1 build-check(1) blocked n/a test-amd64-amd64-xl-multivcpu 1 build-check(1) blocked n/a test-amd64-amd64-xl-credit2 1 build-check(1) blocked n/a test-amd64-amd64-xl 1 build-check(1) blocked n/a test-amd64-amd64-xl-win7-amd64 1 build-check(1) blocked n/a test-amd64-i386-xl-win7-amd64 14 guest-stop fail never pass test-amd64-i386-xl-qemut-win7-amd64 14 guest-stop fail never pass test-amd64-amd64-xl-winxpsp3 1 build-check(1) blocked n/a test-amd64-i386-xl-qemuu-winxpsp3-vcpus1 14 guest-stop fail never pass test-amd64-i386-xl-qemut-winxpsp3-vcpus1 14 guest-stop fail never pass test-amd64-amd64-pair 1 build-check(1) blocked n/a test-amd64-amd64-xl-qemut-winxpsp3 1 build-check(1) blocked n/a test-amd64-i386-xl-qemuu-win7-amd64 14 guest-stop fail never pass test-amd64-amd64-xl-qemut-win7-amd64 1 build-check(1) blocked n/a test-amd64-amd64-xl-qemuu-win7-amd64 1 build-check(1) blocked n/a test-amd64-amd64-xl-qemuu-winxpsp3 1 build-check(1) blocked n/a test-amd64-amd64-xl-qemuu-debianhvm-amd64 1 build-check(1) blocked n/a test-amd64-amd64-xl-qemut-debianhvm-amd64 1 build-check(1) blocked n/a test-amd64-amd64-xl-qemuu-ovmf-amd64 1 build-check(1) blocked n/a test-amd64-i386-xl-qemut-winxpsp3 14 guest-stop fail never pass test-amd64-i386-xl-winxpsp3-vcpus1 14 guest-stop fail never pass test-amd64-i386-xl-winxpsp3 14 guest-stop fail never pass test-amd64-i386-xl-qemuu-winxpsp3 14 guest-stop fail never pass version targeted for testing: qemuu 9c31a8219a8fb6e790d5510987ae2c810ff968b5 baseline version: qemuu 576a94d8bcaa1bb07a81d9ffd2cf76095a66ad9a ------------------------------------------------------------ People who touched revisions under test: Alex Williamson <alex.william...@redhat.com> Alexey Kardashevskiy <a...@ozlabs.ru> Andreas Färber <afaer...@suse.de> Bastian Koppelmann <kbast...@mail.uni-paderborn.de> Brad Campbell <lists2...@fnarfbargle.com> Cole Robinson <crobi...@redhat.com> Dr. David Alan Gilbert <dgilb...@redhat.com> Gerd Hoffmann <kra...@redhat.com> Gonglei <arei.gong...@huawei.com> Henk Poley <henkpo...@gmail.com> Laszlo Ersek <ler...@redhat.com> Luiz Capitulino <lcapitul...@redhat.com> Peter Maydell <peter.mayd...@linaro.org> Radim KrÄmáŠ<rkrc...@redhat.com> Samuel Pitoiset <samuel.pitoi...@gmail.com> Stefan Hajnoczi <stefa...@redhat.com> zhanghailiang <zhang.zhanghaili...@huawei.com> ------------------------------------------------------------ jobs: build-amd64 pass build-armhf pass build-i386 pass build-amd64-libvirt pass build-armhf-libvirt pass build-i386-libvirt pass build-amd64-pvops broken build-armhf-pvops pass build-i386-pvops pass test-amd64-amd64-xl blocked test-armhf-armhf-xl pass test-amd64-i386-xl pass test-amd64-amd64-xl-pvh-amd blocked test-amd64-i386-rhel6hvm-amd pass test-amd64-i386-qemut-rhel6hvm-amd pass test-amd64-i386-qemuu-rhel6hvm-amd pass test-amd64-amd64-xl-qemut-debianhvm-amd64 blocked test-amd64-i386-xl-qemut-debianhvm-amd64 pass test-amd64-amd64-xl-qemuu-debianhvm-amd64 blocked test-amd64-i386-xl-qemuu-debianhvm-amd64 pass test-amd64-i386-freebsd10-amd64 pass test-amd64-amd64-xl-qemuu-ovmf-amd64 blocked test-amd64-i386-xl-qemuu-ovmf-amd64 pass test-amd64-amd64-xl-qemut-win7-amd64 blocked test-amd64-i386-xl-qemut-win7-amd64 fail test-amd64-amd64-xl-qemuu-win7-amd64 blocked test-amd64-i386-xl-qemuu-win7-amd64 fail test-amd64-amd64-xl-win7-amd64 blocked test-amd64-i386-xl-win7-amd64 fail test-amd64-amd64-xl-credit2 blocked test-armhf-armhf-xl-credit2 pass test-amd64-i386-freebsd10-i386 pass test-amd64-amd64-xl-pcipt-intel blocked test-amd64-amd64-xl-pvh-intel blocked test-amd64-i386-rhel6hvm-intel pass test-amd64-i386-qemut-rhel6hvm-intel pass test-amd64-i386-qemuu-rhel6hvm-intel pass test-amd64-amd64-libvirt blocked test-armhf-armhf-libvirt fail test-amd64-i386-libvirt pass test-armhf-armhf-xl-midway broken test-amd64-amd64-xl-multivcpu blocked test-armhf-armhf-xl-multivcpu pass test-amd64-amd64-pair blocked test-amd64-i386-pair fail test-amd64-amd64-xl-sedf-pin blocked test-armhf-armhf-xl-sedf-pin pass test-amd64-amd64-xl-sedf blocked test-armhf-armhf-xl-sedf pass test-amd64-i386-xl-qemut-winxpsp3-vcpus1 fail test-amd64-i386-xl-qemuu-winxpsp3-vcpus1 fail test-amd64-i386-xl-winxpsp3-vcpus1 fail test-amd64-amd64-xl-qemut-winxpsp3 blocked test-amd64-i386-xl-qemut-winxpsp3 fail test-amd64-amd64-xl-qemuu-winxpsp3 blocked test-amd64-i386-xl-qemuu-winxpsp3 fail test-amd64-amd64-xl-winxpsp3 blocked test-amd64-i386-xl-winxpsp3 fail ------------------------------------------------------------ sg-report-flight on osstest.cam.xci-test.com logs: /home/xc_osstest/logs images: /home/xc_osstest/images Logs, config files, etc. are available at http://www.chiark.greenend.org.uk/~xensrcts/logs Test harness code can be found at http://xenbits.xensource.com/gitweb?p=osstest.git;a=summary broken-step build-amd64-pvops host-install(3) broken-step test-armhf-armhf-xl-midway host-install(3) Not pushing. (No revision log; it would be 720 lines long.)
_______________________________________________ Xen-devel mailing list Xen-devel@lists.xen.org http://lists.xen.org/xen-devel