flight 116304 libvirt real [real] http://logs.test-lab.xenproject.org/osstest/logs/116304/
Failures :-/ but no regressions. Tests which did not succeed, but are not blocking: test-armhf-armhf-libvirt-xsm 14 saverestore-support-check fail like 115476 test-armhf-armhf-libvirt 14 saverestore-support-check fail like 115476 test-armhf-armhf-libvirt-raw 13 saverestore-support-check fail like 115476 test-amd64-i386-libvirt 13 migrate-support-check fail never pass test-amd64-amd64-libvirt 13 migrate-support-check fail never pass test-amd64-i386-libvirt-xsm 13 migrate-support-check fail never pass test-amd64-i386-libvirt-qemuu-debianhvm-amd64-xsm 11 migrate-support-check fail never pass test-amd64-amd64-libvirt-qemuu-debianhvm-amd64-xsm 11 migrate-support-check fail never pass test-amd64-i386-libvirt-qcow2 12 migrate-support-check fail never pass test-amd64-amd64-libvirt-vhd 12 migrate-support-check fail never pass test-armhf-armhf-libvirt-xsm 13 migrate-support-check fail never pass test-armhf-armhf-libvirt 13 migrate-support-check fail never pass test-amd64-amd64-libvirt-xsm 13 migrate-support-check fail never pass test-armhf-armhf-libvirt-raw 12 migrate-support-check fail never pass version targeted for testing: libvirt ce3b585bc4cec7db88da010651fe9fad15bf7173 baseline version: libvirt 1bf893406637e852daeaafec6617d3ee3716de25 Last test of basis 115476 2017-11-02 04:22:37 Z 16 days Failing since 115509 2017-11-03 04:20:26 Z 15 days 15 attempts Testing same since 116304 2017-11-18 04:22:40 Z 0 days 1 attempts ------------------------------------------------------------ People who touched revisions under test: Andrea Bolognani <abolo...@redhat.com> Chen Hanxiao <chenhanx...@gmail.com> Christian Ehrhardt <christian.ehrha...@canonical.com> Daniel P. Berrange <berra...@redhat.com> Daniel Veillard <veill...@redhat.com> Dawid Zamirski <dzamir...@datto.com> Erik Skultety <eskul...@redhat.com> Jim Fehlig <jfeh...@suse.com> Jiri Denemark <jdene...@redhat.com> John Ferlan <jfer...@redhat.com> Julio Faracco <jcfara...@gmail.com> Michal Privoznik <mpriv...@redhat.com> Nikolay Shirokovskiy <nshirokovs...@virtuozzo.com> Pavel Hrdina <phrd...@redhat.com> Peter Krempa <pkre...@redhat.com> Pino Toscano <ptosc...@redhat.com> Viktor Mihajlovski <mihaj...@linux.vnet.ibm.com> Wim ten Have <wim.ten.h...@oracle.com> xinhua.Cao <caoxin...@huawei.com> jobs: build-amd64-xsm pass build-armhf-xsm pass build-i386-xsm pass build-amd64 pass build-armhf pass build-i386 pass build-amd64-libvirt pass build-armhf-libvirt pass build-i386-libvirt pass build-amd64-pvops pass build-armhf-pvops pass build-i386-pvops pass test-amd64-amd64-libvirt-qemuu-debianhvm-amd64-xsm pass test-amd64-i386-libvirt-qemuu-debianhvm-amd64-xsm pass test-amd64-amd64-libvirt-xsm pass test-armhf-armhf-libvirt-xsm pass test-amd64-i386-libvirt-xsm pass test-amd64-amd64-libvirt pass test-armhf-armhf-libvirt pass test-amd64-i386-libvirt pass test-amd64-amd64-libvirt-pair pass test-amd64-i386-libvirt-pair pass test-amd64-i386-libvirt-qcow2 pass test-armhf-armhf-libvirt-raw pass test-amd64-amd64-libvirt-vhd pass ------------------------------------------------------------ sg-report-flight on osstest.test-lab.xenproject.org logs: /home/logs/logs images: /home/logs/images Logs, config files, etc. are available at http://logs.test-lab.xenproject.org/osstest/logs Explanation of these reports, and of osstest in general, is at http://xenbits.xen.org/gitweb/?p=osstest.git;a=blob;f=README.email;hb=master http://xenbits.xen.org/gitweb/?p=osstest.git;a=blob;f=README;hb=master Test harness code can be found at http://xenbits.xen.org/gitweb?p=osstest.git;a=summary Pushing revision : To osst...@xenbits.xen.org:/home/xen/git/libvirt.git 1bf8934..ce3b585 ce3b585bc4cec7db88da010651fe9fad15bf7173 -> xen-tested-master _______________________________________________ Xen-devel mailing list Xen-devel@lists.xen.org https://lists.xen.org/xen-devel