flight 116207 linux-4.9 real [real] http://logs.test-lab.xenproject.org/osstest/logs/116207/
Failures :-/ but no regressions. Tests which did not succeed, but are not blocking: test-amd64-amd64-xl-qemuu-win7-amd64 17 guest-stop fail like 115686 test-amd64-amd64-xl-qemut-win7-amd64 17 guest-stop fail like 115686 test-amd64-i386-xl-qemuu-win7-amd64 17 guest-stop fail like 115686 test-amd64-amd64-xl-qemuu-ws16-amd64 17 guest-stop fail like 115686 test-amd64-i386-xl-qemut-win7-amd64 17 guest-stop fail like 115686 test-amd64-amd64-xl-pvhv2-intel 12 guest-start fail never pass test-amd64-amd64-xl-pvhv2-amd 12 guest-start fail never pass test-amd64-i386-libvirt-xsm 13 migrate-support-check fail never pass test-amd64-amd64-libvirt 13 migrate-support-check fail never pass test-amd64-amd64-libvirt-xsm 13 migrate-support-check fail never pass test-amd64-i386-libvirt 13 migrate-support-check fail never pass test-amd64-i386-libvirt-qcow2 12 migrate-support-check fail never pass test-amd64-i386-libvirt-qemuu-debianhvm-amd64-xsm 11 migrate-support-check fail never pass test-armhf-armhf-xl-arndale 13 migrate-support-check fail never pass test-armhf-armhf-xl-arndale 14 saverestore-support-check fail never pass test-amd64-amd64-libvirt-qemuu-debianhvm-amd64-xsm 11 migrate-support-check fail never pass test-amd64-amd64-qemuu-nested-amd 17 debian-hvm-install/l1/l2 fail never pass test-amd64-amd64-libvirt-vhd 12 migrate-support-check fail never pass test-armhf-armhf-libvirt 13 migrate-support-check fail never pass test-armhf-armhf-xl-multivcpu 13 migrate-support-check fail never pass test-armhf-armhf-libvirt 14 saverestore-support-check fail never pass test-armhf-armhf-xl-multivcpu 14 saverestore-support-check fail never pass test-armhf-armhf-xl-cubietruck 13 migrate-support-check fail never pass test-armhf-armhf-xl-cubietruck 14 saverestore-support-check fail never pass test-armhf-armhf-xl-rtds 13 migrate-support-check fail never pass test-armhf-armhf-xl-rtds 14 saverestore-support-check fail never pass test-armhf-armhf-libvirt-xsm 13 migrate-support-check fail never pass test-armhf-armhf-libvirt-xsm 14 saverestore-support-check fail never pass test-armhf-armhf-xl-credit2 13 migrate-support-check fail never pass test-armhf-armhf-xl-credit2 14 saverestore-support-check fail never pass test-armhf-armhf-xl-xsm 13 migrate-support-check fail never pass test-armhf-armhf-xl-xsm 14 saverestore-support-check fail never pass test-armhf-armhf-libvirt-raw 12 migrate-support-check fail never pass test-armhf-armhf-libvirt-raw 13 saverestore-support-check fail never pass test-amd64-i386-xl-qemuu-ws16-amd64 17 guest-stop fail never pass test-armhf-armhf-xl-vhd 12 migrate-support-check fail never pass test-armhf-armhf-xl-vhd 13 saverestore-support-check fail never pass test-armhf-armhf-xl 13 migrate-support-check fail never pass test-armhf-armhf-xl 14 saverestore-support-check fail never pass test-amd64-amd64-xl-qemut-ws16-amd64 17 guest-stop fail never pass test-amd64-i386-xl-qemut-ws16-amd64 17 guest-stop fail never pass test-amd64-i386-xl-qemut-win10-i386 10 windows-install fail never pass test-amd64-amd64-xl-qemut-win10-i386 10 windows-install fail never pass test-amd64-amd64-xl-qemuu-win10-i386 10 windows-install fail never pass test-amd64-i386-xl-qemuu-win10-i386 10 windows-install fail never pass version targeted for testing: linux 9b609ba2c2df8290054e5c62be69101b43e2a976 baseline version: linux 5caae9d1419914177994363218616b869659e871 Last test of basis 115686 2017-11-08 21:47:43 Z 7 days Testing same since 116207 2017-11-15 15:27:53 Z 0 days 1 attempts ------------------------------------------------------------ People who touched revisions under test: Akinobu Mita <akinobu.m...@gmail.com> Alexander Stein <alexander.st...@systec-electronic.com> Alison Schofield <amsfiel...@gmail.com> Amit Pundir <amit.pun...@linaro.org> Andrey Ryabinin <aryabi...@virtuozzo.com> Archit Taneja <arch...@codeaurora.org> Arend van Spriel <arend.vanspr...@broadcom.com> Bart Van Assche <bart.vanass...@sandisk.com> Bartlomiej Zolnierkiewicz <b.zolnier...@samsung.com> Bhaskar Upadhaya <bhaskar.upadh...@nxp.com> Bjorn Andersson <bjorn.anders...@linaro.org> Bjorn Helgaas <bhelg...@google.com> Boris Ostrovsky <boris.ostrov...@oracle.com> Borislav Petkov <b...@suse.de> Carlo Caione <ca...@endlessm.com> Chanwoo Choi <cw00.c...@samsung.com> Daniel Vetter <daniel.vet...@ffwll.ch> Darren Hart (VMware) <dvh...@infradead.org> David Howells <dhowe...@redhat.com> David Lechner <da...@lechnology.com> David S. Miller <da...@davemloft.net> Dmitry Torokhov <dmitry.torok...@gmail.com> Doug Ledford <dledf...@redhat.com> Enrico Mioso <mrkiko...@gmail.com> Erez Shitrit <ere...@mellanox.com> Eric Biggers <ebigg...@google.com> Fengguang Wu <fengguang...@intel.com> Feras Daoud <fera...@mellanox.com> Frederic Barrat <fbar...@linux.vnet.ibm.com> Frederic Weisbecker <fweis...@gmail.com> Gabriel Fernandez <gabriel.fernan...@st.com> Gerhard Bertelsmann <i...@gerhard-bertelsmann.de> Gilad Ben-Yossef <gi...@benyossef.com> Greg Kroah-Hartman <gre...@linuxfoundation.org> Gustavo A. R. Silva <garsi...@embeddedor.com> Hans Verkuil <hans.verk...@cisco.com> Harninder Rai <harninder....@nxp.com> Heiko Carstens <heiko.carst...@de.ibm.com> Herbert Xu <herb...@gondor.apana.org.au> Ilya Dryomov <idryo...@gmail.com> Ingo Molnar <mi...@kernel.org> Jaedon Shin <jaedon.s...@gmail.com> James Hogan <jho...@kernel.org> James Morris <james.l.mor...@oracle.com> Jason Cooper <ja...@lakedaemon.net> Jason Gunthorpe <jguntho...@obsidianresearch.com> John Johansen <john.johan...@canonical.com> John Stultz <john.stu...@linaro.org> Jonas Gorski <jonas.gor...@gmail.com> Jonathan Cameron <ji...@kernel.org> Juergen Gross <jgr...@suse.com> Julian Wiedmann <j...@linux.vnet.ibm.com> Kai-Heng Feng <kai.heng.f...@canonical.com> Kalle Valo <kv...@codeaurora.org> Kalle Valo <kv...@qca.qualcomm.com> Krzysztof Kozlowski <k...@kernel.org> Lars-Peter Clausen <l...@metafoo.de> Laurent Pinchart <laurent.pinchart+rene...@ideasonboard.com> Laurent Pinchart <laurent.pinch...@ideasonboard.com> Leon Romanovsky <l...@kernel.org> Li Bin <huawei.li...@huawei.com> Li Zhong <zh...@linux.vnet.ibm.com> Linus Walleij <linus.wall...@linaro.org> Liping Zhang <zlpnob...@gmail.com> Liviu Dudau <liviu.du...@arm.com> Luis R. Rodriguez <mcg...@kernel.org> Maarten Lankhorst <maarten.lankho...@linux.intel.com> Maciej W. Rozycki <ma...@linux-mips.org> Magnus Ãberg <magnus.ob...@westermo.se> Marc Kleine-Budde <m...@pengutronix.de> Marcus Cooper <codekip...@gmail.com> Marek Szyprowski <m.szyprow...@samsung.com> Marek Vasut <ma...@denx.de> Mark Brown <broo...@kernel.org> Mark Rutland <mark.rutl...@arm.com> Martin Schwidefsky <schwidef...@de.ibm.com> Matija Glavinic Pecotic <matija.glavinic-pecotic....@nokia.com> Matt Redfearn <matt.redfe...@imgtec.com> Mauro Carvalho Chehab <mche...@s-opensource.com> Maxime Ripard <maxime.rip...@free-electrons.com> Michael Ellerman <m...@ellerman.id.au> Mihail Atanassov <mihail.atanas...@arm.com> Nate Watterson <nwatt...@codeaurora.org> Nhan Nguyen <nhan.nguyen...@renesas.com> Niklas Söderlund <niklas.soderlund+rene...@ragnatech.se> Noralf Trønnes <nor...@tronnes.org> Oswald Buddenhagen <oswald.buddenha...@gmx.de> Pablo Neira Ayuso <pa...@netfilter.org> Pan Bian <bianpan2...@163.com> Patrice Chotard <patrice.chot...@st.com> Patrick Bruenn <p.bru...@beckhoff.com> Paul Burton <paul.bur...@mips.com> Paul Mackerras <pau...@ozlabs.org> Pavel Tatashin <pasha.tatas...@oracle.com> Peter Meerwald-Stadler <pme...@pmeerw.net> Peter Zijlstra (Intel) <pet...@infradead.org> Peter Zijlstra <pet...@infradead.org> Rafael J. Wysocki <rafael.j.wyso...@intel.com> RafaÅ MiÅecki <ra...@milecki.pl> Ralf Baechle <r...@linux-mips.org> Randy Dunlap <rdun...@infradead.org> Richard Schütz <rschu...@uni-koblenz.de> Rob Herring <r...@kernel.org> Rodrigo Vivi <rodrigo.v...@intel.com> Roger Quadros <rog...@ti.com> Romain Izard <romain.izard....@gmail.com> Russell King <rmk+ker...@armlinux.org.uk> Sasha Levin <alexander.le...@verizon.com> Scott Wood <o...@buserror.net> Sekhar Nori <nsek...@ti.com> Shawn Guo <shawn...@kernel.org> Sinclair Yeh <s...@vmware.com> Stanislaw Gruszka <sgrus...@redhat.com> Steffen Klassert <steffen.klass...@secunet.com> Stephen Boyd <sb...@codeaurora.org> Sylwester Nawrocki <s.nawro...@samsung.com> Takashi Iwai <ti...@suse.de> Tejun Heo <t...@kernel.org> Thomas Gleixner <t...@linutronix.de> Thomas Petazzoni <thomas.petazz...@free-electrons.com> Tim Chen Tony Lindgren <t...@atomide.com> Ursula Braun <ubr...@linux.vnet.ibm.com> Vaibhav Jain <vaib...@linux.vnet.ibm.com> Valentin Longchamp <valentin.longch...@keymile.com> Ville Syrjälä <ville.syrj...@linux.intel.com> Viresh Kumar <viresh.ku...@linaro.org> Vivien Didelot <vivien.dide...@savoirfairelinux.com> Volodymyr Bendiuga <volodymyr.bendi...@gmail.com> Will Deacon <will.dea...@arm.com> William wu <w...@rock-chips.com> Yazen Ghannam <yazen.ghan...@amd.com> jobs: build-amd64-xsm pass build-armhf-xsm pass build-i386-xsm pass build-amd64 pass build-armhf pass build-i386 pass build-amd64-libvirt pass build-armhf-libvirt pass build-i386-libvirt pass build-amd64-pvops pass build-armhf-pvops pass build-i386-pvops pass build-amd64-rumprun pass build-i386-rumprun pass test-amd64-amd64-xl pass test-armhf-armhf-xl pass test-amd64-i386-xl pass test-amd64-amd64-xl-qemut-debianhvm-amd64-xsm pass test-amd64-i386-xl-qemut-debianhvm-amd64-xsm pass test-amd64-amd64-libvirt-qemuu-debianhvm-amd64-xsm pass test-amd64-i386-libvirt-qemuu-debianhvm-amd64-xsm pass test-amd64-amd64-xl-qemuu-debianhvm-amd64-xsm pass test-amd64-i386-xl-qemuu-debianhvm-amd64-xsm pass test-amd64-amd64-xl-qemut-stubdom-debianhvm-amd64-xsm pass test-amd64-i386-xl-qemut-stubdom-debianhvm-amd64-xsm pass test-amd64-amd64-libvirt-xsm pass test-armhf-armhf-libvirt-xsm pass test-amd64-i386-libvirt-xsm pass test-amd64-amd64-xl-xsm pass test-armhf-armhf-xl-xsm pass test-amd64-i386-xl-xsm pass test-amd64-amd64-qemuu-nested-amd fail test-amd64-amd64-xl-pvhv2-amd fail test-amd64-i386-qemut-rhel6hvm-amd pass test-amd64-i386-qemuu-rhel6hvm-amd pass test-amd64-amd64-xl-qemut-debianhvm-amd64 pass test-amd64-i386-xl-qemut-debianhvm-amd64 pass test-amd64-amd64-xl-qemuu-debianhvm-amd64 pass test-amd64-i386-xl-qemuu-debianhvm-amd64 pass test-amd64-i386-freebsd10-amd64 pass test-amd64-amd64-xl-qemuu-ovmf-amd64 pass test-amd64-i386-xl-qemuu-ovmf-amd64 pass test-amd64-amd64-rumprun-amd64 pass test-amd64-amd64-xl-qemut-win7-amd64 fail test-amd64-i386-xl-qemut-win7-amd64 fail test-amd64-amd64-xl-qemuu-win7-amd64 fail test-amd64-i386-xl-qemuu-win7-amd64 fail test-amd64-amd64-xl-qemut-ws16-amd64 fail test-amd64-i386-xl-qemut-ws16-amd64 fail test-amd64-amd64-xl-qemuu-ws16-amd64 fail test-amd64-i386-xl-qemuu-ws16-amd64 fail test-armhf-armhf-xl-arndale pass test-amd64-amd64-xl-credit2 pass test-armhf-armhf-xl-credit2 pass test-armhf-armhf-xl-cubietruck pass test-amd64-amd64-examine pass test-armhf-armhf-examine pass test-amd64-i386-examine pass test-amd64-i386-freebsd10-i386 pass test-amd64-i386-rumprun-i386 pass test-amd64-amd64-xl-qemut-win10-i386 fail test-amd64-i386-xl-qemut-win10-i386 fail test-amd64-amd64-xl-qemuu-win10-i386 fail test-amd64-i386-xl-qemuu-win10-i386 fail test-amd64-amd64-qemuu-nested-intel pass test-amd64-amd64-xl-pvhv2-intel fail test-amd64-i386-qemut-rhel6hvm-intel pass test-amd64-i386-qemuu-rhel6hvm-intel pass test-amd64-amd64-libvirt pass test-armhf-armhf-libvirt pass test-amd64-i386-libvirt pass test-amd64-amd64-xl-multivcpu pass test-armhf-armhf-xl-multivcpu pass test-amd64-amd64-pair pass test-amd64-i386-pair pass test-amd64-amd64-libvirt-pair pass test-amd64-i386-libvirt-pair pass test-amd64-amd64-amd64-pvgrub pass test-amd64-amd64-i386-pvgrub pass test-amd64-amd64-pygrub pass test-amd64-i386-libvirt-qcow2 pass test-amd64-amd64-xl-qcow2 pass test-armhf-armhf-libvirt-raw pass test-amd64-i386-xl-raw pass test-amd64-amd64-xl-rtds pass test-armhf-armhf-xl-rtds pass test-amd64-amd64-libvirt-vhd pass test-armhf-armhf-xl-vhd pass ------------------------------------------------------------ sg-report-flight on osstest.test-lab.xenproject.org logs: /home/logs/logs images: /home/logs/images Logs, config files, etc. are available at http://logs.test-lab.xenproject.org/osstest/logs Explanation of these reports, and of osstest in general, is at http://xenbits.xen.org/gitweb/?p=osstest.git;a=blob;f=README.email;hb=master http://xenbits.xen.org/gitweb/?p=osstest.git;a=blob;f=README;hb=master Test harness code can be found at http://xenbits.xen.org/gitweb?p=osstest.git;a=summary Pushing revision : To osst...@xenbits.xen.org:/home/xen/git/linux-pvops.git 5caae9d..9b609ba 9b609ba2c2df8290054e5c62be69101b43e2a976 -> tested/linux-4.9
_______________________________________________ Xen-devel mailing list Xen-devel@lists.xen.org https://lists.xen.org/xen-devel