flight 116193 linux-3.18 real [real] http://logs.test-lab.xenproject.org/osstest/logs/116193/
Failures :-/ but no regressions. Regressions which are regarded as allowable (not blocking): test-amd64-i386-rumprun-i386 17 rumprun-demo-xenstorels/xenstorels.repeat fail REGR. vs. 116140 Tests which did not succeed, but are not blocking: test-armhf-armhf-libvirt 14 saverestore-support-check fail like 116140 test-amd64-amd64-xl-qemuu-win7-amd64 17 guest-stop fail like 116140 test-armhf-armhf-libvirt-raw 13 saverestore-support-check fail like 116140 test-amd64-amd64-xl-qemut-win7-amd64 17 guest-stop fail like 116140 test-amd64-i386-xl-qemuu-win7-amd64 17 guest-stop fail like 116140 test-amd64-i386-xl-qemut-win7-amd64 17 guest-stop fail like 116140 test-armhf-armhf-libvirt-xsm 14 saverestore-support-check fail like 116140 test-amd64-amd64-xl-pvhv2-intel 12 guest-start fail never pass test-amd64-amd64-xl-pvhv2-amd 12 guest-start fail never pass test-amd64-amd64-libvirt 13 migrate-support-check fail never pass test-amd64-i386-libvirt-xsm 13 migrate-support-check fail never pass test-amd64-amd64-libvirt-xsm 13 migrate-support-check fail never pass test-amd64-i386-libvirt 13 migrate-support-check fail never pass test-amd64-i386-libvirt-qcow2 12 migrate-support-check fail never pass test-amd64-i386-libvirt-qemuu-debianhvm-amd64-xsm 11 migrate-support-check fail never pass test-amd64-amd64-libvirt-qemuu-debianhvm-amd64-xsm 11 migrate-support-check fail never pass test-amd64-amd64-libvirt-vhd 12 migrate-support-check fail never pass test-amd64-amd64-qemuu-nested-amd 17 debian-hvm-install/l1/l2 fail never pass test-armhf-armhf-xl-cubietruck 13 migrate-support-check fail never pass test-armhf-armhf-xl-cubietruck 14 saverestore-support-check fail never pass test-armhf-armhf-libvirt 13 migrate-support-check fail never pass test-armhf-armhf-xl 13 migrate-support-check fail never pass test-armhf-armhf-xl 14 saverestore-support-check fail never pass test-armhf-armhf-xl-rtds 13 migrate-support-check fail never pass test-armhf-armhf-xl-rtds 14 saverestore-support-check fail never pass test-amd64-i386-xl-qemuu-ws16-amd64 17 guest-stop fail never pass test-armhf-armhf-libvirt-raw 12 migrate-support-check fail never pass test-armhf-armhf-xl-arndale 13 migrate-support-check fail never pass test-armhf-armhf-xl-arndale 14 saverestore-support-check fail never pass test-armhf-armhf-xl-xsm 13 migrate-support-check fail never pass test-armhf-armhf-xl-xsm 14 saverestore-support-check fail never pass test-armhf-armhf-xl-credit2 13 migrate-support-check fail never pass test-armhf-armhf-xl-credit2 14 saverestore-support-check fail never pass test-armhf-armhf-libvirt-xsm 13 migrate-support-check fail never pass test-armhf-armhf-xl-multivcpu 13 migrate-support-check fail never pass test-armhf-armhf-xl-multivcpu 14 saverestore-support-check fail never pass test-amd64-amd64-xl-qemuu-ws16-amd64 17 guest-stop fail never pass test-amd64-i386-xl-qemut-ws16-amd64 17 guest-stop fail never pass test-armhf-armhf-xl-vhd 12 migrate-support-check fail never pass test-armhf-armhf-xl-vhd 13 saverestore-support-check fail never pass test-amd64-amd64-xl-qemut-ws16-amd64 17 guest-stop fail never pass test-amd64-amd64-xl-qemut-win10-i386 10 windows-install fail never pass test-amd64-i386-xl-qemuu-win10-i386 10 windows-install fail never pass test-amd64-amd64-xl-qemuu-win10-i386 10 windows-install fail never pass test-amd64-i386-xl-qemut-win10-i386 10 windows-install fail never pass version targeted for testing: linux 37cdf969145fd1590b1590df5b3695245e17f01b baseline version: linux 943dc0b3ef9f0168494d6dca305cd0cf53a0b3d4 Last test of basis 116140 2017-11-13 13:24:22 Z 2 days Testing same since 116193 2017-11-15 09:23:03 Z 0 days 1 attempts ------------------------------------------------------------ People who touched revisions under test: Akinobu Mita <akinobu.m...@gmail.com> Alison Schofield <amsfiel...@gmail.com> Andrey Ryabinin <aryabi...@virtuozzo.com> Bartlomiej Zolnierkiewicz <b.zolnier...@samsung.com> Boris Ostrovsky <boris.ostrov...@oracle.com> Borislav Petkov <b...@suse.de> Daniel Vetter <daniel.vet...@ffwll.ch> David Howells <dhowe...@redhat.com> David Lechner <da...@lechnology.com> David S. Miller <da...@davemloft.net> Dmitry Torokhov <dmitry.torok...@gmail.com> Doug Ledford <dledf...@redhat.com> Erez Shitrit <ere...@mellanox.com> Eric Biggers <ebigg...@google.com> Fengguang Wu <fengguang...@intel.com> Feras Daoud <fera...@mellanox.com> Gilad Ben-Yossef <gi...@benyossef.com> Greg Kroah-Hartman <gre...@linuxfoundation.org> Gustavo A. R. Silva <garsi...@embeddedor.com> Herbert Xu <herb...@gondor.apana.org.au> Ilya Dryomov <idryo...@gmail.com> James Hogan <jho...@kernel.org> James Morris <james.l.mor...@oracle.com> Jonas Gorski <jonas.gor...@gmail.com> Jonathan Cameron <ji...@kernel.org> Juergen Gross <jgr...@suse.com> Laurent Pinchart <laurent.pinchart+rene...@ideasonboard.com> Leon Romanovsky <l...@kernel.org> Maciej W. Rozycki <ma...@linux-mips.org> Magnus Ãberg <magnus.ob...@westermo.se> Marc Kleine-Budde <m...@pengutronix.de> Mark Rutland <mark.rutl...@arm.com> Noralf Trønnes <nor...@tronnes.org> Oswald Buddenhagen <oswald.buddenha...@gmx.de> Patrick Bruenn <p.bru...@beckhoff.com> Paul Burton <paul.bur...@mips.com> Richard Schütz <rschu...@uni-koblenz.de> Rob Herring <r...@kernel.org> Roger Quadros <rog...@ti.com> Russell King <rmk+ker...@armlinux.org.uk> Sasha Levin <alexander.le...@verizon.com> Sekhar Nori <nsek...@ti.com> Shawn Guo <shawn...@kernel.org> Steffen Klassert <steffen.klass...@secunet.com> Takashi Iwai <ti...@suse.de> Thomas Gleixner <t...@linutronix.de> Tony Lindgren <t...@atomide.com> Volodymyr Bendiuga <volodymyr.bendi...@gmail.com> William wu <w...@rock-chips.com> jobs: build-amd64-xsm pass build-armhf-xsm pass build-i386-xsm pass build-amd64 pass build-armhf pass build-i386 pass build-amd64-libvirt pass build-armhf-libvirt pass build-i386-libvirt pass build-amd64-pvops pass build-armhf-pvops pass build-i386-pvops pass build-amd64-rumprun pass build-i386-rumprun pass test-amd64-amd64-xl pass test-armhf-armhf-xl pass test-amd64-i386-xl pass test-amd64-amd64-xl-qemut-debianhvm-amd64-xsm pass test-amd64-i386-xl-qemut-debianhvm-amd64-xsm pass test-amd64-amd64-libvirt-qemuu-debianhvm-amd64-xsm pass test-amd64-i386-libvirt-qemuu-debianhvm-amd64-xsm pass test-amd64-amd64-xl-qemuu-debianhvm-amd64-xsm pass test-amd64-i386-xl-qemuu-debianhvm-amd64-xsm pass test-amd64-amd64-xl-qemut-stubdom-debianhvm-amd64-xsm pass test-amd64-i386-xl-qemut-stubdom-debianhvm-amd64-xsm pass test-amd64-amd64-libvirt-xsm pass test-armhf-armhf-libvirt-xsm pass test-amd64-i386-libvirt-xsm pass test-amd64-amd64-xl-xsm pass test-armhf-armhf-xl-xsm pass test-amd64-i386-xl-xsm pass test-amd64-amd64-qemuu-nested-amd fail test-amd64-amd64-xl-pvhv2-amd fail test-amd64-i386-qemut-rhel6hvm-amd pass test-amd64-i386-qemuu-rhel6hvm-amd pass test-amd64-amd64-xl-qemut-debianhvm-amd64 pass test-amd64-i386-xl-qemut-debianhvm-amd64 pass test-amd64-amd64-xl-qemuu-debianhvm-amd64 pass test-amd64-i386-xl-qemuu-debianhvm-amd64 pass test-amd64-i386-freebsd10-amd64 pass test-amd64-amd64-xl-qemuu-ovmf-amd64 pass test-amd64-i386-xl-qemuu-ovmf-amd64 pass test-amd64-amd64-rumprun-amd64 pass test-amd64-amd64-xl-qemut-win7-amd64 fail test-amd64-i386-xl-qemut-win7-amd64 fail test-amd64-amd64-xl-qemuu-win7-amd64 fail test-amd64-i386-xl-qemuu-win7-amd64 fail test-amd64-amd64-xl-qemut-ws16-amd64 fail test-amd64-i386-xl-qemut-ws16-amd64 fail test-amd64-amd64-xl-qemuu-ws16-amd64 fail test-amd64-i386-xl-qemuu-ws16-amd64 fail test-armhf-armhf-xl-arndale pass test-amd64-amd64-xl-credit2 pass test-armhf-armhf-xl-credit2 pass test-armhf-armhf-xl-cubietruck pass test-amd64-amd64-examine pass test-armhf-armhf-examine pass test-amd64-i386-examine pass test-amd64-i386-freebsd10-i386 pass test-amd64-i386-rumprun-i386 fail test-amd64-amd64-xl-qemut-win10-i386 fail test-amd64-i386-xl-qemut-win10-i386 fail test-amd64-amd64-xl-qemuu-win10-i386 fail test-amd64-i386-xl-qemuu-win10-i386 fail test-amd64-amd64-qemuu-nested-intel pass test-amd64-amd64-xl-pvhv2-intel fail test-amd64-i386-qemut-rhel6hvm-intel pass test-amd64-i386-qemuu-rhel6hvm-intel pass test-amd64-amd64-libvirt pass test-armhf-armhf-libvirt pass test-amd64-i386-libvirt pass test-amd64-amd64-xl-multivcpu pass test-armhf-armhf-xl-multivcpu pass test-amd64-amd64-pair pass test-amd64-i386-pair pass test-amd64-amd64-libvirt-pair pass test-amd64-i386-libvirt-pair pass test-amd64-amd64-amd64-pvgrub pass test-amd64-amd64-i386-pvgrub pass test-amd64-amd64-pygrub pass test-amd64-i386-libvirt-qcow2 pass test-amd64-amd64-xl-qcow2 pass test-armhf-armhf-libvirt-raw pass test-amd64-i386-xl-raw pass test-amd64-amd64-xl-rtds pass test-armhf-armhf-xl-rtds pass test-amd64-amd64-libvirt-vhd pass test-armhf-armhf-xl-vhd pass ------------------------------------------------------------ sg-report-flight on osstest.test-lab.xenproject.org logs: /home/logs/logs images: /home/logs/images Logs, config files, etc. are available at http://logs.test-lab.xenproject.org/osstest/logs Explanation of these reports, and of osstest in general, is at http://xenbits.xen.org/gitweb/?p=osstest.git;a=blob;f=README.email;hb=master http://xenbits.xen.org/gitweb/?p=osstest.git;a=blob;f=README;hb=master Test harness code can be found at http://xenbits.xen.org/gitweb?p=osstest.git;a=summary Pushing revision : To osst...@xenbits.xen.org:/home/xen/git/linux-pvops.git 943dc0b..37cdf96 37cdf969145fd1590b1590df5b3695245e17f01b -> tested/linux-3.18
_______________________________________________ Xen-devel mailing list Xen-devel@lists.xen.org https://lists.xen.org/xen-devel