flight 116136 linux-linus real [real] http://logs.test-lab.xenproject.org/osstest/logs/116136/
Regressions :-( Tests which did not succeed and are blocking, including tests which could not be run: test-armhf-armhf-xl-credit2 10 debian-install fail REGR. vs. 115643 test-amd64-amd64-libvirt-vhd 17 guest-start/debian.repeat fail REGR. vs. 115643 Tests which did not succeed, but are not blocking: test-armhf-armhf-libvirt-xsm 14 saverestore-support-check fail like 115643 test-amd64-amd64-xl-qemuu-win7-amd64 17 guest-stop fail like 115643 test-amd64-i386-xl-qemuu-win7-amd64 17 guest-stop fail like 115643 test-armhf-armhf-libvirt 14 saverestore-support-check fail like 115643 test-amd64-i386-xl-qemut-win7-amd64 17 guest-stop fail like 115643 test-amd64-amd64-xl-qemuu-ws16-amd64 17 guest-stop fail like 115643 test-amd64-amd64-xl-qemut-win7-amd64 17 guest-stop fail like 115643 test-amd64-amd64-xl-qemut-ws16-amd64 17 guest-stop fail like 115643 test-armhf-armhf-libvirt-raw 13 saverestore-support-check fail like 115643 test-armhf-armhf-xl-vhd 15 guest-start/debian.repeat fail like 115643 test-amd64-amd64-libvirt 13 migrate-support-check fail never pass test-amd64-amd64-libvirt-xsm 13 migrate-support-check fail never pass test-amd64-i386-libvirt 13 migrate-support-check fail never pass test-amd64-i386-libvirt-xsm 13 migrate-support-check fail never pass test-amd64-i386-libvirt-qcow2 12 migrate-support-check fail never pass test-amd64-amd64-libvirt-qemuu-debianhvm-amd64-xsm 11 migrate-support-check fail never pass test-amd64-i386-libvirt-qemuu-debianhvm-amd64-xsm 11 migrate-support-check fail never pass test-armhf-armhf-xl-arndale 13 migrate-support-check fail never pass test-armhf-armhf-xl-arndale 14 saverestore-support-check fail never pass test-amd64-amd64-libvirt-vhd 12 migrate-support-check fail never pass test-amd64-amd64-qemuu-nested-amd 17 debian-hvm-install/l1/l2 fail never pass test-armhf-armhf-xl-xsm 13 migrate-support-check fail never pass test-armhf-armhf-xl-xsm 14 saverestore-support-check fail never pass test-armhf-armhf-libvirt-xsm 13 migrate-support-check fail never pass test-armhf-armhf-xl 13 migrate-support-check fail never pass test-armhf-armhf-xl 14 saverestore-support-check fail never pass test-armhf-armhf-xl-cubietruck 13 migrate-support-check fail never pass test-armhf-armhf-xl-cubietruck 14 saverestore-support-check fail never pass test-armhf-armhf-xl-multivcpu 13 migrate-support-check fail never pass test-armhf-armhf-xl-multivcpu 14 saverestore-support-check fail never pass test-armhf-armhf-libvirt 13 migrate-support-check fail never pass test-armhf-armhf-xl-rtds 13 migrate-support-check fail never pass test-armhf-armhf-xl-rtds 14 saverestore-support-check fail never pass test-amd64-i386-xl-qemuu-ws16-amd64 17 guest-stop fail never pass test-armhf-armhf-libvirt-raw 12 migrate-support-check fail never pass test-amd64-i386-xl-qemut-ws16-amd64 17 guest-stop fail never pass test-armhf-armhf-xl-vhd 12 migrate-support-check fail never pass test-armhf-armhf-xl-vhd 13 saverestore-support-check fail never pass test-amd64-i386-xl-qemuu-win10-i386 10 windows-install fail never pass test-amd64-amd64-xl-qemut-win10-i386 10 windows-install fail never pass test-amd64-amd64-xl-qemuu-win10-i386 10 windows-install fail never pass test-amd64-i386-xl-qemut-win10-i386 10 windows-install fail never pass version targeted for testing: linux 516fb7f2e73dcc303fb97fc3593209fcacf2d982 baseline version: linux e4880bc5dfb1f02b152e62a894b5c6f3e995b3cf Last test of basis 115643 2017-11-07 12:06:20 Z 6 days Failing since 115658 2017-11-08 02:33:06 Z 6 days 9 attempts Testing same since 116136 2017-11-13 09:48:27 Z 0 days 1 attempts ------------------------------------------------------------ People who touched revisions under test: Alexander Shishkin <alexander.shish...@linux.intel.com> Andrei Vagin <ava...@openvz.org> Andrew Morton <a...@linux-foundation.org> Andrey Konovalov <andreyk...@google.com> Arnaldo Carvalho de Melo <a...@kernel.org> Arnaldo Carvalho de Melo <a...@redhat.com> Arnd Bergmann <a...@arndb.de> Arvind Yadav <arvind.yadav...@gmail.com> Benjamin Tissoires <benjamion.tissoi...@redhat.com> Bjorn Andersson <bjorn.anders...@linaro.org> Bjorn Helgaas <bhelg...@google.com> Bjørn Mork <bj...@mork.no> Borislav Petkov <b...@suse.de> Chris Redpath <chris.redp...@arm.com> Chris Wilson <ch...@chris-wilson.co.uk> Colin Ian King <colin.k...@canonical.com> Cong Wang <xiyou.wangc...@gmail.com> Daniel Thompson <daniel.thomp...@linaro.org> Dave Airlie <airl...@redhat.com> David Howells <dhowe...@redhat.com> David S. Miller <da...@davemloft.net> Dmitry Torokhov <dmitry.torok...@gmail.com> Eric Biggers <ebigg...@google.com> Eric Dumazet <eduma...@google.com> Eugenia Emantayev <euge...@mellanox.com> Fengguang Wu <fengguang...@intel.com> Feras Daoud <fera...@mellanox.com> Florian Westphal <f...@strlen.de> Gabriele Paoloni <gabriele.paol...@huawei.com> Ganesh Goudar <ganes...@chelsio.com> Gerhard Bertelsmann <i...@gerhard-bertelsmann.de> Guillaume Nault <g.na...@alphalink.fr> Gustavo A. R. Silva <garsi...@embeddedor.com> Hangbin Liu <liuhang...@gmail.com> Hannes Reinecke <h...@suse.de> Hui Wang <hui.w...@canonical.com> Huy Nguyen <h...@mellanox.com> HÃ¥kon Bugge <haakon.bu...@oracle.com> Ilya Dryomov <idryo...@gmail.com> Inbar Karmy <inb...@mellanox.com> Ingo Molnar <mi...@kernel.org> Jaedon Shin <jaedon.s...@gmail.com> James Hogan <jho...@kernel.org> James Morris <james.l.mor...@oracle.com> Jarkko Sakkinen <jarkko.sakki...@linux.intel.com> Jay Vosburgh <jay.vosbu...@canonical.com> Jiri Kosina <jkos...@suse.cz> Jiri Olsa <jo...@kernel.org> Jiri Olsa <jo...@redhat.com> John Johansen <john.johan...@canonical.com> Jonas Gorski <jonas.gor...@gmail.com> Josh Poimboeuf <jpoim...@redhat.com> Julian Anastasov <j...@ssi.bg> Jussi Laako <ju...@sonarnerd.net> Jérôme Glisse <jgli...@redhat.com> Kai-Heng Feng <kai.heng.f...@canonical.com> Kees Cook <keesc...@chromium.org> Kelly French <kfre...@federalhill.net> Kirill A. Shutemov <kirill.shute...@linux.intel.com> Kristian Evensen <kristian.even...@gmail.com> Linus Torvalds <torva...@linux-foundation.org> Lorenzo Pieralisi <lorenzo.pieral...@arm.com> Maciej W. Rozycki <ma...@mips.com> Mahesh Bandewar <mahe...@google.com> Marc Kleine-Budde <m...@pengutronix.de> Marc Zyngier <marc.zyng...@arm.com> Marek Vasut <ma...@denx.de> Mark Rutland <mark.rutl...@arm.com> Martin K. Petersen <martin.peter...@oracle.com> Martin KaFai Lau <ka...@fb.com> Martin Kepplinger <mart...@posteo.de> Michal Hocko <mho...@suse.com> Neal Cardwell <ncardw...@google.com> Oliver Neukum <oneu...@suse.com> Oswald Buddenhagen <oswald.buddenha...@gmx.de> Paolo Abeni <pab...@redhat.com> Paul Mackerras <pau...@ozlabs.org> Paul Menzel <pmen...@molgen.mpg.de> Paul Moore <p...@paul-moore.com> Pavel Tatashin <pasha.tatas...@oracle.com> Priyaranjan Jha <priyar...@google.com> Radim KrÄmáŠ<rkrc...@redhat.com> Rafael J. Wysocki <rafael.j.wyso...@intel.com> Randy Dunlap <rdun...@infradead.org> Richard Schütz <rschu...@uni-koblenz.de> Rodrigo Vivi <rodrigo.v...@intel.com> Russell King <rmk+ker...@armlinux.org.uk> Saeed Mahameed <sae...@mellanox.com> Santosh Shilimkar <santosh.shilim...@oracle.com> Sebastian Andrzej Siewior <bige...@linutronix.de> Simon Horman <ho...@verge.net.au> Sinclair Yeh <s...@vmware.com> Steffen Klassert <steffen.klass...@secunet.com> Stephane Grosjean <s.grosj...@peak-system.com> Stephen Smalley <s...@tycho.nsa.gov> Takashi Iwai <ti...@suse.de> Tejun Heo <t...@kernel.org> Thomas Gleixner <t...@linutronix.de> Tvrtko Ursulin <tvrtko.ursu...@intel.com> Viresh Kumar <viresh.ku...@linaro.org> Vivien Didelot <vivien.dide...@savoirfairelinux.com> Wei Zhou <chouryz...@gmail.com> Will Deacon <will.dea...@arm.com> Ye Yin <hust...@gmail.com> Yiannis Marangos <yiannis.maran...@gmail.com> Yonghong Song <y...@fb.com> Yousuk Seung <ysse...@google.com> Yuchung Cheng <ych...@google.com> Zhou Wang <wangzh...@hisilicon.com> jobs: build-amd64-xsm pass build-armhf-xsm pass build-i386-xsm pass build-amd64 pass build-armhf pass build-i386 pass build-amd64-libvirt pass build-armhf-libvirt pass build-i386-libvirt pass build-amd64-pvops pass build-armhf-pvops pass build-i386-pvops pass build-amd64-rumprun pass build-i386-rumprun pass test-amd64-amd64-xl pass test-armhf-armhf-xl pass test-amd64-i386-xl pass test-amd64-amd64-xl-qemut-debianhvm-amd64-xsm pass test-amd64-i386-xl-qemut-debianhvm-amd64-xsm pass test-amd64-amd64-libvirt-qemuu-debianhvm-amd64-xsm pass test-amd64-i386-libvirt-qemuu-debianhvm-amd64-xsm pass test-amd64-amd64-xl-qemuu-debianhvm-amd64-xsm pass test-amd64-i386-xl-qemuu-debianhvm-amd64-xsm pass test-amd64-amd64-xl-qemut-stubdom-debianhvm-amd64-xsm pass test-amd64-i386-xl-qemut-stubdom-debianhvm-amd64-xsm pass test-amd64-amd64-libvirt-xsm pass test-armhf-armhf-libvirt-xsm pass test-amd64-i386-libvirt-xsm pass test-amd64-amd64-xl-xsm pass test-armhf-armhf-xl-xsm pass test-amd64-i386-xl-xsm pass test-amd64-amd64-qemuu-nested-amd fail test-amd64-amd64-xl-pvhv2-amd pass test-amd64-i386-qemut-rhel6hvm-amd pass test-amd64-i386-qemuu-rhel6hvm-amd pass test-amd64-amd64-xl-qemut-debianhvm-amd64 pass test-amd64-i386-xl-qemut-debianhvm-amd64 pass test-amd64-amd64-xl-qemuu-debianhvm-amd64 pass test-amd64-i386-xl-qemuu-debianhvm-amd64 pass test-amd64-i386-freebsd10-amd64 pass test-amd64-amd64-xl-qemuu-ovmf-amd64 pass test-amd64-i386-xl-qemuu-ovmf-amd64 pass test-amd64-amd64-rumprun-amd64 pass test-amd64-amd64-xl-qemut-win7-amd64 fail test-amd64-i386-xl-qemut-win7-amd64 fail test-amd64-amd64-xl-qemuu-win7-amd64 fail test-amd64-i386-xl-qemuu-win7-amd64 fail test-amd64-amd64-xl-qemut-ws16-amd64 fail test-amd64-i386-xl-qemut-ws16-amd64 fail test-amd64-amd64-xl-qemuu-ws16-amd64 fail test-amd64-i386-xl-qemuu-ws16-amd64 fail test-armhf-armhf-xl-arndale pass test-amd64-amd64-xl-credit2 pass test-armhf-armhf-xl-credit2 fail test-armhf-armhf-xl-cubietruck pass test-amd64-amd64-examine pass test-armhf-armhf-examine pass test-amd64-i386-examine pass test-amd64-i386-freebsd10-i386 pass test-amd64-i386-rumprun-i386 pass test-amd64-amd64-xl-qemut-win10-i386 fail test-amd64-i386-xl-qemut-win10-i386 fail test-amd64-amd64-xl-qemuu-win10-i386 fail test-amd64-i386-xl-qemuu-win10-i386 fail test-amd64-amd64-qemuu-nested-intel pass test-amd64-amd64-xl-pvhv2-intel pass test-amd64-i386-qemut-rhel6hvm-intel pass test-amd64-i386-qemuu-rhel6hvm-intel pass test-amd64-amd64-libvirt pass test-armhf-armhf-libvirt pass test-amd64-i386-libvirt pass test-amd64-amd64-xl-multivcpu pass test-armhf-armhf-xl-multivcpu pass test-amd64-amd64-pair pass test-amd64-i386-pair pass test-amd64-amd64-libvirt-pair pass test-amd64-i386-libvirt-pair pass test-amd64-amd64-amd64-pvgrub pass test-amd64-amd64-i386-pvgrub pass test-amd64-amd64-pygrub pass test-amd64-i386-libvirt-qcow2 pass test-amd64-amd64-xl-qcow2 pass test-armhf-armhf-libvirt-raw pass test-amd64-i386-xl-raw pass test-amd64-amd64-xl-rtds pass test-armhf-armhf-xl-rtds pass test-amd64-amd64-libvirt-vhd fail test-armhf-armhf-xl-vhd fail ------------------------------------------------------------ sg-report-flight on osstest.test-lab.xenproject.org logs: /home/logs/logs images: /home/logs/images Logs, config files, etc. are available at http://logs.test-lab.xenproject.org/osstest/logs Explanation of these reports, and of osstest in general, is at http://xenbits.xen.org/gitweb/?p=osstest.git;a=blob;f=README.email;hb=master http://xenbits.xen.org/gitweb/?p=osstest.git;a=blob;f=README;hb=master Test harness code can be found at http://xenbits.xen.org/gitweb?p=osstest.git;a=summary Not pushing. (No revision log; it would be 3256 lines long.)
_______________________________________________ Xen-devel mailing list Xen-devel@lists.xen.org https://lists.xen.org/xen-devel