flight 115718 linux-linus real [real] http://logs.test-lab.xenproject.org/osstest/logs/115718/
Regressions :-( Tests which did not succeed and are blocking, including tests which could not be run: test-amd64-amd64-xl-qcow2 19 guest-start/debian.repeat fail REGR. vs. 115643 test-amd64-amd64-libvirt-vhd 17 guest-start/debian.repeat fail REGR. vs. 115643 Tests which did not succeed, but are not blocking: test-armhf-armhf-libvirt-xsm 14 saverestore-support-check fail like 115643 test-amd64-i386-libvirt-qcow2 17 guest-start/debian.repeat fail like 115643 test-amd64-amd64-xl-qemuu-win7-amd64 17 guest-stop fail like 115643 test-amd64-i386-xl-qemuu-win7-amd64 17 guest-stop fail like 115643 test-armhf-armhf-libvirt 14 saverestore-support-check fail like 115643 test-amd64-i386-xl-qemut-win7-amd64 17 guest-stop fail like 115643 test-amd64-amd64-xl-qemuu-ws16-amd64 17 guest-stop fail like 115643 test-amd64-amd64-xl-qemut-win7-amd64 17 guest-stop fail like 115643 test-amd64-amd64-xl-qemut-ws16-amd64 17 guest-stop fail like 115643 test-armhf-armhf-libvirt-raw 13 saverestore-support-check fail like 115643 test-armhf-armhf-xl-vhd 15 guest-start/debian.repeat fail like 115643 test-amd64-amd64-libvirt 13 migrate-support-check fail never pass test-amd64-amd64-libvirt-xsm 13 migrate-support-check fail never pass test-amd64-i386-libvirt 13 migrate-support-check fail never pass test-amd64-i386-libvirt-xsm 13 migrate-support-check fail never pass test-amd64-i386-libvirt-qcow2 12 migrate-support-check fail never pass test-amd64-i386-libvirt-qemuu-debianhvm-amd64-xsm 11 migrate-support-check fail never pass test-amd64-amd64-libvirt-qemuu-debianhvm-amd64-xsm 11 migrate-support-check fail never pass test-armhf-armhf-xl-arndale 13 migrate-support-check fail never pass test-armhf-armhf-xl-arndale 14 saverestore-support-check fail never pass test-amd64-amd64-libvirt-vhd 12 migrate-support-check fail never pass test-amd64-amd64-qemuu-nested-amd 17 debian-hvm-install/l1/l2 fail never pass test-armhf-armhf-xl-xsm 13 migrate-support-check fail never pass test-armhf-armhf-xl-xsm 14 saverestore-support-check fail never pass test-armhf-armhf-libvirt-xsm 13 migrate-support-check fail never pass test-armhf-armhf-xl-credit2 13 migrate-support-check fail never pass test-armhf-armhf-xl-credit2 14 saverestore-support-check fail never pass test-armhf-armhf-xl-cubietruck 13 migrate-support-check fail never pass test-armhf-armhf-xl-cubietruck 14 saverestore-support-check fail never pass test-armhf-armhf-xl-multivcpu 13 migrate-support-check fail never pass test-armhf-armhf-xl-multivcpu 14 saverestore-support-check fail never pass test-armhf-armhf-xl 13 migrate-support-check fail never pass test-armhf-armhf-xl 14 saverestore-support-check fail never pass test-armhf-armhf-libvirt 13 migrate-support-check fail never pass test-armhf-armhf-xl-rtds 13 migrate-support-check fail never pass test-armhf-armhf-xl-rtds 14 saverestore-support-check fail never pass test-amd64-i386-xl-qemuu-ws16-amd64 17 guest-stop fail never pass test-amd64-i386-xl-qemut-ws16-amd64 17 guest-stop fail never pass test-armhf-armhf-libvirt-raw 12 migrate-support-check fail never pass test-armhf-armhf-xl-vhd 12 migrate-support-check fail never pass test-armhf-armhf-xl-vhd 13 saverestore-support-check fail never pass test-amd64-amd64-xl-qemut-win10-i386 10 windows-install fail never pass test-amd64-i386-xl-qemuu-win10-i386 10 windows-install fail never pass test-amd64-amd64-xl-qemuu-win10-i386 10 windows-install fail never pass test-amd64-i386-xl-qemut-win10-i386 10 windows-install fail never pass version targeted for testing: linux 1c9dbd4615fd751e5e0b99807a3c7c8612e28e20 baseline version: linux e4880bc5dfb1f02b152e62a894b5c6f3e995b3cf Last test of basis 115643 2017-11-07 12:06:20 Z 3 days Failing since 115658 2017-11-08 02:33:06 Z 2 days 5 attempts Testing same since 115718 2017-11-10 04:57:59 Z 0 days 1 attempts ------------------------------------------------------------ People who touched revisions under test: Andrew Morton <a...@linux-foundation.org> Andrey Konovalov <andreyk...@google.com> Arnd Bergmann <a...@arndb.de> Bjorn Andersson <bjorn.anders...@linaro.org> Bjorn Helgaas <bhelg...@google.com> Bjørn Mork <bj...@mork.no> Borislav Petkov <b...@suse.de> Chris Redpath <chris.redp...@arm.com> Colin Ian King <colin.k...@canonical.com> Cong Wang <xiyou.wangc...@gmail.com> David Howells <dhowe...@redhat.com> David S. Miller <da...@davemloft.net> Eric Biggers <ebigg...@google.com> Florian Westphal <f...@strlen.de> Gabriele Paoloni <gabriele.paol...@huawei.com> Ganesh Goudar <ganes...@chelsio.com> Guillaume Nault <g.na...@alphalink.fr> Gustavo A. R. Silva <garsi...@embeddedor.com> Hangbin Liu <liuhang...@gmail.com> Hannes Reinecke <h...@suse.de> Hui Wang <hui.w...@canonical.com> James Morris <james.l.mor...@oracle.com> Jarkko Sakkinen <jarkko.sakki...@linux.intel.com> Jay Vosburgh <jay.vosbu...@canonical.com> Jiri Kosina <jkos...@suse.cz> John Johansen <john.johan...@canonical.com> Julian Anastasov <j...@ssi.bg> Jussi Laako <ju...@sonarnerd.net> Jérôme Glisse <jgli...@redhat.com> Kees Cook <keesc...@chromium.org> Kristian Evensen <kristian.even...@gmail.com> Linus Torvalds <torva...@linux-foundation.org> Lorenzo Pieralisi <lorenzo.pieral...@arm.com> Mahesh Bandewar <mahe...@google.com> Marc Zyngier <marc.zyng...@arm.com> Mark Rutland <mark.rutl...@arm.com> Martin K. Petersen <martin.peter...@oracle.com> Neal Cardwell <ncardw...@google.com> Oliver Neukum <oneu...@suse.com> Paolo Abeni <pab...@redhat.com> Paul Menzel <pmen...@molgen.mpg.de> Paul Moore <p...@paul-moore.com> Priyaranjan Jha <priyar...@google.com> Rafael J. Wysocki <rafael.j.wyso...@intel.com> Russell King <rmk+ker...@armlinux.org.uk> Saeed Mahameed <sae...@mellanox.com> Sebastian Andrzej Siewior <bige...@linutronix.de> Simon Horman <ho...@verge.net.au> Steffen Klassert <steffen.klass...@secunet.com> Stephen Smalley <s...@tycho.nsa.gov> Takashi Iwai <ti...@suse.de> Tejun Heo <t...@kernel.org> Viresh Kumar <viresh.ku...@linaro.org> Wei Zhou <chouryz...@gmail.com> Will Deacon <will.dea...@arm.com> Ye Yin <hust...@gmail.com> Yousuk Seung <ysse...@google.com> Yuchung Cheng <ych...@google.com> Zhou Wang <wangzh...@hisilicon.com> jobs: build-amd64-xsm pass build-armhf-xsm pass build-i386-xsm pass build-amd64 pass build-armhf pass build-i386 pass build-amd64-libvirt pass build-armhf-libvirt pass build-i386-libvirt pass build-amd64-pvops pass build-armhf-pvops pass build-i386-pvops pass build-amd64-rumprun pass build-i386-rumprun pass test-amd64-amd64-xl pass test-armhf-armhf-xl pass test-amd64-i386-xl pass test-amd64-amd64-xl-qemut-debianhvm-amd64-xsm pass test-amd64-i386-xl-qemut-debianhvm-amd64-xsm pass test-amd64-amd64-libvirt-qemuu-debianhvm-amd64-xsm pass test-amd64-i386-libvirt-qemuu-debianhvm-amd64-xsm pass test-amd64-amd64-xl-qemuu-debianhvm-amd64-xsm pass test-amd64-i386-xl-qemuu-debianhvm-amd64-xsm pass test-amd64-amd64-xl-qemut-stubdom-debianhvm-amd64-xsm pass test-amd64-i386-xl-qemut-stubdom-debianhvm-amd64-xsm pass test-amd64-amd64-libvirt-xsm pass test-armhf-armhf-libvirt-xsm pass test-amd64-i386-libvirt-xsm pass test-amd64-amd64-xl-xsm pass test-armhf-armhf-xl-xsm pass test-amd64-i386-xl-xsm pass test-amd64-amd64-qemuu-nested-amd fail test-amd64-amd64-xl-pvhv2-amd pass test-amd64-i386-qemut-rhel6hvm-amd pass test-amd64-i386-qemuu-rhel6hvm-amd pass test-amd64-amd64-xl-qemut-debianhvm-amd64 pass test-amd64-i386-xl-qemut-debianhvm-amd64 pass test-amd64-amd64-xl-qemuu-debianhvm-amd64 pass test-amd64-i386-xl-qemuu-debianhvm-amd64 pass test-amd64-i386-freebsd10-amd64 pass test-amd64-amd64-xl-qemuu-ovmf-amd64 pass test-amd64-i386-xl-qemuu-ovmf-amd64 pass test-amd64-amd64-rumprun-amd64 pass test-amd64-amd64-xl-qemut-win7-amd64 fail test-amd64-i386-xl-qemut-win7-amd64 fail test-amd64-amd64-xl-qemuu-win7-amd64 fail test-amd64-i386-xl-qemuu-win7-amd64 fail test-amd64-amd64-xl-qemut-ws16-amd64 fail test-amd64-i386-xl-qemut-ws16-amd64 fail test-amd64-amd64-xl-qemuu-ws16-amd64 fail test-amd64-i386-xl-qemuu-ws16-amd64 fail test-armhf-armhf-xl-arndale pass test-amd64-amd64-xl-credit2 pass test-armhf-armhf-xl-credit2 pass test-armhf-armhf-xl-cubietruck pass test-amd64-amd64-examine pass test-armhf-armhf-examine pass test-amd64-i386-examine pass test-amd64-i386-freebsd10-i386 pass test-amd64-i386-rumprun-i386 pass test-amd64-amd64-xl-qemut-win10-i386 fail test-amd64-i386-xl-qemut-win10-i386 fail test-amd64-amd64-xl-qemuu-win10-i386 fail test-amd64-i386-xl-qemuu-win10-i386 fail test-amd64-amd64-qemuu-nested-intel pass test-amd64-amd64-xl-pvhv2-intel pass test-amd64-i386-qemut-rhel6hvm-intel pass test-amd64-i386-qemuu-rhel6hvm-intel pass test-amd64-amd64-libvirt pass test-armhf-armhf-libvirt pass test-amd64-i386-libvirt pass test-amd64-amd64-xl-multivcpu pass test-armhf-armhf-xl-multivcpu pass test-amd64-amd64-pair pass test-amd64-i386-pair pass test-amd64-amd64-libvirt-pair pass test-amd64-i386-libvirt-pair pass test-amd64-amd64-amd64-pvgrub pass test-amd64-amd64-i386-pvgrub pass test-amd64-amd64-pygrub pass test-amd64-i386-libvirt-qcow2 fail test-amd64-amd64-xl-qcow2 fail test-armhf-armhf-libvirt-raw pass test-amd64-i386-xl-raw pass test-amd64-amd64-xl-rtds pass test-armhf-armhf-xl-rtds pass test-amd64-amd64-libvirt-vhd fail test-armhf-armhf-xl-vhd fail ------------------------------------------------------------ sg-report-flight on osstest.test-lab.xenproject.org logs: /home/logs/logs images: /home/logs/images Logs, config files, etc. are available at http://logs.test-lab.xenproject.org/osstest/logs Explanation of these reports, and of osstest in general, is at http://xenbits.xen.org/gitweb/?p=osstest.git;a=blob;f=README.email;hb=master http://xenbits.xen.org/gitweb/?p=osstest.git;a=blob;f=README;hb=master Test harness code can be found at http://xenbits.xen.org/gitweb?p=osstest.git;a=summary Not pushing. (No revision log; it would be 1565 lines long.)
_______________________________________________ Xen-devel mailing list Xen-devel@lists.xen.org https://lists.xen.org/xen-devel