flight 115709 linux-4.1 real [real] http://logs.test-lab.xenproject.org/osstest/logs/115709/
Regressions :-( Tests which did not succeed and are blocking, including tests which could not be run: test-amd64-amd64-libvirt-vhd 17 guest-start/debian.repeat fail REGR. vs. 114665 test-amd64-i386-libvirt-qcow2 18 guest-start.2 fail in 115693 REGR. vs. 114665 Tests which are failing intermittently (not blocking): test-armhf-armhf-examine 8 reboot fail pass in 115693 test-amd64-i386-libvirt-qcow2 17 guest-start/debian.repeat fail pass in 115693 test-armhf-armhf-xl-vhd 15 guest-start/debian.repeat fail pass in 115693 test-amd64-amd64-xl-qemuu-win7-amd64 10 windows-install fail pass in 115693 Tests which did not succeed, but are not blocking: test-amd64-amd64-xl-qemuu-win7-amd64 17 guest-stop fail in 115693 like 114665 test-amd64-i386-xl-qemut-ws16-amd64 17 guest-stop fail like 114646 test-armhf-armhf-libvirt-xsm 14 saverestore-support-check fail like 114665 test-armhf-armhf-libvirt 14 saverestore-support-check fail like 114665 test-amd64-i386-xl-qemuu-win7-amd64 17 guest-stop fail like 114665 test-amd64-i386-xl-qemut-win7-amd64 17 guest-stop fail like 114665 test-amd64-amd64-xl-qemut-win7-amd64 17 guest-stop fail like 114665 test-amd64-amd64-xl-pvhv2-intel 12 guest-start fail never pass test-amd64-amd64-xl-pvhv2-amd 12 guest-start fail never pass test-amd64-i386-libvirt 13 migrate-support-check fail never pass test-amd64-i386-libvirt-xsm 13 migrate-support-check fail never pass test-amd64-amd64-libvirt-xsm 13 migrate-support-check fail never pass test-amd64-amd64-libvirt 13 migrate-support-check fail never pass test-amd64-amd64-libvirt-qemuu-debianhvm-amd64-xsm 11 migrate-support-check fail never pass test-amd64-i386-libvirt-qcow2 12 migrate-support-check fail never pass test-amd64-i386-libvirt-qemuu-debianhvm-amd64-xsm 11 migrate-support-check fail never pass test-armhf-armhf-xl-arndale 13 migrate-support-check fail never pass test-armhf-armhf-xl-arndale 14 saverestore-support-check fail never pass test-armhf-armhf-xl-rtds 13 migrate-support-check fail never pass test-armhf-armhf-xl-rtds 14 saverestore-support-check fail never pass test-armhf-armhf-xl 13 migrate-support-check fail never pass test-armhf-armhf-xl 14 saverestore-support-check fail never pass test-armhf-armhf-libvirt-xsm 13 migrate-support-check fail never pass test-armhf-armhf-libvirt 13 migrate-support-check fail never pass test-amd64-amd64-libvirt-vhd 12 migrate-support-check fail never pass test-armhf-armhf-xl-xsm 13 migrate-support-check fail never pass test-armhf-armhf-xl-xsm 14 saverestore-support-check fail never pass test-amd64-amd64-qemuu-nested-amd 17 debian-hvm-install/l1/l2 fail never pass test-armhf-armhf-xl-credit2 13 migrate-support-check fail never pass test-armhf-armhf-xl-credit2 14 saverestore-support-check fail never pass test-armhf-armhf-xl-multivcpu 13 migrate-support-check fail never pass test-armhf-armhf-xl-multivcpu 14 saverestore-support-check fail never pass test-armhf-armhf-xl-cubietruck 13 migrate-support-check fail never pass test-armhf-armhf-xl-cubietruck 14 saverestore-support-check fail never pass test-armhf-armhf-libvirt-raw 12 migrate-support-check fail never pass test-armhf-armhf-libvirt-raw 13 saverestore-support-check fail never pass test-amd64-i386-xl-qemuu-ws16-amd64 17 guest-stop fail never pass test-amd64-amd64-xl-qemuu-ws16-amd64 17 guest-stop fail never pass test-armhf-armhf-xl-vhd 12 migrate-support-check fail never pass test-armhf-armhf-xl-vhd 13 saverestore-support-check fail never pass test-amd64-amd64-xl-qemut-ws16-amd64 17 guest-stop fail never pass test-amd64-amd64-xl-qemuu-win10-i386 10 windows-install fail never pass test-amd64-i386-xl-qemuu-win10-i386 10 windows-install fail never pass test-amd64-amd64-xl-qemut-win10-i386 10 windows-install fail never pass test-amd64-i386-xl-qemut-win10-i386 10 windows-install fail never pass version targeted for testing: linux 200d858d94b4d8ed7a287e3a3c2b860ae9e17e83 baseline version: linux b8342068e3011832d723aa379a3180d37a4d59df Last test of basis 114665 2017-10-17 22:46:39 Z 23 days Testing same since 115693 2017-11-09 08:22:41 Z 1 days 2 attempts ------------------------------------------------------------ People who touched revisions under test: Adrian Salido <sali...@google.com> Afzal Mohammed <afzal.mohd...@gmail.com> Al Viro <v...@zeniv.linux.org.uk> Alan Stern <st...@rowland.harvard.edu> Alden Tondettar <alden.tondet...@gmail.com> Alexander Potapenko <gli...@google.com> Alexandre Belloni <alexandre.bell...@free-electrons.com> Alexei Starovoitov <a...@kernel.org> Alexey Kodanev <alexey.koda...@oracle.com> Andreas Engel <anen-nos...@gmx.net> Andreas Gruenbacher <agrue...@redhat.com> Andreas Klinger <a...@it-klinger.de> Andrew Gabbasov <andrew_gabba...@mentor.com> Andrew Morton <a...@linux-foundation.org> Andrey Konovalov <andreyk...@google.com> Archit Taneja <arch...@codeaurora.org> Ard Biesheuvel <ard.biesheu...@linaro.org> Arend van Spriel <arend.vanspr...@broadcom.com> Arnaldo Carvalho de Melo <a...@redhat.com> Arnd Bergmann <a...@arndb.de> Arvind Yadav <arvind.yadav...@gmail.com> Avraham Stern <avraham.st...@intel.com> Bart Van Assche <bart.vanass...@sandisk.com> Bartlomiej Zolnierkiewicz <b.zolnier...@samsung.com> Bartosz Golaszewski <bgolaszew...@baylibre.com> Baruch Siach <bar...@tkos.co.il> Ben Hutchings <ben.hutchi...@codethink.co.uk> Bin Liu <b-...@ti.com> Bjorn Helgaas <bhelg...@google.com> Bo Yan <b...@nvidia.com> Boris Ostrovsky <boris.ostrov...@oracle.com> Borislav Petkov <b...@suse.de> Casey Schaufler <ca...@schaufler-ca.com> Catalin Marinas <catalin.mari...@arm.com> Chen-Yu Tsai <w...@csie.org> Chris Leech <cle...@redhat.com> Christian Lamparter <chunk...@googlemail.com> Christoph Biedl <debian.a...@manchmal.in-ulm.de> Christoph Hellwig <h...@lst.de> Christoph Lameter <c...@linux.com> Christoph Paasch <cpaa...@apple.com> Christophe JAILLET <christophe.jail...@wanadoo.fr> Christophe Leroy <christophe.le...@c-s.fr> Dan Carpenter <dan.carpen...@oracle.com> Daniel Borkmann <dan...@iogearbox.net> Daniel Drake <d...@reactivated.net> Daniel Vetter <daniel.vet...@ffwll.ch> Darrick J. Wong <darrick.w...@oracle.com> David Eccher <d.ecc...@gmail.com> David Howells <dhowe...@redhat.com> David Rientjes <rient...@google.com> David S. Miller <da...@davemloft.net> David Sterba <dste...@suse.com> Dennis Yang <dennisy...@qnap.com> Dmitry Fleytman <dmi...@daynix.com> Dmitry Torokhov <dmitry.torok...@gmail.com> Dmitry V. Levin <l...@altlinux.org> Doug Ledford <dledf...@redhat.com> Douglas Gilbert <dgilb...@interlog.com> Dragos Bogdan <dragos.bog...@analog.com> Edward Cree <ec...@solarflare.com> Erez Shitrit <ere...@mellanox.com> Eric Biggers <ebigg...@google.com> Eric Dumazet <eduma...@google.com> Eric Ren <z...@suse.com> Felipe Balbi <ba...@ti.com> Felipe Balbi <felipe.ba...@linux.intel.com> Feras Daoud <fera...@mellanox.com> Filipe Manana <fdman...@suse.com> Florian Fainelli <f.faine...@gmail.com> Franck Demathieu <fdemath...@gmail.com> Greg Kroah-Hartman <gre...@linuxfoundation.org> Gregory CLEMENT <gregory.clem...@free-electrons.com> Grygorii Maistrenko <grygorii...@gmail.com> Guenter Roeck <gro...@chromium.org> Guenter Roeck <li...@roeck-us.net> Guillaume Nault <g.na...@alphalink.fr> Guneshwor Singh <guneshwor.o.si...@intel.com> Gwendal Grignou <gwen...@chromium.org> Hans de Goede <hdego...@redhat.com> Haozhong Zhang <haozhong.zh...@intel.com> Harry Wentland <harry.wentl...@amd.com> Heiner Kallweit <hkallwe...@gmail.com> Helge Deller <del...@gmx.de> Helmut Klein <hgkr.kl...@gmail.com> Henryk Heisig <hy...@o2.pl> Herbert Xu <herb...@gondor.apana.org.au> Hui Wang <hui.w...@canonical.com> Ilya Dryomov <idryo...@gmail.com> Ingo Molnar <mi...@kernel.org> Ira Weiny <ira.we...@intel.com> Jack Pham <ja...@codeaurora.org> Jaegeuk Kim <jaeg...@kernel.org> Jaejoong Kim <climbbb....@gmail.com> James Morris <james.l.mor...@oracle.com> Jan Kara <j...@suse.cz> Jan Luebbe <j...@pengutronix.de> Jani Nikula <jani.nik...@intel.com> Jarno Rajahalme <ja...@ovn.org> Javier Martinez Canillas <jav...@osg.samsung.com> Jeff Layton <jlay...@redhat.com> Jens Axboe <ax...@fb.com> Jens Axboe <ax...@kernel.dk> Jerome Brunet <jbru...@baylibre.com> Jim Dickerson <jim.dicker...@hpe.com> Jim Mattson <jmatt...@google.com> Jimmy Assarsson <jimmyassars...@gmail.com> Jiri Kosina <jkos...@suse.cz> Jiri Pirko <j...@mellanox.com> Joe Stringer <j...@ovn.org> Joerg Roedel <jroe...@suse.de> Johan Hovold <jo...@kernel.org> Johannes Berg <johannes.b...@intel.com> John David Anglin <dave.ang...@bell.net> Jonathan Cameron <ji...@kernel.org> Jonathan Cameron <jonathan.came...@huawei.com> Jonathan Liu <net...@gmail.com> Juergen Gross <jgr...@suse.com> Jussi Laako <ju...@sonarnerd.net> Kalle Valo <kv...@codeaurora.org> Kazuya Mizuguchi <kazuya.mizuguchi...@renesas.com> Kristian H. Kristensen <hoegsb...@gmail.com> Kristian H. Kristensen <hoegsb...@google.com> Ladislav Dobrovsky <ladislav.dobrov...@gmail.com> Lars-Peter Clausen <l...@metafoo.de> Leon Romanovsky <l...@kernel.org> LEROY Christophe <christophe.le...@c-s.fr> Li Jun <jun...@nxp.com> Linus Torvalds <torva...@linux-foundation.org> Liping Zhang <zlpnob...@gmail.com> Luca Coelho <luciano.coe...@intel.com> Ludovic Desroches <ludovic.desroc...@microchip.com> Lukas Wunner <lu...@wunner.de> Majd Dibbiny <m...@mellanox.com> Maksim Salau <msa...@iotecha.com> Marc Kleine-Budde <m...@pengutronix.de> Marc Zyngier <marc.zyng...@arm.com> Marios Titas <red...@gmx.com> Mark Brown <broo...@kernel.org> Mark Rutland <mark.rutl...@arm.com> Martin K. Petersen <martin.peter...@oracle.com> Mathias Krause <mini...@googlemail.com> Mathias Nyman <mathias.ny...@linux.intel.com> Matt Fornero <matt.forn...@mathworks.com> Matthew Whitehead <tedheads...@gmail.com> Mauro Carvalho Chehab <mche...@s-opensource.com> Mayank Rana <mr...@codeaurora.org> Meng Xu <mengxu.gat...@gmail.com> Michael Ellerman <m...@ellerman.id.au> Michael Hennerich <michael.henner...@analog.com> Michal Nazarewicz <min...@mina86.com> Miklos Szeredi <mszer...@redhat.com> Milan Broz <gmazyl...@gmail.com> Myungho Jung <mhju...@gmail.com> Namhyung Kim <namhy...@kernel.org> Nicholas Bellinger <n...@linux-iscsi.org> Nicolai Stange <nsta...@suse.de> Niklas Söderlund <niklas.soderlund+rene...@ragnatech.se> Oliver Neukum <oneu...@suse.com> Pablo Neira Ayuso <pa...@netfilter.org> Pan Bian <bianpan2...@163.com> Paolo Bonzini <pbonz...@redhat.com> Parthasarathy Bhuvaragan <parthasarathy.bhuvara...@ericsson.com> Paul Burton <paul.bur...@imgtec.com> Paul Mackerras <pau...@ozlabs.org> Paul Moore <p...@paul-moore.com> Peter Zijlstra (Intel) <pet...@infradead.org> Peter Zijlstra <pet...@infradead.org> Pontus Andersson <epon...@gmail.com> Ralf Baechle <r...@linux-mips.org> Richard Guy Briggs <r...@redhat.com> Ridge Kennedy <ridge.kenn...@alliedtelesis.co.nz> Rob Herring <r...@kernel.org> Robbie Ko <robbi...@synology.com> Robert Jarzmik <robert.jarz...@free.fr> Rodrigo Vivi <rodrigo.v...@intel.com> Roman SpychaÅa <r...@onet.eu> Russell King <rmk+ker...@arm.linux.org.uk> Sabrina Dubroca <s...@queasysnail.net> Santosh Shilimkar <santosh.shilim...@oracle.com> Sasha Levin <alexander.le...@verizon.com> Satoru Takeuchi <satoru.takeu...@gmail.com> Shaohua Li <s...@fb.com> Shrirang Bagul <shrirang.ba...@canonical.com> Shu Wang <shuw...@redhat.com> Stefan Metzmacher <me...@samba.org> Stefan Mätje <stefan.mae...@esd.eu> Stefan Popa <stefan.p...@analog.com> Stephan Müller <smuel...@chronox.de> Stephen Douthit <steph...@adiengineering.com> Steve French <smfre...@gmail.com> Steven Rostedt (VMware) <rost...@goodmis.org> Subash Abhinov Kasiviswanathan <subas...@codeaurora.org> Sylwester Nawrocki <s.nawro...@samsung.com> Tahsin Erdogan <tah...@google.com> Takashi Iwai <ti...@suse.de> Tariq Toukan <tar...@mellanox.com> Tejun Heo <t...@kernel.org> Theodore Ts'o <ty...@mit.edu> Thibault Saunier <thibault.saun...@osg.samsung.com> Thomas Gleixner <t...@linutronix.de> Tony Luck <tony.l...@intel.com> Tyrel Datwyler <tyr...@linux.vnet.ibm.com> Ulf Hansson <ulf.hans...@linaro.org> Varun Prakash <va...@chelsio.com> Vijay Kumar <vijay.ac.ku...@oracle.com> Vitaly Mayatskikh <v.mayats...@gmail.com> Vladis Dronov <vdro...@redhat.com> Will Deacon <will.dea...@arm.com> Willem de Bruijn <will...@google.com> Wolfgang Grandegger <w...@grandegger.com> Wolfram Sang <w...@the-dreams.de> Xin Long <lucien....@gmail.com> Yoshihiro Shimoda <yoshihiro.shimoda...@renesas.com> Zhu Yanjun <yanjun....@oracle.com> jobs: build-amd64-xsm pass build-armhf-xsm pass build-i386-xsm pass build-amd64 pass build-armhf pass build-i386 pass build-amd64-libvirt pass build-armhf-libvirt pass build-i386-libvirt pass build-amd64-pvops pass build-armhf-pvops pass build-i386-pvops pass build-amd64-rumprun pass build-i386-rumprun pass test-amd64-amd64-xl pass test-armhf-armhf-xl pass test-amd64-i386-xl pass test-amd64-amd64-xl-qemut-debianhvm-amd64-xsm pass test-amd64-i386-xl-qemut-debianhvm-amd64-xsm pass test-amd64-amd64-libvirt-qemuu-debianhvm-amd64-xsm pass test-amd64-i386-libvirt-qemuu-debianhvm-amd64-xsm pass test-amd64-amd64-xl-qemuu-debianhvm-amd64-xsm pass test-amd64-i386-xl-qemuu-debianhvm-amd64-xsm pass test-amd64-amd64-xl-qemut-stubdom-debianhvm-amd64-xsm pass test-amd64-i386-xl-qemut-stubdom-debianhvm-amd64-xsm pass test-amd64-amd64-libvirt-xsm pass test-armhf-armhf-libvirt-xsm pass test-amd64-i386-libvirt-xsm pass test-amd64-amd64-xl-xsm pass test-armhf-armhf-xl-xsm pass test-amd64-i386-xl-xsm pass test-amd64-amd64-qemuu-nested-amd fail test-amd64-amd64-xl-pvhv2-amd fail test-amd64-i386-qemut-rhel6hvm-amd pass test-amd64-i386-qemuu-rhel6hvm-amd pass test-amd64-amd64-xl-qemut-debianhvm-amd64 pass test-amd64-i386-xl-qemut-debianhvm-amd64 pass test-amd64-amd64-xl-qemuu-debianhvm-amd64 pass test-amd64-i386-xl-qemuu-debianhvm-amd64 pass test-amd64-i386-freebsd10-amd64 pass test-amd64-amd64-xl-qemuu-ovmf-amd64 pass test-amd64-i386-xl-qemuu-ovmf-amd64 pass test-amd64-amd64-rumprun-amd64 pass test-amd64-amd64-xl-qemut-win7-amd64 fail test-amd64-i386-xl-qemut-win7-amd64 fail test-amd64-amd64-xl-qemuu-win7-amd64 fail test-amd64-i386-xl-qemuu-win7-amd64 fail test-amd64-amd64-xl-qemut-ws16-amd64 fail test-amd64-i386-xl-qemut-ws16-amd64 fail test-amd64-amd64-xl-qemuu-ws16-amd64 fail test-amd64-i386-xl-qemuu-ws16-amd64 fail test-armhf-armhf-xl-arndale pass test-amd64-amd64-xl-credit2 pass test-armhf-armhf-xl-credit2 pass test-armhf-armhf-xl-cubietruck pass test-amd64-amd64-examine pass test-armhf-armhf-examine fail test-amd64-i386-examine pass test-amd64-i386-freebsd10-i386 pass test-amd64-i386-rumprun-i386 pass test-amd64-amd64-xl-qemut-win10-i386 fail test-amd64-i386-xl-qemut-win10-i386 fail test-amd64-amd64-xl-qemuu-win10-i386 fail test-amd64-i386-xl-qemuu-win10-i386 fail test-amd64-amd64-qemuu-nested-intel pass test-amd64-amd64-xl-pvhv2-intel fail test-amd64-i386-qemut-rhel6hvm-intel pass test-amd64-i386-qemuu-rhel6hvm-intel pass test-amd64-amd64-libvirt pass test-armhf-armhf-libvirt pass test-amd64-i386-libvirt pass test-amd64-amd64-xl-multivcpu pass test-armhf-armhf-xl-multivcpu pass test-amd64-amd64-pair pass test-amd64-i386-pair pass test-amd64-amd64-libvirt-pair pass test-amd64-i386-libvirt-pair pass test-amd64-amd64-amd64-pvgrub pass test-amd64-amd64-i386-pvgrub pass test-amd64-amd64-pygrub pass test-amd64-i386-libvirt-qcow2 fail test-amd64-amd64-xl-qcow2 pass test-armhf-armhf-libvirt-raw pass test-amd64-i386-xl-raw pass test-amd64-amd64-xl-rtds pass test-armhf-armhf-xl-rtds pass test-amd64-amd64-libvirt-vhd fail test-armhf-armhf-xl-vhd fail ------------------------------------------------------------ sg-report-flight on osstest.test-lab.xenproject.org logs: /home/logs/logs images: /home/logs/images Logs, config files, etc. are available at http://logs.test-lab.xenproject.org/osstest/logs Explanation of these reports, and of osstest in general, is at http://xenbits.xen.org/gitweb/?p=osstest.git;a=blob;f=README.email;hb=master http://xenbits.xen.org/gitweb/?p=osstest.git;a=blob;f=README;hb=master Test harness code can be found at http://xenbits.xen.org/gitweb?p=osstest.git;a=summary Not pushing. (No revision log; it would be 5567 lines long.)
_______________________________________________ Xen-devel mailing list Xen-devel@lists.xen.org https://lists.xen.org/xen-devel