flight 115671 linux-4.9 real [real]
http://logs.test-lab.xenproject.org/osstest/logs/115671/

Regressions :-(

Tests which did not succeed and are blocking,
including tests which could not be run:
 test-amd64-amd64-xl-qemuu-win7-amd64 16 guest-localmigrate/x10 fail REGR. vs. 
115613

Regressions which are regarded as allowable (not blocking):
 test-armhf-armhf-xl-rtds    16 guest-start/debian.repeat fail REGR. vs. 115613

Tests which did not succeed, but are not blocking:
 test-amd64-amd64-xl-qemut-win7-amd64 17 guest-stop            fail like 115566
 test-amd64-amd64-libvirt-vhd 17 guest-start/debian.repeat    fail  like 115582
 test-amd64-amd64-xl-qcow2    19 guest-start/debian.repeat    fail  like 115597
 test-amd64-i386-libvirt-qcow2 17 guest-start/debian.repeat    fail like 115613
 test-amd64-amd64-xl-qemuu-ws16-amd64 17 guest-stop            fail like 115613
 test-amd64-i386-xl-qemuu-win7-amd64 17 guest-stop             fail like 115613
 test-amd64-i386-xl-qemut-win7-amd64 17 guest-stop             fail like 115613
 test-armhf-armhf-xl-vhd      15 guest-start/debian.repeat    fail  like 115613
 test-amd64-amd64-xl-pvhv2-intel 12 guest-start                 fail never pass
 test-amd64-amd64-xl-pvhv2-amd 12 guest-start                  fail  never pass
 test-amd64-i386-libvirt      13 migrate-support-check        fail   never pass
 test-amd64-amd64-libvirt     13 migrate-support-check        fail   never pass
 test-amd64-i386-libvirt-xsm  13 migrate-support-check        fail   never pass
 test-amd64-i386-libvirt-qemuu-debianhvm-amd64-xsm 11 migrate-support-check 
fail never pass
 test-amd64-amd64-libvirt-qemuu-debianhvm-amd64-xsm 11 migrate-support-check 
fail never pass
 test-amd64-i386-libvirt-qcow2 12 migrate-support-check        fail  never pass
 test-amd64-amd64-qemuu-nested-amd 17 debian-hvm-install/l1/l2  fail never pass
 test-amd64-amd64-libvirt-vhd 12 migrate-support-check        fail   never pass
 test-armhf-armhf-libvirt     13 migrate-support-check        fail   never pass
 test-armhf-armhf-libvirt     14 saverestore-support-check    fail   never pass
 test-armhf-armhf-xl-cubietruck 13 migrate-support-check        fail never pass
 test-armhf-armhf-xl-cubietruck 14 saverestore-support-check    fail never pass
 test-armhf-armhf-xl-rtds     13 migrate-support-check        fail   never pass
 test-armhf-armhf-xl-rtds     14 saverestore-support-check    fail   never pass
 test-armhf-armhf-xl-multivcpu 13 migrate-support-check        fail  never pass
 test-armhf-armhf-xl-multivcpu 14 saverestore-support-check    fail  never pass
 test-armhf-armhf-libvirt-xsm 13 migrate-support-check        fail   never pass
 test-armhf-armhf-libvirt-xsm 14 saverestore-support-check    fail   never pass
 test-armhf-armhf-xl-credit2  13 migrate-support-check        fail   never pass
 test-armhf-armhf-xl-credit2  14 saverestore-support-check    fail   never pass
 test-armhf-armhf-xl-xsm      13 migrate-support-check        fail   never pass
 test-armhf-armhf-xl-xsm      14 saverestore-support-check    fail   never pass
 test-amd64-amd64-libvirt-xsm 13 migrate-support-check        fail   never pass
 test-armhf-armhf-xl-arndale  13 migrate-support-check        fail   never pass
 test-armhf-armhf-xl-arndale  14 saverestore-support-check    fail   never pass
 test-armhf-armhf-libvirt-raw 12 migrate-support-check        fail   never pass
 test-armhf-armhf-libvirt-raw 13 saverestore-support-check    fail   never pass
 test-amd64-i386-xl-qemuu-ws16-amd64 17 guest-stop              fail never pass
 test-armhf-armhf-xl          13 migrate-support-check        fail   never pass
 test-armhf-armhf-xl          14 saverestore-support-check    fail   never pass
 test-armhf-armhf-xl-vhd      12 migrate-support-check        fail   never pass
 test-armhf-armhf-xl-vhd      13 saverestore-support-check    fail   never pass
 test-amd64-amd64-xl-qemut-ws16-amd64 17 guest-stop             fail never pass
 test-amd64-i386-xl-qemut-ws16-amd64 17 guest-stop              fail never pass
 test-amd64-i386-xl-qemut-win10-i386 10 windows-install         fail never pass
 test-amd64-amd64-xl-qemut-win10-i386 10 windows-install        fail never pass
 test-amd64-amd64-xl-qemuu-win10-i386 10 windows-install        fail never pass
 test-amd64-i386-xl-qemuu-win10-i386 10 windows-install         fail never pass

version targeted for testing:
 linux                5caae9d1419914177994363218616b869659e871
baseline version:
 linux                06b639e5a1a665ba6c959398ea0e6171c162028b

Last test of basis   115613  2017-11-06 11:54:23 Z    2 days
Testing same since   115671  2017-11-08 09:38:13 Z    0 days    1 attempts

------------------------------------------------------------
People who touched revisions under test:
  "Eric W. Biederman" <ebied...@xmission.com>
  Aditya Pandit <panditadityashre...@yahoo.com>
  Alex Deucher <alexander.deuc...@amd.com>
  Alexander Boyko <alexander.bo...@seagate.com>
  Alexander Usyskin <alexander.usys...@intel.com>
  Andrew Morton <a...@linux-foundation.org>
  Andy Shevchenko <andriy.shevche...@linux.intel.com>
  Arend van Spriel <arend.vanspr...@broadcom.com>
  Arnaldo Carvalho de Melo <a...@redhat.com>
  Arnd Bergmann <a...@arndb.de>
  Arvind Yadav <arvind.yadav...@gmail.com>
  Ashish Samant <ashish.sam...@oracle.com>
  Ashok Raj Nagarajan <arnag...@qti.qualcomm.com>
  Axel Lin <axel....@ingics.com>
  Bjorn Helgaas <bhelg...@google.com>
  Bogdan Purcareata <bogdan.purcare...@gmail.com>
  Boris Brezillon <boris.brezil...@free-electrons.com>
  Boris Ostrovsky <boris.ostrov...@oracle.com>
  Catalin Marinas <catalin.mari...@arm.com>
  Chen-Yu Tsai <w...@csie.org>
  Chris Brandt <chris.bra...@renesas.com>
  Christian König <christian.koe...@amd.com>
  Christoffer Dall <cd...@linaro.org>
  Christoffer Dall <christoffer.d...@linaro.org>
  Christophe JAILLET <christophe.jail...@wanadoo.fr>
  Dan Carpenter <dan.carpen...@oracle.com>
  Daniel Lezcano <daniel.lezc...@linaro.org>
  Dave Carroll <david.carr...@microsemi.com>
  David Howells <dhowe...@redhat.com>
  David S. Miller <da...@davemloft.net>
  Deepak Khungar <deepak.khun...@broadcom.com>
  Ding Tianhong <dingtianh...@huawei.com>
  Dongjiu Geng <gengdong...@huawei.com>
  Doug Ledford <dledf...@redhat.com>
  Emmanuel Grumbach <emmanuel.grumb...@intel.com>
  Eric Biggers <ebigg...@google.com>
  Fabio Estevam <fabio.este...@nxp.com>
  frank zago <fz...@cray.com>
  Gary R Hook <gary.h...@amd.com>
  Greg Kroah-Hartman <gre...@linuxfoundation.org>
  Gregory CLEMENT <gregory.clem...@free-electrons.com>
  Grygorii Strashko <grygorii.stras...@ti.com>
  Haibin Zhang <zhanghaib...@huawei.com>
  Hans de Goede <hdego...@redhat.com>
  Hans Verkuil <hans.verk...@cisco.com>
  Harald Freudenberger <fre...@linux.vnet.ibm.com>
  Herbert Xu <herb...@gondor.apana.org.au>
  Igal Liberman <ig...@marvell.com>
  Inki Dae <inki....@samsung.com>
  James Morris <james.l.mor...@oracle.com>
  James Simmons <jsimm...@infradead.org>
  Jan Beulich <jbeul...@suse.com>
  Jan Kara <j...@suse.cz>
  Jani Nikula <jani.nik...@intel.com>
  Javier Martinez Canillas <jav...@osg.samsung.com>
  Joonyoung Shim <jy0922.s...@samsung.com>
  Jordan Crouse <jcro...@codeaurora.org>
  Juergen Gross <jgr...@suse.com>
  Julien Thierry <julien.thie...@arm.com>
  Kalle Valo <kv...@codeaurora.org>
  Kalle Valo <kv...@qca.qualcomm.com>
  Kashyap Desai <kashyap.de...@broadcom.com>
  Kasin Li <dong...@codeaurora.org>
  Keerthy <j-keer...@ti.com>
  Larry Finger <larry.fin...@lwfinger.net>
  Lee Jones <lee.jo...@linaro.org>
  Leo Liu <leo....@amd.com>
  Leon Romanovsky <l...@kernel.org>
  Linus Torvalds <torva...@linux-foundation.org>
  Linus Walleij <linus.wall...@linaro.org>
  Luca Coelho <luciano.coe...@intel.com>
  Lukasz Majewski <lu...@denx.de>
  Majd Dibbiny <m...@mellanox.com>
  Marc Zyngier <marc.zyng...@arm.com>
  Mark Brown <broo...@kernel.org>
  Mark Rutland <mark.rutl...@arm.com>
  Martin K. Petersen <martin.peter...@oracle.com>
  Martin Schwidefsky <schwidef...@de.ibm.com>
  Mauro Carvalho Chehab <mche...@s-opensource.com>
  Maxime Ripard <maxime.rip...@free-electrons.com>
  Michael Chan <michael.c...@broadcom.com>
  Michael Ellerman <m...@ellerman.id.au>
  Nadav Haklai <nad...@marvell.com>
  Netanel Belgazal <neta...@annapurnalabs.com>
  Oleh Kravchenko <o...@kaa.org.ua>
  Paul Mackerras <pau...@ozlabs.org>
  Pierre-Louis Bossart <pierre-louis.boss...@linux.intel.com>
  Rafael J. Wysocki <rafael.j.wyso...@intel.com>
  Rafał Miłecki <ra...@milecki.pl>
  Raghava Aditya Renukunta <raghavaaditya.renuku...@microsemi.com>
  Rex Zhu <rex....@amd.com>
  Ricard Wanderlof <ricard.wander...@axis.com>
  Ricard Wanderlof <rica...@axis.com>
  Rob Clark <robdcl...@gmail.com>
  Rob Herring <r...@kernel.org>
  Rodrigo Vivi <rodrigo.v...@intel.com>
  Ronnie Sahlberg <lsahl...@redhat.com>
  Russell King <rmk+ker...@armlinux.org.uk>
  Sasha Levin <alexander.le...@verizon.com>
  Sebastian Reichel <s...@kernel.org>
  Seth Forshee <seth.fors...@canonical.com>
  Shivasharan S <shivasharan.srikanteshw...@broadcom.com>
  Stefan Agner <ste...@agner.ch>
  Stefan Haberland <s...@linux.vnet.ibm.com>
  Stephen Boyd <sb...@codeaurora.org>
  Steve French <smfre...@gmail.com>
  Steven Rostedt (VMware) <rost...@goodmis.org>
  Sudip Mukherjee <sudip.mukher...@codethink.co.uk>
  Sudip Mukherjee <sudipm.mukher...@gmail.com>
  Sylwester Nawrocki <s.nawro...@samsung.com>
  Taeung Song <treeze.tae...@gmail.com>
  Takashi Iwai <ti...@suse.de>
  Theodore Ts'o <ty...@mit.edu>
  Thomas Petazzoni <thomas.petazz...@free-electrons.com>
  Tobias Jakobi <tjak...@math.uni-bielefeld.de>
  Tomas Winkler <tomas.wink...@intel.com>
  Tony Lindgren <t...@atomide.com>
  Ulf Hansson <ulf.hans...@linaro.org>
  Ulka Vaze <ulka.v...@yahoo.in>
  Viresh Kumar <viresh.ku...@linaro.org>
  Will Deacon <will.dea...@arm.com>
  Wolfram Sang <w...@the-dreams.de>
  Yan Markman <ymark...@marvell.com>
  Yang Sheng <yang.sh...@intel.com>

jobs:
 build-amd64-xsm                                              pass    
 build-armhf-xsm                                              pass    
 build-i386-xsm                                               pass    
 build-amd64                                                  pass    
 build-armhf                                                  pass    
 build-i386                                                   pass    
 build-amd64-libvirt                                          pass    
 build-armhf-libvirt                                          pass    
 build-i386-libvirt                                           pass    
 build-amd64-pvops                                            pass    
 build-armhf-pvops                                            pass    
 build-i386-pvops                                             pass    
 build-amd64-rumprun                                          pass    
 build-i386-rumprun                                           pass    
 test-amd64-amd64-xl                                          pass    
 test-armhf-armhf-xl                                          pass    
 test-amd64-i386-xl                                           pass    
 test-amd64-amd64-xl-qemut-debianhvm-amd64-xsm                pass    
 test-amd64-i386-xl-qemut-debianhvm-amd64-xsm                 pass    
 test-amd64-amd64-libvirt-qemuu-debianhvm-amd64-xsm           pass    
 test-amd64-i386-libvirt-qemuu-debianhvm-amd64-xsm            pass    
 test-amd64-amd64-xl-qemuu-debianhvm-amd64-xsm                pass    
 test-amd64-i386-xl-qemuu-debianhvm-amd64-xsm                 pass    
 test-amd64-amd64-xl-qemut-stubdom-debianhvm-amd64-xsm        pass    
 test-amd64-i386-xl-qemut-stubdom-debianhvm-amd64-xsm         pass    
 test-amd64-amd64-libvirt-xsm                                 pass    
 test-armhf-armhf-libvirt-xsm                                 pass    
 test-amd64-i386-libvirt-xsm                                  pass    
 test-amd64-amd64-xl-xsm                                      pass    
 test-armhf-armhf-xl-xsm                                      pass    
 test-amd64-i386-xl-xsm                                       pass    
 test-amd64-amd64-qemuu-nested-amd                            fail    
 test-amd64-amd64-xl-pvhv2-amd                                fail    
 test-amd64-i386-qemut-rhel6hvm-amd                           pass    
 test-amd64-i386-qemuu-rhel6hvm-amd                           pass    
 test-amd64-amd64-xl-qemut-debianhvm-amd64                    pass    
 test-amd64-i386-xl-qemut-debianhvm-amd64                     pass    
 test-amd64-amd64-xl-qemuu-debianhvm-amd64                    pass    
 test-amd64-i386-xl-qemuu-debianhvm-amd64                     pass    
 test-amd64-i386-freebsd10-amd64                              pass    
 test-amd64-amd64-xl-qemuu-ovmf-amd64                         pass    
 test-amd64-i386-xl-qemuu-ovmf-amd64                          pass    
 test-amd64-amd64-rumprun-amd64                               pass    
 test-amd64-amd64-xl-qemut-win7-amd64                         fail    
 test-amd64-i386-xl-qemut-win7-amd64                          fail    
 test-amd64-amd64-xl-qemuu-win7-amd64                         fail    
 test-amd64-i386-xl-qemuu-win7-amd64                          fail    
 test-amd64-amd64-xl-qemut-ws16-amd64                         fail    
 test-amd64-i386-xl-qemut-ws16-amd64                          fail    
 test-amd64-amd64-xl-qemuu-ws16-amd64                         fail    
 test-amd64-i386-xl-qemuu-ws16-amd64                          fail    
 test-armhf-armhf-xl-arndale                                  pass    
 test-amd64-amd64-xl-credit2                                  pass    
 test-armhf-armhf-xl-credit2                                  pass    
 test-armhf-armhf-xl-cubietruck                               pass    
 test-amd64-amd64-examine                                     pass    
 test-armhf-armhf-examine                                     pass    
 test-amd64-i386-examine                                      pass    
 test-amd64-i386-freebsd10-i386                               pass    
 test-amd64-i386-rumprun-i386                                 pass    
 test-amd64-amd64-xl-qemut-win10-i386                         fail    
 test-amd64-i386-xl-qemut-win10-i386                          fail    
 test-amd64-amd64-xl-qemuu-win10-i386                         fail    
 test-amd64-i386-xl-qemuu-win10-i386                          fail    
 test-amd64-amd64-qemuu-nested-intel                          pass    
 test-amd64-amd64-xl-pvhv2-intel                              fail    
 test-amd64-i386-qemut-rhel6hvm-intel                         pass    
 test-amd64-i386-qemuu-rhel6hvm-intel                         pass    
 test-amd64-amd64-libvirt                                     pass    
 test-armhf-armhf-libvirt                                     pass    
 test-amd64-i386-libvirt                                      pass    
 test-amd64-amd64-xl-multivcpu                                pass    
 test-armhf-armhf-xl-multivcpu                                pass    
 test-amd64-amd64-pair                                        pass    
 test-amd64-i386-pair                                         pass    
 test-amd64-amd64-libvirt-pair                                pass    
 test-amd64-i386-libvirt-pair                                 pass    
 test-amd64-amd64-amd64-pvgrub                                pass    
 test-amd64-amd64-i386-pvgrub                                 pass    
 test-amd64-amd64-pygrub                                      pass    
 test-amd64-i386-libvirt-qcow2                                fail    
 test-amd64-amd64-xl-qcow2                                    fail    
 test-armhf-armhf-libvirt-raw                                 pass    
 test-amd64-i386-xl-raw                                       pass    
 test-amd64-amd64-xl-rtds                                     pass    
 test-armhf-armhf-xl-rtds                                     fail    
 test-amd64-amd64-libvirt-vhd                                 fail    
 test-armhf-armhf-xl-vhd                                      fail    


------------------------------------------------------------
sg-report-flight on osstest.test-lab.xenproject.org
logs: /home/logs/logs
images: /home/logs/images

Logs, config files, etc. are available at
    http://logs.test-lab.xenproject.org/osstest/logs

Explanation of these reports, and of osstest in general, is at
    http://xenbits.xen.org/gitweb/?p=osstest.git;a=blob;f=README.email;hb=master
    http://xenbits.xen.org/gitweb/?p=osstest.git;a=blob;f=README;hb=master

Test harness code can be found at
    http://xenbits.xen.org/gitweb?p=osstest.git;a=summary


Not pushing.

(No revision log; it would be 1616 lines long.)

_______________________________________________
Xen-devel mailing list
Xen-devel@lists.xen.org
https://lists.xen.org/xen-devel

Reply via email to