On Sun, 2015-03-08 at 10:29 +0000, xen.org wrote:
> flight 35957 xen-unstable real [real]
> http://www.chiark.greenend.org.uk/~xensrcts/logs/35957/
> 
> Regressions :-(
> 
> Tests which did not succeed and are blocking,
> including tests which could not be run:
>  test-amd64-amd64-rumpuserxen-amd64 11 rumpuserxen-demo-xenstorels/xenstorels 
> fail REGR. vs. 35257

This run started before this was made an allowable failure. I'm inclined
to do a force push -- things are so backlogged with the 4.x-testing
branch stuff that unstable isn't going to get anything run until
tomorrow according to the resource plan.


> 
> Regressions which are regarded as allowable (not blocking):
>  test-amd64-i386-libvirt       9 guest-start               fail REGR. vs. 
> 35257
>  test-amd64-i386-pair        17 guest-migrate/src_host/dst_host fail like 
> 35257
> 
> Tests which did not succeed, but are not blocking:
>  test-armhf-armhf-xl-sedf-pin 10 migrate-support-check        fail   never 
> pass
>  test-armhf-armhf-xl-multivcpu 10 migrate-support-check        fail  never 
> pass
>  test-armhf-armhf-xl-midway   10 migrate-support-check        fail   never 
> pass
>  test-armhf-armhf-xl          10 migrate-support-check        fail   never 
> pass
>  test-armhf-armhf-xl-sedf     10 migrate-support-check        fail   never 
> pass
>  test-armhf-armhf-libvirt     10 migrate-support-check        fail   never 
> pass
>  test-armhf-armhf-xl-credit2  10 migrate-support-check        fail   never 
> pass
>  test-amd64-amd64-xl-pvh-amd   9 guest-start                  fail   never 
> pass
>  test-amd64-amd64-xl-pcipt-intel  9 guest-start                 fail never 
> pass
>  test-amd64-amd64-libvirt     10 migrate-support-check        fail   never 
> pass
>  test-amd64-amd64-xl-pvh-intel  9 guest-start                  fail  never 
> pass
>  test-amd64-i386-xl-qemut-winxpsp3 14 guest-stop                fail never 
> pass
>  test-amd64-i386-xl-qemuu-winxpsp3 14 guest-stop                fail never 
> pass
>  test-amd64-i386-xl-qemuu-winxpsp3-vcpus1 14 guest-stop         fail never 
> pass
>  test-amd64-amd64-xl-qemut-win7-amd64 14 guest-stop             fail never 
> pass
>  test-amd64-amd64-xl-winxpsp3 14 guest-stop                   fail   never 
> pass
>  test-amd64-i386-xl-qemuu-win7-amd64 14 guest-stop              fail never 
> pass
>  test-amd64-amd64-xl-qemuu-win7-amd64 14 guest-stop             fail never 
> pass
>  test-amd64-amd64-xl-win7-amd64 14 guest-stop                   fail never 
> pass
>  test-amd64-i386-xl-win7-amd64 14 guest-stop                   fail  never 
> pass
>  test-amd64-i386-xl-qemut-win7-amd64 14 guest-stop              fail never 
> pass
>  test-amd64-i386-xl-qemut-winxpsp3-vcpus1 14 guest-stop         fail never 
> pass
>  test-amd64-i386-xl-winxpsp3-vcpus1 14 guest-stop               fail never 
> pass
>  test-amd64-i386-xl-winxpsp3  14 guest-stop                   fail   never 
> pass
>  test-amd64-amd64-xl-qemut-winxpsp3 14 guest-stop               fail never 
> pass
>  test-amd64-amd64-xl-qemuu-winxpsp3 14 guest-stop               fail never 
> pass
> 
> version targeted for testing:
>  xen                  f919dbc0583797d1c5c09da815518084ce77eb81
> baseline version:
>  xen                  24b2b8dea180098a3acc809a91cde6c0cc4c8607
> 
> ------------------------------------------------------------
> People who touched revisions under test:
>   "Wei, Gang" <gang....@intel.com>
>   Aaron Adams <aaron.ad...@nccgroup.com>
>   Andrew Cooper <andew.coo...@citrix.com>
>   Andrew Cooper <andrew.coop...@citrix.com>
>   Anthony PERARD <anthony.per...@citrix.com>
>   Boris Ostrovsky <boris.ostrov...@oracle.com>
>   Chao Peng <chao.p.p...@linux.intel.com>
>   Daniel De Graaf <dgde...@tycho.nsa.gov>
>   Daniel Kiper <daniel.ki...@oracle.com>
>   Dario Faggioli <dario.faggi...@citrix.com>
>   Don Slutz <dsl...@verizon.com>
>   Frediano Ziglio <frediano.zig...@huawei.com>
>   Ian Campbell <ian.campb...@cigtrix.com>
>   Ian Campbell <ian.campb...@citrix.com>
>   Ian Jackson <ian.jack...@eu.citrix.com>
>   Jan Beulich <jbeul...@suse.com>
>   Julien Grall <julien.gr...@linaro.org>
>   M. Gregory <mbgr...@tycho.ncsc.mil>
>   Mike Latimer <mlati...@suse.com>
>   Olaf Hering <o...@aepfle.de>
>   Razvan Cojocaru <rcojoc...@bitdefender.com>
>   Ross Lagerwall <ross.lagerw...@citrix.com>
>   Samuel Thibault <samuel.thiba...@ens-lyon.org>
>   Stefano Stabellini <stefano.stabell...@eu.citrix.com>
>   Stefano Stabellini <stefano.stabell...@eu.citrix.com>\
>   Tim Deegan <t...@xen.org>
>   Vijaya Kumar K <vijaya.ku...@caviumnetworks.com>
>   Wei Liu <l...@liuw.name>
>   Wei Liu <wei.l...@citrix.com>
>   Zoltan Kiss <zoltan.k...@huawei.com>
> ------------------------------------------------------------
> 
> jobs:
>  build-amd64                                                  pass    
>  build-armhf                                                  pass    
>  build-i386                                                   pass    
>  build-amd64-libvirt                                          pass    
>  build-armhf-libvirt                                          pass    
>  build-i386-libvirt                                           pass    
>  build-amd64-oldkern                                          pass    
>  build-i386-oldkern                                           pass    
>  build-amd64-pvops                                            pass    
>  build-armhf-pvops                                            pass    
>  build-i386-pvops                                             pass    
>  build-amd64-rumpuserxen                                      pass    
>  build-i386-rumpuserxen                                       pass    
>  test-amd64-amd64-xl                                          pass    
>  test-armhf-armhf-xl                                          pass    
>  test-amd64-i386-xl                                           pass    
>  test-amd64-amd64-xl-pvh-amd                                  fail    
>  test-amd64-i386-rhel6hvm-amd                                 pass    
>  test-amd64-i386-qemut-rhel6hvm-amd                           pass    
>  test-amd64-i386-qemuu-rhel6hvm-amd                           pass    
>  test-amd64-amd64-xl-qemut-debianhvm-amd64                    pass    
>  test-amd64-i386-xl-qemut-debianhvm-amd64                     pass    
>  test-amd64-amd64-xl-qemuu-debianhvm-amd64                    pass    
>  test-amd64-i386-xl-qemuu-debianhvm-amd64                     pass    
>  test-amd64-i386-freebsd10-amd64                              pass    
>  test-amd64-amd64-xl-qemuu-ovmf-amd64                         pass    
>  test-amd64-i386-xl-qemuu-ovmf-amd64                          pass    
>  test-amd64-amd64-rumpuserxen-amd64                           fail    
>  test-amd64-amd64-xl-qemut-win7-amd64                         fail    
>  test-amd64-i386-xl-qemut-win7-amd64                          fail    
>  test-amd64-amd64-xl-qemuu-win7-amd64                         fail    
>  test-amd64-i386-xl-qemuu-win7-amd64                          fail    
>  test-amd64-amd64-xl-win7-amd64                               fail    
>  test-amd64-i386-xl-win7-amd64                                fail    
>  test-amd64-amd64-xl-credit2                                  pass    
>  test-armhf-armhf-xl-credit2                                  pass    
>  test-amd64-i386-freebsd10-i386                               pass    
>  test-amd64-i386-rumpuserxen-i386                             pass    
>  test-amd64-amd64-xl-pcipt-intel                              fail    
>  test-amd64-amd64-xl-pvh-intel                                fail    
>  test-amd64-i386-rhel6hvm-intel                               pass    
>  test-amd64-i386-qemut-rhel6hvm-intel                         pass    
>  test-amd64-i386-qemuu-rhel6hvm-intel                         pass    
>  test-amd64-amd64-libvirt                                     pass    
>  test-armhf-armhf-libvirt                                     pass    
>  test-amd64-i386-libvirt                                      fail    
>  test-armhf-armhf-xl-midway                                   pass    
>  test-amd64-amd64-xl-multivcpu                                pass    
>  test-armhf-armhf-xl-multivcpu                                pass    
>  test-amd64-amd64-pair                                        pass    
>  test-amd64-i386-pair                                         fail    
>  test-amd64-amd64-xl-sedf-pin                                 pass    
>  test-armhf-armhf-xl-sedf-pin                                 pass    
>  test-amd64-amd64-xl-sedf                                     pass    
>  test-armhf-armhf-xl-sedf                                     pass    
>  test-amd64-i386-xl-qemut-winxpsp3-vcpus1                     fail    
>  test-amd64-i386-xl-qemuu-winxpsp3-vcpus1                     fail    
>  test-amd64-i386-xl-winxpsp3-vcpus1                           fail    
>  test-amd64-amd64-xl-qemut-winxpsp3                           fail    
>  test-amd64-i386-xl-qemut-winxpsp3                            fail    
>  test-amd64-amd64-xl-qemuu-winxpsp3                           fail    
>  test-amd64-i386-xl-qemuu-winxpsp3                            fail    
>  test-amd64-amd64-xl-winxpsp3                                 fail    
>  test-amd64-i386-xl-winxpsp3                                  fail    
> 
> 
> ------------------------------------------------------------
> sg-report-flight on osstest.cam.xci-test.com
> logs: /home/xc_osstest/logs
> images: /home/xc_osstest/images
> 
> Logs, config files, etc. are available at
>     http://www.chiark.greenend.org.uk/~xensrcts/logs
> 
> Test harness code can be found at
>     http://xenbits.xensource.com/gitweb?p=osstest.git;a=summary
> 
> 
> Not pushing.
> 
> (No revision log; it would be 1361 lines long.)
> 
> _______________________________________________
> Xen-devel mailing list
> Xen-devel@lists.xen.org
> http://lists.xen.org/xen-devel



_______________________________________________
Xen-devel mailing list
Xen-devel@lists.xen.org
http://lists.xen.org/xen-devel

Reply via email to