flight 35942 linux-linus real [real]
http://www.chiark.greenend.org.uk/~xensrcts/logs/35942/

Regressions :-(

Tests which did not succeed and are blocking,
including tests which could not be run:
 test-amd64-amd64-xl-qemuu-winxpsp3  7 windows-install     fail REGR. vs. 35883

Regressions which are regarded as allowable (not blocking):
 test-armhf-armhf-libvirt     13 guest-destroy             fail REGR. vs. 35883
 test-amd64-i386-freebsd10-i386  7 freebsd-install              fail like 35883
 test-amd64-i386-freebsd10-amd64  7 freebsd-install             fail like 35883
 test-amd64-i386-pair        17 guest-migrate/src_host/dst_host fail like 35883

Tests which did not succeed, but are not blocking:
 test-amd64-amd64-xl-pvh-intel  9 guest-start                  fail  never pass
 test-armhf-armhf-xl-credit2  10 migrate-support-check        fail   never pass
 test-amd64-amd64-rumpuserxen-amd64 13 
rumpuserxen-demo-xenstorels/xenstorels.repeat fail never pass
 test-armhf-armhf-xl-sedf-pin 10 migrate-support-check        fail   never pass
 test-armhf-armhf-xl          10 migrate-support-check        fail   never pass
 test-armhf-armhf-xl-sedf     10 migrate-support-check        fail   never pass
 test-armhf-armhf-xl-midway   10 migrate-support-check        fail   never pass
 test-amd64-amd64-xl-pcipt-intel  9 guest-start                 fail never pass
 test-amd64-amd64-xl-pvh-amd   9 guest-start                  fail   never pass
 test-armhf-armhf-libvirt     10 migrate-support-check        fail   never pass
 test-amd64-amd64-libvirt     10 migrate-support-check        fail   never pass
 test-armhf-armhf-xl-multivcpu 10 migrate-support-check        fail  never pass
 test-amd64-i386-libvirt      10 migrate-support-check        fail   never pass
 test-amd64-i386-xl-qemuu-winxpsp3-vcpus1 14 guest-stop         fail never pass
 test-amd64-i386-xl-qemuu-winxpsp3 14 guest-stop                fail never pass
 test-amd64-amd64-xl-winxpsp3 14 guest-stop                   fail   never pass
 test-amd64-i386-xl-win7-amd64 14 guest-stop                   fail  never pass
 test-amd64-i386-xl-qemut-win7-amd64 14 guest-stop              fail never pass
 test-amd64-i386-xl-qemuu-win7-amd64 14 guest-stop              fail never pass
 test-amd64-amd64-xl-qemuu-win7-amd64 14 guest-stop             fail never pass
 test-amd64-amd64-xl-win7-amd64 14 guest-stop                   fail never pass
 test-amd64-i386-xl-winxpsp3-vcpus1 14 guest-stop               fail never pass
 test-amd64-amd64-xl-qemut-winxpsp3 14 guest-stop               fail never pass
 test-amd64-i386-xl-qemut-winxpsp3-vcpus1 14 guest-stop         fail never pass
 test-amd64-i386-xl-winxpsp3  14 guest-stop                   fail   never pass
 test-amd64-i386-xl-qemut-winxpsp3 14 guest-stop                fail never pass
 test-amd64-amd64-xl-qemut-win7-amd64 14 guest-stop             fail never pass

version targeted for testing:
 linux                99aedde0869ce194539166ac5a4d2e1a20995348
baseline version:
 linux                a6c5170d1edea97c538c81e377e56c7b5c5b7e63

------------------------------------------------------------
People who touched revisions under test:
  Andy Lutomirski <l...@amacapital.net>
  Andy Shevchenko <andriy.shevche...@linux.intel.com>
  Anton Blanchard <an...@samba.org>
  Ard Biesheuvel <a...@linaro.org>
  Borislav Petkov <b...@alien8.de>
  Christoffer Dall <christoffer.d...@linaro.org>
  Colin Ian King <colin.k...@canonical.com>
  Erik Rull <erik.r...@rdsoftware.de>
  Ingo Molnar <mi...@kernel.org>
  Ivan Khoronzhuk <ivan.khoronz...@linaro.org>
  James Hogan <james.ho...@imgtec.com>
  Jamie Iles <jamie.i...@oracle.com>
  Jammy Zhou <jammy.z...@amd.com>
  Jan Kiszka <jan.kis...@siemens.com>
  Julia Lawall <julia.law...@lip6.fr>
  Linus Torvalds <torva...@linux-foundation.org>
  Marcelo Tosatti <mtosa...@redhat.com>
  Mark Rutland <mark.rutl...@arm.com>
  Matt Fleming <matt.flem...@intel.com>
  Michael Ellerman <m...@ellerman.id.au>
  Michel Dänzer <michel.daen...@amd.com>
  Mischa Jonker <mjon...@synopsys.com>
  Nishanth Aravamudan <n...@linux.vnet.ibm.com>
  Ong, Boon Leong <boon.leong....@intel.com>
  Paolo Bonzini <pbonz...@redhat.com>
  Paul A. Clarke <p...@us.ibm.com>
  Paul Clarke <p...@us.ibm.com>
  Quentin Casasnovas <quentin.casasno...@oracle.com>
  Radim Krčmář <rkrc...@redhat.com>
  Steven Rostedt <rost...@goodmis.org>
  Sumit Semwal <sumit.sem...@linaro.org>
  Tapasweni Pathak <tapaswenipat...@gmail.com>
  Tyler Hicks <tyhi...@canonical.com>
  Vineet Gupta <vgu...@synopsys.com>
  Wei Huang <w...@redhat.com>
  Yinghai Lu <ying...@kernel.org>
------------------------------------------------------------

jobs:
 build-amd64                                                  pass
 build-armhf                                                  pass
 build-i386                                                   pass
 build-amd64-libvirt                                          pass
 build-armhf-libvirt                                          pass
 build-i386-libvirt                                           pass
 build-amd64-pvops                                            pass
 build-armhf-pvops                                            pass
 build-i386-pvops                                             pass
 build-amd64-rumpuserxen                                      pass
 build-i386-rumpuserxen                                       pass
 test-amd64-amd64-xl                                          pass
 test-armhf-armhf-xl                                          pass
 test-amd64-i386-xl                                           pass
 test-amd64-amd64-xl-pvh-amd                                  fail
 test-amd64-i386-rhel6hvm-amd                                 pass
 test-amd64-i386-qemut-rhel6hvm-amd                           pass
 test-amd64-i386-qemuu-rhel6hvm-amd                           pass
 test-amd64-amd64-xl-qemut-debianhvm-amd64                    pass
 test-amd64-i386-xl-qemut-debianhvm-amd64                     pass
 test-amd64-amd64-xl-qemuu-debianhvm-amd64                    pass
 test-amd64-i386-xl-qemuu-debianhvm-amd64                     pass
 test-amd64-i386-freebsd10-amd64                              fail
 test-amd64-amd64-xl-qemuu-ovmf-amd64                         pass
 test-amd64-i386-xl-qemuu-ovmf-amd64                          pass
 test-amd64-amd64-rumpuserxen-amd64                           fail
 test-amd64-amd64-xl-qemut-win7-amd64                         fail
 test-amd64-i386-xl-qemut-win7-amd64                          fail
 test-amd64-amd64-xl-qemuu-win7-amd64                         fail
 test-amd64-i386-xl-qemuu-win7-amd64                          fail
 test-amd64-amd64-xl-win7-amd64                               fail
 test-amd64-i386-xl-win7-amd64                                fail
 test-amd64-amd64-xl-credit2                                  pass
 test-armhf-armhf-xl-credit2                                  pass
 test-amd64-i386-freebsd10-i386                               fail
 test-amd64-i386-rumpuserxen-i386                             pass
 test-amd64-amd64-xl-pcipt-intel                              fail
 test-amd64-amd64-xl-pvh-intel                                fail
 test-amd64-i386-rhel6hvm-intel                               pass
 test-amd64-i386-qemut-rhel6hvm-intel                         pass
 test-amd64-i386-qemuu-rhel6hvm-intel                         pass
 test-amd64-amd64-libvirt                                     pass
 test-armhf-armhf-libvirt                                     fail
 test-amd64-i386-libvirt                                      pass
 test-armhf-armhf-xl-midway                                   pass
 test-amd64-amd64-xl-multivcpu                                pass
 test-armhf-armhf-xl-multivcpu                                pass
 test-amd64-amd64-pair                                        pass
 test-amd64-i386-pair                                         fail
 test-amd64-amd64-xl-sedf-pin                                 pass
 test-armhf-armhf-xl-sedf-pin                                 pass
 test-amd64-amd64-xl-sedf                                     pass
 test-armhf-armhf-xl-sedf                                     pass
 test-amd64-i386-xl-qemut-winxpsp3-vcpus1                     fail
 test-amd64-i386-xl-qemuu-winxpsp3-vcpus1                     fail
 test-amd64-i386-xl-winxpsp3-vcpus1                           fail
 test-amd64-amd64-xl-qemut-winxpsp3                           fail
 test-amd64-i386-xl-qemut-winxpsp3                            fail
 test-amd64-amd64-xl-qemuu-winxpsp3                           fail
 test-amd64-i386-xl-qemuu-winxpsp3                            fail
 test-amd64-amd64-xl-winxpsp3                                 fail
 test-amd64-i386-xl-winxpsp3                                  fail


------------------------------------------------------------
sg-report-flight on osstest.cam.xci-test.com
logs: /home/xc_osstest/logs
images: /home/xc_osstest/images

Logs, config files, etc. are available at
    http://www.chiark.greenend.org.uk/~xensrcts/logs

Test harness code can be found at
    http://xenbits.xensource.com/gitweb?p=osstest.git;a=summary


Not pushing.

(No revision log; it would be 695 lines long.)

_______________________________________________
Xen-devel mailing list
Xen-devel@lists.xen.org
http://lists.xen.org/xen-devel

Reply via email to