flight 35907 libvirt real [real] http://www.chiark.greenend.org.uk/~xensrcts/logs/35907/
Regressions :-( Tests which did not succeed and are blocking, including tests which could not be run: test-armhf-armhf-libvirt 12 guest-start.2 fail REGR. vs. 35524 Tests which did not succeed, but are not blocking: test-amd64-amd64-libvirt 10 migrate-support-check fail never pass test-armhf-armhf-libvirt 10 migrate-support-check fail never pass test-amd64-i386-libvirt 10 migrate-support-check fail never pass version targeted for testing: libvirt 3fde7986d6694f122ae919d68ec64eee79bd51db baseline version: libvirt 719cd2182bf06196b26204a8cf88d28001b1d79b ------------------------------------------------------------ People who touched revisions under test: Daniel Veillard <veill...@redhat.com> Erik Skultety <eskul...@redhat.com> John Ferlan <jfer...@redhat.com> Ján Tomko <jto...@redhat.com> Martin Kletzander <mklet...@redhat.com> Michal Privoznik <mpriv...@redhat.com> Pavel Hrdina <phrd...@redhat.com> Peter Krempa <pkre...@redhat.com> Prerna Saxena <pre...@linux.vnet.ibm.com> Shanzhi Yu <s...@redhat.com> ------------------------------------------------------------ jobs: build-amd64 pass build-armhf pass build-i386 pass build-amd64-libvirt pass build-armhf-libvirt pass build-i386-libvirt pass build-amd64-pvops pass build-armhf-pvops pass build-i386-pvops pass test-amd64-amd64-libvirt pass test-armhf-armhf-libvirt fail test-amd64-i386-libvirt pass ------------------------------------------------------------ sg-report-flight on osstest.cam.xci-test.com logs: /home/xc_osstest/logs images: /home/xc_osstest/images Logs, config files, etc. are available at http://www.chiark.greenend.org.uk/~xensrcts/logs Test harness code can be found at http://xenbits.xensource.com/gitweb?p=osstest.git;a=summary Not pushing. (No revision log; it would be 829 lines long.)
_______________________________________________ Xen-devel mailing list Xen-devel@lists.xen.org http://lists.xen.org/xen-devel