flight 114005 xen-unstable-smoke real [real] http://logs.test-lab.xenproject.org/osstest/logs/114005/
Regressions :-( Tests which did not succeed and are blocking, including tests which could not be run: build-amd64 6 xen-build fail REGR. vs. 113972 build-armhf 6 xen-build fail REGR. vs. 113972 Tests which did not succeed, but are not blocking: test-armhf-armhf-xl 1 build-check(1) blocked n/a test-amd64-amd64-libvirt 1 build-check(1) blocked n/a build-amd64-libvirt 1 build-check(1) blocked n/a test-amd64-amd64-xl-qemuu-debianhvm-i386 1 build-check(1) blocked n/a version targeted for testing: xen a71a96a41e273f3943119965a8cb75550cca6ba8 baseline version: xen dbc4b6e13a5d0dd8967cde7ff7000ab1ed88625e Last test of basis 113972 2017-10-03 21:02:43 Z 0 days Failing since 113979 2017-10-04 00:10:13 Z 0 days 9 attempts Testing same since 114005 2017-10-04 11:17:04 Z 0 days 1 attempts ------------------------------------------------------------ People who touched revisions under test: Bhupinder Thakur <bhupinder.tha...@linaro.org> Ian Jackson <ian.jack...@eu.citrix.com> Jan Beulich <jbeul...@suse.com> Julien Grall <julien.gr...@arm.com> Konrad Rzeszutek Wilk <konrad.w...@oracle.com> Stefano Stabellini <sstabell...@kernel.org> Wei Liu <wei.l...@citrix.com> jobs: build-amd64 fail build-armhf fail build-amd64-libvirt blocked test-armhf-armhf-xl blocked test-amd64-amd64-xl-qemuu-debianhvm-i386 blocked test-amd64-amd64-libvirt blocked ------------------------------------------------------------ sg-report-flight on osstest.test-lab.xenproject.org logs: /home/logs/logs images: /home/logs/images Logs, config files, etc. are available at http://logs.test-lab.xenproject.org/osstest/logs Explanation of these reports, and of osstest in general, is at http://xenbits.xen.org/gitweb/?p=osstest.git;a=blob;f=README.email;hb=master http://xenbits.xen.org/gitweb/?p=osstest.git;a=blob;f=README;hb=master Test harness code can be found at http://xenbits.xen.org/gitweb?p=osstest.git;a=summary Not pushing. (No revision log; it would be 451 lines long.) _______________________________________________ Xen-devel mailing list Xen-devel@lists.xen.org https://lists.xen.org/xen-devel