flight 113620 linux-4.9 real [real] http://logs.test-lab.xenproject.org/osstest/logs/113620/
Regressions :-( Tests which did not succeed and are blocking, including tests which could not be run: test-amd64-amd64-xl-qemuu-debianhvm-amd64-xsm 10 debian-hvm-install fail REGR. vs. 113479 test-amd64-amd64-xl-qemut-debianhvm-amd64 10 debian-hvm-install fail REGR. vs. 113479 Tests which did not succeed, but are not blocking: test-amd64-amd64-xl-qemut-win7-amd64 18 guest-start/win.repeat fail like 113425 test-amd64-i386-xl-qemuu-win7-amd64 16 guest-localmigrate/x10 fail like 113458 test-amd64-i386-xl-qemut-win7-amd64 16 guest-localmigrate/x10 fail like 113458 test-armhf-armhf-xl-rtds 16 guest-start/debian.repeat fail like 113479 test-amd64-amd64-xl-rtds 10 debian-install fail like 113479 test-amd64-i386-libvirt-xsm 13 migrate-support-check fail never pass test-amd64-amd64-libvirt-xsm 13 migrate-support-check fail never pass test-amd64-i386-libvirt 13 migrate-support-check fail never pass test-amd64-amd64-libvirt 13 migrate-support-check fail never pass test-amd64-amd64-xl-qemut-ws16-amd64 10 windows-install fail never pass test-amd64-amd64-libvirt-qemuu-debianhvm-amd64-xsm 11 migrate-support-check fail never pass test-amd64-i386-libvirt-qcow2 12 migrate-support-check fail never pass test-amd64-amd64-qemuu-nested-amd 17 debian-hvm-install/l1/l2 fail never pass test-amd64-amd64-libvirt-vhd 12 migrate-support-check fail never pass test-armhf-armhf-xl-rtds 13 migrate-support-check fail never pass test-armhf-armhf-xl-rtds 14 saverestore-support-check fail never pass test-armhf-armhf-libvirt-xsm 13 migrate-support-check fail never pass test-armhf-armhf-xl-cubietruck 13 migrate-support-check fail never pass test-armhf-armhf-xl-cubietruck 14 saverestore-support-check fail never pass test-armhf-armhf-libvirt-xsm 14 saverestore-support-check fail never pass test-armhf-armhf-xl 13 migrate-support-check fail never pass test-armhf-armhf-xl 14 saverestore-support-check fail never pass test-amd64-i386-xl-qemuu-ws16-amd64 13 guest-saverestore fail never pass test-armhf-armhf-xl-multivcpu 13 migrate-support-check fail never pass test-armhf-armhf-xl-multivcpu 14 saverestore-support-check fail never pass test-amd64-amd64-xl-qemuu-ws16-amd64 10 windows-install fail never pass test-amd64-i386-xl-qemut-ws16-amd64 13 guest-saverestore fail never pass test-armhf-armhf-libvirt-raw 12 migrate-support-check fail never pass test-armhf-armhf-libvirt-raw 13 saverestore-support-check fail never pass test-amd64-i386-libvirt-qemuu-debianhvm-amd64-xsm 11 migrate-support-check fail never pass test-armhf-armhf-xl-credit2 13 migrate-support-check fail never pass test-armhf-armhf-xl-credit2 14 saverestore-support-check fail never pass test-armhf-armhf-xl-arndale 13 migrate-support-check fail never pass test-armhf-armhf-xl-arndale 14 saverestore-support-check fail never pass test-armhf-armhf-xl-xsm 13 migrate-support-check fail never pass test-armhf-armhf-xl-xsm 14 saverestore-support-check fail never pass test-armhf-armhf-xl-vhd 12 migrate-support-check fail never pass test-armhf-armhf-xl-vhd 13 saverestore-support-check fail never pass test-amd64-i386-xl-qemut-win10-i386 10 windows-install fail never pass test-amd64-amd64-xl-qemuu-win10-i386 10 windows-install fail never pass test-amd64-amd64-xl-qemut-win10-i386 10 windows-install fail never pass test-amd64-i386-xl-qemuu-win10-i386 10 windows-install fail never pass test-armhf-armhf-libvirt 13 migrate-support-check fail never pass test-armhf-armhf-libvirt 14 saverestore-support-check fail never pass version targeted for testing: linux 089d7720383d7bc9ca6b8824a05dfa66f80d1f41 baseline version: linux 4ad5dcaca7428dd2bc1a6a40c948e3799c1e27ae Last test of basis 113479 2017-09-15 15:56:10 Z 5 days Testing same since 113620 2017-09-20 06:49:19 Z 0 days 1 attempts ------------------------------------------------------------ People who touched revisions under test: Alexei Starovoitov <a...@kernel.org> Amir Goldstein <amir7...@gmail.com> Andy Lutomirski <l...@kernel.org> Arnd Bergmann <a...@arndb.de> Benjamin Poirier <bpoir...@suse.com> Brian Foster <bfos...@redhat.com> Carlos Maiolino <cmaiol...@redhat.com> Christoph Hellwig <h...@lst.de> Claudiu Manoil <claudiu.man...@nxp.com> Darrick J. Wong <darrick.w...@oracle.com> David S. Miller <da...@davemloft.net> Eric Dumazet <eduma...@google.com> Eric Sandeen <sand...@redhat.com> Eric Sandeen <sand...@sandeen.net> Florian Fainelli <f.faine...@gmail.com> Florian Westphal <f...@strlen.de> Greg Kroah-Hartman <gre...@linuxfoundation.org> Haishuang Yan <yanhaishu...@cmss.chinamobile.com> Ido Schimmel <ido...@mellanox.com> Ingo Molnar <mi...@kernel.org> Jaegeuk Kim <jaeg...@kernel.org> Jan Kara <j...@suse.cz> Jason Wang <jasow...@redhat.com> Jesper Dangaard Brouer <bro...@redhat.com> Jiri Pirko <j...@mellanox.com> Lukas Czerner <lczer...@redhat.com> Marcelo Ricardo Leitner <marcelo.leit...@gmail.com> Martin KaFai Lau <ka...@fb.com> Neal Cardwell <ncardw...@google.com> Nikolay Aleksandrov <niko...@cumulusnetworks.com> Nogah Frankel <nog...@mellanox.com> Omar Sandoval <osan...@fb.com> Pan Bian <bianpan2...@163.com> Paolo Abeni <pab...@redhat.com> Paul Menzel <pmen...@molgen.mpg.de> Sabrina Dubroca <s...@queasysnail.net> Shaohua Li <s...@fb.com> Song Liu <songliubrav...@fb.com> Stefano Brivio <sbri...@redhat.com> Steffen Klassert <steffen.klass...@secunet.com> stephen hemminger <step...@networkplumber.org> Stephen Hemminger <sthem...@microsoft.com> Tom Herbert <t...@quantonium.net> Wei Wang <wei...@google.com> Willem de Bruijn <will...@google.com> Xin Long <lucien....@gmail.com> Yotam Gigi <yot...@mellanox.com> Yuchung Cheng <ych...@google.com> jobs: build-amd64-xsm pass build-armhf-xsm pass build-i386-xsm pass build-amd64 pass build-armhf pass build-i386 pass build-amd64-libvirt pass build-armhf-libvirt pass build-i386-libvirt pass build-amd64-pvops pass build-armhf-pvops pass build-i386-pvops pass build-amd64-rumprun pass build-i386-rumprun pass test-amd64-amd64-xl pass test-armhf-armhf-xl pass test-amd64-i386-xl pass test-amd64-amd64-xl-qemut-debianhvm-amd64-xsm pass test-amd64-i386-xl-qemut-debianhvm-amd64-xsm pass test-amd64-amd64-libvirt-qemuu-debianhvm-amd64-xsm pass test-amd64-i386-libvirt-qemuu-debianhvm-amd64-xsm pass test-amd64-amd64-xl-qemuu-debianhvm-amd64-xsm fail test-amd64-i386-xl-qemuu-debianhvm-amd64-xsm pass test-amd64-amd64-xl-qemut-stubdom-debianhvm-amd64-xsm pass test-amd64-i386-xl-qemut-stubdom-debianhvm-amd64-xsm pass test-amd64-amd64-libvirt-xsm pass test-armhf-armhf-libvirt-xsm pass test-amd64-i386-libvirt-xsm pass test-amd64-amd64-xl-xsm pass test-armhf-armhf-xl-xsm pass test-amd64-i386-xl-xsm pass test-amd64-amd64-qemuu-nested-amd fail test-amd64-amd64-xl-pvh-amd pass test-amd64-i386-qemut-rhel6hvm-amd pass test-amd64-i386-qemuu-rhel6hvm-amd pass test-amd64-amd64-xl-qemut-debianhvm-amd64 fail test-amd64-i386-xl-qemut-debianhvm-amd64 pass test-amd64-amd64-xl-qemuu-debianhvm-amd64 pass test-amd64-i386-xl-qemuu-debianhvm-amd64 pass test-amd64-i386-freebsd10-amd64 pass test-amd64-amd64-xl-qemuu-ovmf-amd64 pass test-amd64-i386-xl-qemuu-ovmf-amd64 pass test-amd64-amd64-rumprun-amd64 pass test-amd64-amd64-xl-qemut-win7-amd64 fail test-amd64-i386-xl-qemut-win7-amd64 fail test-amd64-amd64-xl-qemuu-win7-amd64 pass test-amd64-i386-xl-qemuu-win7-amd64 fail test-amd64-amd64-xl-qemut-ws16-amd64 fail test-amd64-i386-xl-qemut-ws16-amd64 fail test-amd64-amd64-xl-qemuu-ws16-amd64 fail test-amd64-i386-xl-qemuu-ws16-amd64 fail test-armhf-armhf-xl-arndale pass test-amd64-amd64-xl-credit2 pass test-armhf-armhf-xl-credit2 pass test-armhf-armhf-xl-cubietruck pass test-amd64-amd64-examine pass test-armhf-armhf-examine pass test-amd64-i386-examine pass test-amd64-i386-freebsd10-i386 pass test-amd64-i386-rumprun-i386 pass test-amd64-amd64-xl-qemut-win10-i386 fail test-amd64-i386-xl-qemut-win10-i386 fail test-amd64-amd64-xl-qemuu-win10-i386 fail test-amd64-i386-xl-qemuu-win10-i386 fail test-amd64-amd64-qemuu-nested-intel pass test-amd64-amd64-xl-pvh-intel pass test-amd64-i386-qemut-rhel6hvm-intel pass test-amd64-i386-qemuu-rhel6hvm-intel pass test-amd64-amd64-libvirt pass test-armhf-armhf-libvirt pass test-amd64-i386-libvirt pass test-amd64-amd64-xl-multivcpu pass test-armhf-armhf-xl-multivcpu pass test-amd64-amd64-pair pass test-amd64-i386-pair pass test-amd64-amd64-libvirt-pair pass test-amd64-i386-libvirt-pair pass test-amd64-amd64-amd64-pvgrub pass test-amd64-amd64-i386-pvgrub pass test-amd64-amd64-pygrub pass test-amd64-i386-libvirt-qcow2 pass test-amd64-amd64-xl-qcow2 pass test-armhf-armhf-libvirt-raw pass test-amd64-i386-xl-raw pass test-amd64-amd64-xl-rtds fail test-armhf-armhf-xl-rtds fail test-amd64-amd64-libvirt-vhd pass test-armhf-armhf-xl-vhd pass ------------------------------------------------------------ sg-report-flight on osstest.test-lab.xenproject.org logs: /home/logs/logs images: /home/logs/images Logs, config files, etc. are available at http://logs.test-lab.xenproject.org/osstest/logs Explanation of these reports, and of osstest in general, is at http://xenbits.xen.org/gitweb/?p=osstest.git;a=blob;f=README.email;hb=master http://xenbits.xen.org/gitweb/?p=osstest.git;a=blob;f=README;hb=master Test harness code can be found at http://xenbits.xen.org/gitweb?p=osstest.git;a=summary Not pushing. (No revision log; it would be 2422 lines long.) _______________________________________________ Xen-devel mailing list Xen-devel@lists.xen.org https://lists.xen.org/xen-devel