This run is configured for baseline tests only. flight 72128 linux-4.1 real [real] http://osstest.xs.citrite.net/~osstest/testlogs/logs/72128/
Regressions :-( Tests which did not succeed and are blocking, including tests which could not be run: test-armhf-armhf-xl 7 xen-boot fail REGR. vs. 71948 test-armhf-armhf-examine 7 reboot fail REGR. vs. 71948 test-armhf-armhf-xl-credit2 7 xen-boot fail REGR. vs. 71948 test-armhf-armhf-xl-multivcpu 7 xen-boot fail REGR. vs. 71948 test-armhf-armhf-libvirt 7 xen-boot fail REGR. vs. 71948 test-armhf-armhf-xl-midway 7 xen-boot fail REGR. vs. 71948 test-armhf-armhf-libvirt-raw 7 xen-boot fail REGR. vs. 71948 test-armhf-armhf-xl-vhd 7 xen-boot fail REGR. vs. 71948 test-amd64-amd64-xl-qemuu-win7-amd64 16 guest-localmigrate/x10 fail REGR. vs. 71948 Regressions which are regarded as allowable (not blocking): test-armhf-armhf-xl-rtds 7 xen-boot fail REGR. vs. 71948 test-amd64-amd64-xl-qemut-win7-amd64 17 guest-stop fail REGR. vs. 71948 Tests which did not succeed, but are not blocking: test-arm64-arm64-libvirt-xsm 1 build-check(1) blocked n/a test-arm64-arm64-xl 1 build-check(1) blocked n/a build-arm64-libvirt 1 build-check(1) blocked n/a test-arm64-arm64-examine 1 build-check(1) blocked n/a test-arm64-arm64-xl-credit2 1 build-check(1) blocked n/a test-arm64-arm64-xl-xsm 1 build-check(1) blocked n/a build-arm64 2 hosts-allocate broken never pass build-arm64-pvops 2 hosts-allocate broken never pass build-arm64-xsm 2 hosts-allocate broken never pass build-arm64 3 capture-logs broken never pass build-arm64-pvops 3 capture-logs broken never pass build-arm64-xsm 3 capture-logs broken never pass test-armhf-armhf-libvirt-xsm 7 xen-boot fail blocked in 71948 test-armhf-armhf-xl-xsm 7 xen-boot fail blocked in 71948 test-amd64-amd64-qemuu-nested-intel 17 debian-hvm-install/l1/l2 fail like 71948 test-amd64-i386-xl-qemut-win7-amd64 16 guest-localmigrate/x10 fail like 71948 test-amd64-i386-xl-qemuu-win7-amd64 17 guest-stop fail like 71948 test-amd64-i386-xl-qemuu-win10-i386 10 windows-install fail never pass test-amd64-amd64-xl-qemuu-win10-i386 10 windows-install fail never pass test-amd64-amd64-xl-qemuu-ws16-amd64 10 windows-install fail never pass test-amd64-i386-libvirt-xsm 13 migrate-support-check fail never pass test-amd64-amd64-libvirt 13 migrate-support-check fail never pass test-amd64-i386-xl-qemuu-ws16-amd64 10 windows-install fail never pass test-amd64-i386-libvirt 13 migrate-support-check fail never pass test-amd64-i386-xl-qemut-ws16-amd64 10 windows-install fail never pass test-amd64-amd64-xl-qemut-ws16-amd64 10 windows-install fail never pass test-amd64-i386-libvirt-qemuu-debianhvm-amd64-xsm 11 migrate-support-check fail never pass test-amd64-amd64-libvirt-xsm 13 migrate-support-check fail never pass test-amd64-amd64-libvirt-qemuu-debianhvm-amd64-xsm 11 migrate-support-check fail never pass test-amd64-amd64-qemuu-nested-amd 17 debian-hvm-install/l1/l2 fail never pass test-amd64-amd64-libvirt-vhd 12 migrate-support-check fail never pass test-amd64-i386-xl-qemut-win10-i386 17 guest-stop fail never pass test-amd64-amd64-xl-qemut-win10-i386 17 guest-stop fail never pass version targeted for testing: linux 5fbef6af7dd9a92605bb7c426f26bd122fd0cd74 baseline version: linux 1af952704416d76ad86963f04feb10a3da143901 Last test of basis 71948 2017-08-07 21:48:50 Z 43 days Testing same since 72128 2017-09-19 21:52:44 Z 0 days 1 attempts ------------------------------------------------------------ People who touched revisions under test: "Eric W. Biederman" <ebied...@xmission.com> Akinobu Mita <akinobu.m...@gmail.com> Alan Stern <st...@rowland.harvard.edu> Alan Swanson <rei...@improbability.net> Alex Deucher <alexander.deuc...@amd.com> Alex Williamson <alex.william...@redhat.com> Alexander Potapenko <gli...@google.com> Andrea Righi <righi.and...@gmail.com> Andrew Morton <a...@linux-foundation.org> Andrey Ryabinin <aryabi...@virtuozzo.com> Andrzej Hajda <a.ha...@samsung.com> Anna Schumaker <anna.schuma...@netapp.com> Anton Blanchard <an...@samba.org> Ard Biesheuvel <ard.biesheu...@linaro.org> Arnaldo Carvalho de Melo <a...@redhat.com> Arnd Bergmann <a...@arndb.de> Arvind Yadav <arvind.yadav...@gmail.com> Banajit Goswami <bgosw...@codeaurora.org> Bart Van Assche <bart.vanass...@sandisk.com> Bartlomiej Zolnierkiewicz <b.zolnier...@samsung.com> Bjorn Andersson <bjorn.anders...@linaro.org> Bjorn Helgaas <bhelg...@google.com> Brian Norris <computersforpe...@gmail.com> Calvin Owens <calvinow...@fb.com> Catalin Marinas <catalin.mari...@arm.com> Chaitra Basappa <chaitra.basa...@broadcom.com> Cheah Kok Cheong <thrus...@gmail.com> Chen Hong <chenho...@huawei.com> Chen Yu <yu.c.c...@intel.com> Christoph Hellwig <h...@lst.de> Christoph Lameter <c...@linux.com> Chu Yuan Lin <c...@datera.io> Chun-Hao Lin <h...@realtek.com> Colin Ian King <colin.k...@canonical.com> Cong Wang <xiyou.wangc...@gmail.com> Corey Minyard <cminy...@mvista.com> Dan Carpenter <dan.carpen...@oracle.com> Daniel Borkmann <dan...@iogearbox.net> Daniel Bristot de Oliveira <bris...@redhat.com> Daniel Stone <dani...@collabora.com> Daniel Vetter <daniel.vet...@ffwll.ch> Daniel Vetter <daniel.vet...@intel.com> Dave Aldridge <david.j.aldri...@oracle.com> David Lechner <da...@lechnology.com> David S. Miller <da...@davemloft.net> Derek <user....@gmail.com> Devin Heitmueller <dheitmuel...@kernellabs.com> Dmitriy <mexx...@yandex.ru> Dmitry Torokhov <dmitry.torok...@gmail.com> Doug Ledford <dledf...@redhat.com> Douglas Miller <dougm...@linux.vnet.ibm.com> Eric Auger <eric.au...@redhat.com> Eric Dumazet <eduma...@google.com> Felipe Balbi <felipe.ba...@linux.intel.com> Florian Fainelli <f.faine...@gmail.com> Gary Guo <g...@datera.io> Gopikrishnaiah Anandan <ago...@codeaurora.org> Greg Kroah-Hartman <gre...@linuxfoundation.org> Gregory CLEMENT <gregory.clem...@free-electrons.com> Guoqing Jiang <gqji...@suse.com> Han Xu <b45...@freescale.com> Hannes Frederic Sowa <han...@stressinduktion.org> Hans de Goede <hdego...@redhat.com> Hans Verkuil <hans.verk...@cisco.com> Hector Martin <mar...@marcan.st> Herbert Xu <herb...@gondor.apana.org.au> Himanshu Madhani <himanshu.madh...@cavium.com> Icenowy Zheng <icen...@aosc.io> Imre Deak <imre.d...@intel.com> Ingo Molnar <mi...@kernel.org> Ioan-Adrian Ratiu <a...@adirat.com> Jaegeuk Kim <jaeg...@kernel.org> James Bottomley <j...@linux.vnet.ibm.com> James Hogan <james.ho...@imgtec.com> James Morris <james.l.mor...@oracle.com> Jamie Iles <jamie.i...@oracle.com> Jan Kara <j...@suse.cz> Jane Chu <jane....@oracle.com> Jarkko Sakkinen <jarkko.sakki...@linux.intel.com> Jason A. Donenfeld <ja...@zx2c4.com> Jassi Brar <jaswinder.si...@linaro.org> Jean-Louis Dupond <jean-lo...@dupond.be> Jens Axboe <ax...@fb.com> Jerry Lee <jerry...@qnap.com> Jia-Ju Bai <baijiaju1...@163.com> Jiang Yi <jiangyil...@gmail.com> Jin Qian <jinq...@google.com> Jin Yao <yao....@linux.intel.com> Jiri Kosina <jkos...@suse.cz> Jiri Olsa <jo...@kernel.org> Johan Hovold <jo...@kernel.org> Johannes Berg <johannes.b...@intel.com> Jonas Bonn <jo...@southpole.se> Jonathan Cameron <ji...@kernel.org> Jonathan Cameron <jonathan.came...@huawei.com> Jonathan Toppins <jtopp...@redhat.com> Jordan Crouse <jcro...@codeaurora.org> Josh Poimboeuf <jpoim...@redhat.com> Juergen Gross <jgr...@suse.com> Kai-Heng Feng <kai.heng.f...@canonical.com> Kalle Valo <kv...@qca.qualcomm.com> Kees Cook <keesc...@chromium.org> Konrad Rzeszutek Wilk <konrad.w...@oracle.com> Krzysztof Kozlowski <k...@kernel.org> Kyle Huey <m...@kylehuey.com> Lad, Prabhakar <prabhakar.cse...@gmail.com> Laurent Vivier <lviv...@redhat.com> Leon Romanovsky <leo...@mellanox.com> Linus Torvalds <torva...@linux-foundation.org> Linus Walleij <linus.wall...@linaro.org> Lior David <qca_li...@qca.qualcomm.com> liujian (CE) <liujia...@huawei.com> Maciej W. Rozycki <ma...@imgtec.com> Maciej W. Rozycki <ma...@linux-mips.org> Mahesh Bandewar <mahe...@google.com> Marc Gonzalez <marc_gonza...@sigmadesigns.com> Marc Zyngier <marc.zyng...@arm.com> Marcel Holtmann <mar...@holtmann.org> Marek Marczykowski-Górecki <marma...@invisiblethingslab.com> Mario Kleiner <mario.kleiner...@gmail.com> Mark Brown <broo...@kernel.org> Mark Rutland <mark.rutl...@arm.com> Martin K. Petersen <martin.peter...@oracle.com> Martin Schwidefsky <schwidef...@de.ibm.com> Mateusz Jurczyk <mjurc...@google.com> Mathias Nyman <mathias.ny...@linux.intel.com> Matthew Dawson <matt...@mjdsystems.ca> Maurizio Lombardi <mlomb...@redhat.com> Mauro Carvalho Chehab <mche...@s-opensource.com> Maya Erez <qca_me...@qca.qualcomm.com> Miaoqing Pan <miaoq...@codeaurora.org> Michael Chan <michael.c...@broadcom.com> Michael Ellerman <m...@ellerman.id.au> Michael Gugino <michael.gugin...@gmail.com> Michael Holzheu <holz...@linux.vnet.ibm.com> Michal Hocko <mho...@suse.com> Michal Kazior <michal.kaz...@tieto.com> Michal Simek <michal.si...@xilinx.com> Mike Manning <mmann...@brocade.com> Miklos Szeredi <mszer...@redhat.com> Mikulas Patocka <mpato...@redhat.com> Milan P. Gandhi <mgan...@redhat.com> Moritz Fischer <m...@kernel.org> Naveen N. Rao <naveen.n....@linux.vnet.ibm.com> Neal Cardwell <ncardw...@google.com> Neil Horman <nhor...@tuxdriver.com> NeilBrown <ne...@suse.com> Nicholas Bellinger <n...@linux-iscsi.org> Nicholas Mc Guire <hof...@osadl.org> Ofer Heifetz <of...@marvell.com> Oleg Nesterov <o...@redhat.com> Oliver Neukum <oneu...@suse.com> Oliver O'Halloran <ooh...@gmail.com> Omar Sandoval <osan...@fb.com> Pali Rohár <pali.ro...@gmail.com> Patrick Lai <p...@codeaurora.org> Paul Mackerras <pau...@ozlabs.org> Pavel Machek <pa...@ucw.cz> Peter Chen <peter.c...@nxp.com> Peter Ujfalusi <peter.ujfal...@ti.com> Peter Zijlstra <a.p.zijls...@chello.nl> Phil Reid <pr...@electromag.com.au> Prabhakar Lad <prabhakar.cse...@gmail.com> Rabin Vincent <rab...@axis.com> Radim KrÄmáŠ<rkrc...@redhat.com> Rafael J. Wysocki <rafael.j.wyso...@intel.com> Ralf Baechle <r...@linux-mips.org> Rob Clark <robdcl...@gmail.com> Rob Gardner <rob.gard...@oracle.com> Rob Herring <r...@kernel.org> Roger Pau Monné <roger....@citrix.com> Russell King <rmk+ker...@arm.linux.org.uk> Sabrina Dubroca <s...@queasysnail.net> Samuel Ortiz <sa...@linux.intel.com> Sandeep Singh <sandeep.si...@amd.com> Sasha Levin <alexander.le...@verizon.com> Satish Babu Patakokila <sbp...@codeaurora.org> Satish Kharat <satis...@cisco.com> Sean Young <s...@mess.org> Sergei A. Trusov <sergei.a.tru...@ya.ru> Sergei Shtylyov <sergei.shtyl...@cogentembedded.com> Sesidhar Baddela <sebad...@cisco.com> Seunghun Han <kkama...@gmail.com> Shaohua Li <s...@fb.com> Shyam Sundar S K <shyam-sundar....@amd.com> Sinclair Yeh <s...@vmware.com> Stafford Horne <sho...@gmail.com> Stefan Berger <stef...@linux.vnet.ibm.com> Stefan Triller <git...@stefantriller.de> Stefan-Gabriel Mirea <stefan-gabriel.mi...@nxp.com> Steffen Klassert <steffen.klass...@secunet.com> Stephen Boyd <stephen.b...@linaro.org> Steven Haigh <net...@crc.id.au> Steven Rostedt (VMware) <rost...@goodmis.org> Steven Rostedt <rost...@goodmis.org> Steven Toth <st...@kernellabs.com> Sudeep Holla <sudeep.ho...@arm.com> Sudip Mukherjee <sudip.mukher...@codethink.co.uk> Sudip Mukherjee <sudipm.mukher...@gmail.com> Suzuki K Poulose <suzuki.poul...@arm.com> Sören Brinkmann <soren.brinkm...@xilinx.com> Takashi Iwai <ti...@suse.de> Tariq Toukan <tar...@mellanox.com> Tejun Heo <t...@kernel.org> Theodore Ts'o <ty...@mit.edu> Thomas Gleixner <t...@linutronix.de> Thomas Jarosch <thomas.jaro...@intra2net.com> Tomasz Figa <tomasz.f...@gmail.com> Tony Camuso <tcam...@redhat.com> Tony Lindgren <t...@atomide.com> Ulf Hansson <ulf.hans...@linaro.org> Valentin Vidic <valentin.vi...@carnet.hr> Varun Prakash <va...@chelsio.com> Vinod Koul <vinod.k...@intel.com> WANG Cong <xiyou.wangc...@gmail.com> Wanpeng Li <wanpeng...@hotmail.com> Wei Liu <wei.l...@citrix.com> Weston Andros Adamson <d...@monkey.org> Weston Andros Adamson <d...@primarydata.com> Will Deacon <will.dea...@arm.com> Willem de Bruijn <will...@google.com> Xiao Ni <x...@redhat.com> Xin Long <lucien....@gmail.com> Yao Jin <yao....@linux.intel.com> Yoichi Yuasa <yu...@linux-mips.org> Yoshihiro Shimoda <yoshihiro.shimoda...@renesas.com> Yuchung Cheng <ych...@google.com> Yuejie Shi <syjc...@gmail.com> Zheng Li <james.z...@ericsson.com> jobs: build-amd64-xsm pass build-arm64-xsm broken build-armhf-xsm pass build-i386-xsm pass build-amd64 pass build-arm64 broken build-armhf pass build-i386 pass build-amd64-libvirt pass build-arm64-libvirt blocked build-armhf-libvirt pass build-i386-libvirt pass build-amd64-pvops pass build-arm64-pvops broken build-armhf-pvops pass build-i386-pvops pass build-amd64-rumprun pass build-i386-rumprun pass test-amd64-amd64-xl pass test-arm64-arm64-xl blocked test-armhf-armhf-xl fail test-amd64-i386-xl pass test-amd64-amd64-xl-qemut-debianhvm-amd64-xsm pass test-amd64-i386-xl-qemut-debianhvm-amd64-xsm pass test-amd64-amd64-libvirt-qemuu-debianhvm-amd64-xsm pass test-amd64-i386-libvirt-qemuu-debianhvm-amd64-xsm pass test-amd64-amd64-xl-qemuu-debianhvm-amd64-xsm pass test-amd64-i386-xl-qemuu-debianhvm-amd64-xsm pass test-amd64-amd64-xl-qemut-stubdom-debianhvm-amd64-xsm pass test-amd64-i386-xl-qemut-stubdom-debianhvm-amd64-xsm pass test-amd64-amd64-libvirt-xsm pass test-arm64-arm64-libvirt-xsm blocked test-armhf-armhf-libvirt-xsm fail test-amd64-i386-libvirt-xsm pass test-amd64-amd64-xl-xsm pass test-arm64-arm64-xl-xsm blocked test-armhf-armhf-xl-xsm fail test-amd64-i386-xl-xsm pass test-amd64-amd64-qemuu-nested-amd fail test-amd64-amd64-xl-pvh-amd pass test-amd64-i386-qemut-rhel6hvm-amd pass test-amd64-i386-qemuu-rhel6hvm-amd pass test-amd64-amd64-xl-qemut-debianhvm-amd64 pass test-amd64-i386-xl-qemut-debianhvm-amd64 pass test-amd64-amd64-xl-qemuu-debianhvm-amd64 pass test-amd64-i386-xl-qemuu-debianhvm-amd64 pass test-amd64-i386-freebsd10-amd64 pass test-amd64-amd64-xl-qemuu-ovmf-amd64 pass test-amd64-i386-xl-qemuu-ovmf-amd64 pass test-amd64-amd64-rumprun-amd64 pass test-amd64-amd64-xl-qemut-win7-amd64 fail test-amd64-i386-xl-qemut-win7-amd64 fail test-amd64-amd64-xl-qemuu-win7-amd64 fail test-amd64-i386-xl-qemuu-win7-amd64 fail test-amd64-amd64-xl-qemut-ws16-amd64 fail test-amd64-i386-xl-qemut-ws16-amd64 fail test-amd64-amd64-xl-qemuu-ws16-amd64 fail test-amd64-i386-xl-qemuu-ws16-amd64 fail test-amd64-amd64-xl-credit2 pass test-arm64-arm64-xl-credit2 blocked test-armhf-armhf-xl-credit2 fail test-amd64-amd64-examine pass test-arm64-arm64-examine blocked test-armhf-armhf-examine fail test-amd64-i386-examine pass test-amd64-i386-freebsd10-i386 pass test-amd64-i386-rumprun-i386 pass test-amd64-amd64-xl-qemut-win10-i386 fail test-amd64-i386-xl-qemut-win10-i386 fail test-amd64-amd64-xl-qemuu-win10-i386 fail test-amd64-i386-xl-qemuu-win10-i386 fail test-amd64-amd64-qemuu-nested-intel fail test-amd64-amd64-xl-pvh-intel pass test-amd64-i386-qemut-rhel6hvm-intel pass test-amd64-i386-qemuu-rhel6hvm-intel pass test-amd64-amd64-libvirt pass test-armhf-armhf-libvirt fail test-amd64-i386-libvirt pass test-armhf-armhf-xl-midway fail test-amd64-amd64-xl-multivcpu pass test-armhf-armhf-xl-multivcpu fail test-amd64-amd64-pair pass test-amd64-i386-pair pass test-amd64-amd64-libvirt-pair pass test-amd64-i386-libvirt-pair pass test-amd64-amd64-amd64-pvgrub pass test-amd64-amd64-i386-pvgrub pass test-amd64-amd64-pygrub pass test-amd64-amd64-xl-qcow2 pass test-armhf-armhf-libvirt-raw fail test-amd64-i386-xl-raw pass test-amd64-amd64-xl-rtds pass test-armhf-armhf-xl-rtds fail test-amd64-amd64-libvirt-vhd pass test-armhf-armhf-xl-vhd fail ------------------------------------------------------------ sg-report-flight on osstest.xs.citrite.net logs: /home/osstest/logs images: /home/osstest/images Logs, config files, etc. are available at http://osstest.xs.citrite.net/~osstest/testlogs/logs Test harness code can be found at http://xenbits.xensource.com/gitweb?p=osstest.git;a=summary broken-step build-arm64 hosts-allocate broken-step build-arm64-pvops hosts-allocate broken-step build-arm64-xsm hosts-allocate broken-step build-arm64 capture-logs broken-step build-arm64-pvops capture-logs broken-step build-arm64-xsm capture-logs Push not applicable. (No revision log; it would be 5083 lines long.)
_______________________________________________ Xen-devel mailing list Xen-devel@lists.xen.org https://lists.xen.org/xen-devel