flight 113438 xen-unstable-smoke real [real] http://logs.test-lab.xenproject.org/osstest/logs/113438/
Regressions :-( Tests which did not succeed and are blocking, including tests which could not be run: test-amd64-amd64-xl-qemuu-debianhvm-i386 15 guest-saverestore.2 fail REGR. vs. 113384 Tests which did not succeed, but are not blocking: test-amd64-amd64-libvirt 13 migrate-support-check fail never pass test-armhf-armhf-xl 13 migrate-support-check fail never pass test-armhf-armhf-xl 14 saverestore-support-check fail never pass version targeted for testing: xen ff7eaa55e5055f65f0af8e18398e600f910bcdb1 baseline version: xen 082fc63f20e827eb0229d520b4ebf54140d9b21b Last test of basis 113384 2017-09-12 23:14:17 Z 1 days Failing since 113403 2017-09-13 09:03:32 Z 0 days 9 attempts Testing same since 113417 2017-09-13 17:17:25 Z 0 days 6 attempts ------------------------------------------------------------ People who touched revisions under test: Andrew Cooper <andrew.coop...@citrix.com> Haozhong Zhang <haozhong.zh...@intel.com> Jan Beulich <jbeul...@suse.com> Oleksandr Grytsov <oleksandr_gryt...@epam.com> Petre Pircalabu <ppircal...@bitdefender.com> Wei Liu <wei.l...@citrix.com> jobs: build-amd64 pass build-armhf pass build-amd64-libvirt pass test-armhf-armhf-xl pass test-amd64-amd64-xl-qemuu-debianhvm-i386 fail test-amd64-amd64-libvirt pass ------------------------------------------------------------ sg-report-flight on osstest.test-lab.xenproject.org logs: /home/logs/logs images: /home/logs/images Logs, config files, etc. are available at http://logs.test-lab.xenproject.org/osstest/logs Explanation of these reports, and of osstest in general, is at http://xenbits.xen.org/gitweb/?p=osstest.git;a=blob;f=README.email;hb=master http://xenbits.xen.org/gitweb/?p=osstest.git;a=blob;f=README;hb=master Test harness code can be found at http://xenbits.xen.org/gitweb?p=osstest.git;a=summary Not pushing. (No revision log; it would be 341 lines long.) _______________________________________________ Xen-devel mailing list Xen-devel@lists.xen.org https://lists.xen.org/xen-devel