flight 113153 qemu-upstream-unstable real [real]
http://logs.test-lab.xenproject.org/osstest/logs/113153/

Regressions :-(

Tests which did not succeed and are blocking,
including tests which could not be run:
 test-amd64-amd64-xl-qemuu-win7-amd64 18 guest-start/win.repeat fail REGR. vs. 
112427

Regressions which are regarded as allowable (not blocking):
 test-amd64-i386-xl-qemuu-win7-amd64 17 guest-stop        fail REGR. vs. 112427

Tests which did not succeed, but are not blocking:
 test-armhf-armhf-libvirt     14 saverestore-support-check    fail  like 112419
 test-armhf-armhf-xl-rtds     16 guest-start/debian.repeat    fail  like 112419
 test-armhf-armhf-libvirt-xsm 14 saverestore-support-check    fail  like 112427
 test-armhf-armhf-libvirt-raw 13 saverestore-support-check    fail  like 112427
 test-amd64-amd64-xl-qemuu-ws16-amd64 10 windows-install        fail never pass
 test-amd64-amd64-libvirt-xsm 13 migrate-support-check        fail   never pass
 test-amd64-amd64-libvirt     13 migrate-support-check        fail   never pass
 test-amd64-i386-libvirt-xsm  13 migrate-support-check        fail   never pass
 test-amd64-i386-libvirt      13 migrate-support-check        fail   never pass
 test-amd64-amd64-libvirt-qemuu-debianhvm-amd64-xsm 11 migrate-support-check 
fail never pass
 test-amd64-i386-libvirt-qcow2 12 migrate-support-check        fail  never pass
 test-armhf-armhf-xl-multivcpu 13 migrate-support-check        fail  never pass
 test-armhf-armhf-xl-multivcpu 14 saverestore-support-check    fail  never pass
 test-armhf-armhf-xl-arndale  13 migrate-support-check        fail   never pass
 test-armhf-armhf-xl-arndale  14 saverestore-support-check    fail   never pass
 test-armhf-armhf-xl-credit2  13 migrate-support-check        fail   never pass
 test-armhf-armhf-xl-credit2  14 saverestore-support-check    fail   never pass
 test-amd64-i386-libvirt-qemuu-debianhvm-amd64-xsm 11 migrate-support-check 
fail never pass
 test-amd64-amd64-libvirt-vhd 12 migrate-support-check        fail   never pass
 test-amd64-amd64-qemuu-nested-amd 17 debian-hvm-install/l1/l2  fail never pass
 test-armhf-armhf-xl-rtds     13 migrate-support-check        fail   never pass
 test-armhf-armhf-xl-rtds     14 saverestore-support-check    fail   never pass
 test-amd64-i386-xl-qemuu-ws16-amd64 13 guest-saverestore       fail never pass
 test-armhf-armhf-xl-cubietruck 13 migrate-support-check        fail never pass
 test-armhf-armhf-xl-cubietruck 14 saverestore-support-check    fail never pass
 test-armhf-armhf-xl          13 migrate-support-check        fail   never pass
 test-armhf-armhf-xl          14 saverestore-support-check    fail   never pass
 test-armhf-armhf-libvirt-xsm 13 migrate-support-check        fail   never pass
 test-armhf-armhf-libvirt     13 migrate-support-check        fail   never pass
 test-armhf-armhf-libvirt-raw 12 migrate-support-check        fail   never pass
 test-armhf-armhf-xl-vhd      12 migrate-support-check        fail   never pass
 test-armhf-armhf-xl-vhd      13 saverestore-support-check    fail   never pass
 test-amd64-i386-xl-qemuu-win10-i386 10 windows-install         fail never pass
 test-amd64-amd64-xl-qemuu-win10-i386 10 windows-install        fail never pass
 test-armhf-armhf-xl-xsm      13 migrate-support-check        fail   never pass
 test-armhf-armhf-xl-xsm      14 saverestore-support-check    fail   never pass

version targeted for testing:
 qemuu                c349189772cec43498b0bec8a84146f10b8937af
baseline version:
 qemuu                c7c6232bd304568d4da4bef521603aae0035e172

Last test of basis   112427  2017-08-03 17:15:36 Z   36 days
Testing same since   113153  2017-09-08 15:15:35 Z    0 days    1 attempts

------------------------------------------------------------
People who touched revisions under test:
  Aaron Larson <alar...@ddci.com>
  Abdallah Bouassida <abdallah.bouass...@lauterbach.com>
  Alberto Garcia <be...@igalia.com>
  Aleksandr Bezzubikov <zuban...@gmail.com>
  Alex Benneé <alex.be...@linaro.org>
  Alex Bennée <alex.ben...@linaro.org>
  Alex Williamson <alex.william...@redhat.com>
  Alexander Graf <ag...@suse.de>
  Alexey G <x19...@gmail.com>
  Alexey Gerasimenko <x19...@gmail.com>
  Alexey Kardashevskiy <a...@ozlabs.ru>
  Alistair Francis <alistair.fran...@xilinx.com>
  Andrea Bolognani <abolo...@redhat.com>
  Andreas Grapentin <andr...@grapentin.org>
  Andreas Schwab <sch...@suse.de>
  Andrew Jones <drjo...@redhat.com>
  Anoob Soman <anoob.so...@citrix.com>
  Anthony Liguori <aligu...@us.ibm.com>
  Anthony PERARD <anthony.per...@citrix.com>
  Anthony Xu <anthony...@intel.com>
  Anton Blanchard <an...@samba.org>
  Anton Nefedov <anton.nefe...@virtuozzo.com>
  Ard Biesheuvel <ard.biesheu...@linaro.org>
  Ashish Mittal <ashish.mit...@veritas.com>
  Ashish Mittal <ashmit...@gmail.com>
  Aurelien Jarno <aurel...@aurel32.net>
  Aviv Ben-David <bda...@cs.technion.ac.il>
  BALATON Zoltan <bala...@eik.bme.hu>
  Ben Warren <b...@skyportsystems.com>
  Benjamin Herrenschmidt <b...@kernel.crashing.org>
  Bernhard Kaindl <bernhard.kai...@thalesgroup.com>
  Bharata B Rao <bhar...@linux.vnet.ibm.com>
  Boqun Feng (Intel) <boqun.f...@gmail.com>
  Brendan Shanks <bren...@bslabs.net>
  Brian Norris <computersforpe...@gmail.com>
  Bruce Rogers <brog...@suse.com>
  Bruno Dominguez <bru.doming...@gmail.com>
  Changlong Xie <xiecl.f...@cn.fujitsu.com>
  Chao Fan <fanc.f...@cn.fujitsu.com>
  Chris Webb <ch...@arachsys.com>
  Christian Borntraeger <borntrae...@de.ibm.com>
  Christian Borntraeger <borntrae...@de.ibm.com> for the s390 part.
  Christoph Hellwig <h...@lst.de>
  Claudio Imbrenda <imbre...@linux.vnet.ibm.com>
  Cleber Rosa <cr...@redhat.com>
  Corey Minyard <cminy...@mvista.com>
  Cornelia Huck <coh...@redhat.com>
  Cornelia Huck <cornelia.h...@de.ibm.com>
  Craig Jellick <cr...@rancher.com>
  Cédric Le Goater <c...@kaod.org>
  Daniel Barboza <danie...@linux.vnet.ibm.com>
  Daniel Henrique Barboza <danie...@linux.vnet.ibm.com>
  Daniel P. Berrange <berra...@redhat.com>
  Daniel Rempel <dan...@daynix.com>
  Danil Antonov <g.danil.a...@gmail.com>
  David Gibson <da...@gibson.dropbear.id.au>
  David Gibson <da...@gibson.dropbear.id.au> [ppc parts]
  David Hildenbrand <da...@redhat.com>
  Denis Plotnikov <dplotni...@virtuozzo.com>
  Denis V. Lunev <d...@openvz.org>
  Dong Jia Shi <bjsdj...@linux.vnet.ibm.com>
  Doug Gale <doug...@gmail.com>
  Dr. David Alan Gilbert <dgilb...@redhat.com>
  Edgar E. Iglesias <edgar.igles...@xilinx.com>
  Eduardo Habkost <ehabk...@redhat.com>
  Eduardo Otubo <ot...@redhat.com>
  Emilio G. Cota <c...@braap.org>
  Eric Auger <eric.au...@redhat.com>
  Eric Bischoff <ebisch...@nerim.net>
  Eric Blake <ebl...@redhat.com>
  Eric Farman <far...@linux.vnet.ibm.com>
  Eugene (jno) Dvurechenski <j...@linux.vnet.ibm.com>
  Fam Zheng <f...@redhat.com>
  Fan Zhang <zhang...@linux.vnet.ibm.com>
  Farhan Ali <al...@linux.vnet.ibm.com>
  Fei Li <sherr...@linux.vnet.ibm.com>
  Felipe Franciosi <fel...@nutanix.com>
  Gabriel L. Somlo <gso...@gmail.com>
  Gabriel Somlo <gso...@gmail.com>
  Gabriel Somlo <so...@cmu.edu>
  Geert Martin Ijewski <gm.ijew...@web.de>
  Gerd Hoffmann <kra...@gmail.com>
  Gerd Hoffmann <kra...@redhat.com>
  Gonglei <arei.gong...@huawei.com>
  Greg Kurz <gr...@kaod.org>
  Halil Pasic <pa...@linux.vnet.ibm.com>
  Hannes Reinecke <h...@suse.com>
  Hannes Reinecke <h...@suse.de>
  Haozhong Zhang <haozhong.zh...@intel.com>
  He Chen <he.c...@linux.intel.com>
  Herongguang (Stephen) <herongguang...@huawei.com>
  herongguang <herongguang...@huawei.com>
  Hervé Poussineau <hpous...@reactos.org>
  Ian Jackson <ian.jack...@eu.citrix.com>
  Ian McKellar <ianl...@google.com>
  Ian McKellar via Qemu-devel <qemu-de...@nongnu.org>
  Igor Druzhinin <igor.druzhi...@citrix.com>
  Igor Mammedov <imamm...@redhat.com>
  Ishani Chugh <chugh.ish...@research.iiit.ac.in>
  James Hogan <james.ho...@imgtec.com>
  Jan Beulich <jbeul...@suse.com>
  Janosch Frank <fran...@linux.vnet.ibm.com>
  Jaroslaw Pelczar <j.pelc...@samsung.com>
  Jason J. Herne <jjhe...@linux.vnet.ibm.com>
  Jason Wang <jasow...@redhat.com>
  Jay Zhou <jianjay.z...@huawei.com>
  Jeff Cody <jc...@redhat.com>
  Jens Freimann <jfrei...@redhat.com>
  Jens Freimann <jfreim...@redhat.com>
  Jiang Biao <jiang.bi...@zte.com.cn>
  Jing Liu <liuj...@linux.vnet.ibm.com>
  Jing Zhang <bjzhj...@linux.vnet.ibm.com>
  Joe Perches <j...@perches.com>
  Joel Stanley <j...@jms.id.au>
  John Arbuckle <programmingk...@gmail.com>
  John Paul Adrian Glaubitz <glaub...@physik.fu-berlin.de>
  John Snow <js...@redhat.com>
  Jonathon Jongsma <jjong...@redhat.com>
  Jose Ricardo Ziviani <jos...@linux.vnet.ibm.com>
  Joseph Myers <jos...@codesourcery.com>
  Juan Quintela <quint...@redhat.com>
  Juergen Gross <jgr...@suse.com>
  Kamil Rytarowski <n...@gmx.com>
  Kashyap Chamarthy <kcham...@redhat.com>
  Keith Busch <keith.bu...@intel.com>
  Kevin Wolf <kw...@redhat.com>
  Khem Raj <raj.k...@gmail.com>
  Klim Kireev <pro...@virtuozzo.mipt.ru>
  KONRAD Frederic <fred.kon...@greensocs.com>
  KONRAD Frederic <frederic.kon...@adacore.com>
  Krzysztof Kozlowski <k...@kernel.org>
  Ladi Prosek <lpro...@redhat.com>
  Laszlo Ersek <ler...@redhat.com>
  Laurent Vivier <laur...@vivier.eu>
  Laurent Vivier <lviv...@redhat.com>
  Leo Gaspard <l...@gaspard.io>
  Leon Alrae <leon.al...@imgtec.com>
  Li Ping <li.ping...@zte.com.cn>
  Li Zhijian <lizhij...@cn.fujitsu.com>
  Lidong Chen <lidongc...@tencent.com>
  Lluís Vilanova <vilan...@ac.upc.edu>
  Longpeng(Mike) <longpe...@huawei.com>
  Luc MICHEL <luc.mic...@git.antfield.fr>
  Malcolm Crossley <malc...@nutanix.com>
  Manos Pitsidianakis <el13...@mail.ntua.gr>
  Mao Zhongyi <maozy.f...@cn.fujitsu.com>
  Marc-André Lureau <marcandre.lur...@redhat.com>
  Marc-André Lureau <marcandre.lur...@redhat.com>
  Marcel Apfelbaum <mar...@redhat.com>
  Mark Cave-Ayland <mark.cave-ayl...@ilande.co.uk>
  Markus Armbruster <arm...@redhat.com>
  Max Filippov <jcmvb...@gmail.com>
  Max Reitz <mre...@redhat.com>
  Maxime Coquelin <maxime.coque...@redhat.com>
  Michael Davidsaver <mdavidsa...@gmail.com>
  Michael Roth <mdr...@linux.vnet.ibm.com>
  Michael S. Tsirkin <m...@redhat.com>
  Michael Tokarev <m...@tls.msk.ru>
  Michal Privoznik <mpriv...@redhat.com>
  Mihail Abakumov <mikhail.abaku...@ispras.ru>
  Mike Cui <c...@nutanix.com>
  Mikhail Sennikovskii <mikhail.sennikovs...@profitbricks.com>
  Miloš Stojanović <milos.stojano...@rt-rk.com>
  Miodrag Dinic <miodrag.di...@imgtec.com>
  Miroslav Benes <mbe...@suse.cz>
  Niels de Vos <nde...@redhat.com>
  Nikunj A Dadhania <nik...@linux.vnet.ibm.com>
  otubo <ot...@redhat.com>
  P J P <ppan...@redhat.com>
  Paolo Bonzini <pbonz...@redhat.com>
  Paul Durrant <paul.durr...@citrix.com>
  Paul E. McKenney <paul...@linux.vnet.ibm.com>
  Pavel Dovgalyuk <pavel.dovga...@ispras.ru>
  Peng Hao <peng.h...@zte.com.cn>
  Peng Hao<peng.h...@zte.com.cn>
  Peter Krempa <pkre...@redhat.com>
  Peter Lieven <p...@kamp.de>
  Peter Maydell <peter.mayd...@linaro.org>
  Peter Xu <pet...@redhat.com>
  Phil Dennis-Jordan <p...@philjordan.eu>
  Philipp Kern <p...@philkern.de>
  Philippe Mathieu-Daudé <f4...@amsat.org>
  Philippe Voinov <philippevoi...@gmail.com>
  Portia Stephens <portia.steph...@xilinx.com>
  Pranith Kumar <bobby.pr...@gmail.com>
  Prasad J Pandit <p...@fedoraproject.org>
  QingFeng Hao <ha...@linux.vnet.ibm.com>
  Richard Henderson <richard.hender...@linaro.org>
  Richard Henderson <r...@twiddle.net>
  Richard W.M. Jones <rjo...@redhat.com>
  Riku Voipio <riku.voi...@linaro.org>
  Roman Kagan <rka...@virtuozzo.com>
  Roman Pen <roman.peny...@profitbricks.com>
  Ross Lagerwall <ross.lagerw...@citrix.com>
  Sai Pavan Boddu <saip...@xilinx.com>
  Sam Bobroff <sam.bobr...@au1.ibm.com>
  Sameeh Jubran <sam...@daynix.com>
  Sameeh Jubran <sjub...@redhat.com>
  Samuel Brian <sam.br...@accelerated.com>
  Samuel Thibault <samuel.thiba...@ens-lyon.org>
  Saurav Sachidanand <sauravsachidan...@gmail.com>
  Scott Wood <o...@buserror.net>
  Sergio Andres Gomez Del Real <sergio.g.delr...@gmail.com>
  Sjors Gielen <sj...@sjorsgielen.nl>
  sochin.jiang <sochin.ji...@huawei.com>
  sochin.jiang <soc...@aliyun.com>
  Stafford Horne <sho...@gmail.com>
  Stefan Fritsch <s...@sfritsch.de>
  Stefan Hajnoczi <stefa...@redhat.com>
  Stefan Weil <s...@weilnetz.de>
  Stefano Stabellini <sstabell...@kernel.org>
  Stefano Stabellini <stef...@aporeto.com>
  Stephen Bates <sba...@raithlin.com>
  Suraj Jitindar Singh <sjitindarsi...@gmail.com>
  Suramya Shah <shah.sura...@gmail.com>
  Tai Yunfang <yunfang...@tencent.com>
  Tao Wu <lep...@google.com>
  Tao Wu <ytht....@gmail.com>
  Thomas Huth <th...@redhat.com>
  Thomas Lamprecht <t.lampre...@proxmox.com>
  Tim 'mithro' Ansell <mit...@mithis.com>
  Tobias Schramm <toblemi...@gmail.com>
  Tomáš Golembiovský <tgole...@redhat.com>
  Viktor Mihajlovski <mihaj...@linux.vnet.ibm.com>
  Vincent Bernat <vinc...@bernat.im>
  Vinzenz Feenstra <vfeen...@redhat.com>
  Vladimir Sementsov-Ogievskiy <vsement...@virtuozzo.com>
  Wang Yechao <wang.yechao...@zte.com.cn>
  wanghaibin <wanghaibin.w...@huawei.com>
  Wei Huang <w...@redhat.com>
  Wei Liu <wei.l...@citrix.com>
  Wei Qi <wei...@huawei.com>
  Wei Wang <wei.w.w...@intel.com>
  Wu Xiang <wil...@gmail.com>
  Xiao Feng Ren <renxi...@linux.vnet.ibm.com>
  Xiao Guangrong <xiaoguangr...@tencent.com>
  xiaoqiang zhao <zxq_yx_...@163.com>
  Xie Changlong <xiecl.f...@cn.fujitsu.com>
  Xiong Zhang <xiong.y.zh...@intel.com>
  Xu, Anthony <anthony...@intel.com>
  Yang Chen <bjcy...@linux.vnet.ibm.com>
  Yang Zhong <yang.zh...@intel.com>
  Yi Min Zhao <zyi...@linux.vnet.ibm.com>
  Yongbok Kim <yongbok....@imgtec.com>
  Yu Ning <yu.n...@linux.intel.com>
  Yunjian Wang <wangyunj...@huawei.com>
  Zhang Chen <zhangchen.f...@cn.fujitsu.com>
  zhanghailiang <zhang.zhanghaili...@huawei.com>
  Zhi Yong Wu <zhiyong...@ucloud.cn>
  Zhiyong Yang <zhiyong.y...@intel.com>
  Zihan Yang <tgny...@gmail.com>

jobs:
 build-amd64-xsm                                              pass    
 build-armhf-xsm                                              pass    
 build-i386-xsm                                               pass    
 build-amd64                                                  pass    
 build-armhf                                                  pass    
 build-i386                                                   pass    
 build-amd64-libvirt                                          pass    
 build-armhf-libvirt                                          pass    
 build-i386-libvirt                                           pass    
 build-amd64-pvops                                            pass    
 build-armhf-pvops                                            pass    
 build-i386-pvops                                             pass    
 test-amd64-amd64-xl                                          pass    
 test-armhf-armhf-xl                                          pass    
 test-amd64-i386-xl                                           pass    
 test-amd64-amd64-libvirt-qemuu-debianhvm-amd64-xsm           pass    
 test-amd64-i386-libvirt-qemuu-debianhvm-amd64-xsm            pass    
 test-amd64-amd64-xl-qemuu-debianhvm-amd64-xsm                pass    
 test-amd64-i386-xl-qemuu-debianhvm-amd64-xsm                 pass    
 test-amd64-amd64-libvirt-xsm                                 pass    
 test-armhf-armhf-libvirt-xsm                                 pass    
 test-amd64-i386-libvirt-xsm                                  pass    
 test-amd64-amd64-xl-xsm                                      pass    
 test-armhf-armhf-xl-xsm                                      pass    
 test-amd64-i386-xl-xsm                                       pass    
 test-amd64-amd64-qemuu-nested-amd                            fail    
 test-amd64-amd64-xl-pvh-amd                                  pass    
 test-amd64-i386-qemuu-rhel6hvm-amd                           pass    
 test-amd64-amd64-xl-qemuu-debianhvm-amd64                    pass    
 test-amd64-i386-xl-qemuu-debianhvm-amd64                     pass    
 test-amd64-i386-freebsd10-amd64                              pass    
 test-amd64-amd64-xl-qemuu-ovmf-amd64                         pass    
 test-amd64-i386-xl-qemuu-ovmf-amd64                          pass    
 test-amd64-amd64-xl-qemuu-win7-amd64                         fail    
 test-amd64-i386-xl-qemuu-win7-amd64                          fail    
 test-amd64-amd64-xl-qemuu-ws16-amd64                         fail    
 test-amd64-i386-xl-qemuu-ws16-amd64                          fail    
 test-armhf-armhf-xl-arndale                                  pass    
 test-amd64-amd64-xl-credit2                                  pass    
 test-armhf-armhf-xl-credit2                                  pass    
 test-armhf-armhf-xl-cubietruck                               pass    
 test-amd64-i386-freebsd10-i386                               pass    
 test-amd64-amd64-xl-qemuu-win10-i386                         fail    
 test-amd64-i386-xl-qemuu-win10-i386                          fail    
 test-amd64-amd64-qemuu-nested-intel                          pass    
 test-amd64-amd64-xl-pvh-intel                                pass    
 test-amd64-i386-qemuu-rhel6hvm-intel                         pass    
 test-amd64-amd64-libvirt                                     pass    
 test-armhf-armhf-libvirt                                     pass    
 test-amd64-i386-libvirt                                      pass    
 test-amd64-amd64-xl-multivcpu                                pass    
 test-armhf-armhf-xl-multivcpu                                pass    
 test-amd64-amd64-pair                                        pass    
 test-amd64-i386-pair                                         pass    
 test-amd64-amd64-libvirt-pair                                pass    
 test-amd64-i386-libvirt-pair                                 pass    
 test-amd64-amd64-amd64-pvgrub                                pass    
 test-amd64-amd64-i386-pvgrub                                 pass    
 test-amd64-amd64-pygrub                                      pass    
 test-amd64-i386-libvirt-qcow2                                pass    
 test-amd64-amd64-xl-qcow2                                    pass    
 test-armhf-armhf-libvirt-raw                                 pass    
 test-amd64-i386-xl-raw                                       pass    
 test-amd64-amd64-xl-rtds                                     pass    
 test-armhf-armhf-xl-rtds                                     fail    
 test-amd64-amd64-libvirt-vhd                                 pass    
 test-armhf-armhf-xl-vhd                                      pass    


------------------------------------------------------------
sg-report-flight on osstest.test-lab.xenproject.org
logs: /home/logs/logs
images: /home/logs/images

Logs, config files, etc. are available at
    http://logs.test-lab.xenproject.org/osstest/logs

Explanation of these reports, and of osstest in general, is at
    http://xenbits.xen.org/gitweb/?p=osstest.git;a=blob;f=README.email;hb=master
    http://xenbits.xen.org/gitweb/?p=osstest.git;a=blob;f=README;hb=master

Test harness code can be found at
    http://xenbits.xen.org/gitweb?p=osstest.git;a=summary


Not pushing.

(No revision log; it would be 53192 lines long.)

_______________________________________________
Xen-devel mailing list
Xen-devel@lists.xen.org
https://lists.xen.org/xen-devel

Reply via email to