flight 113017 linux-linus real [real] http://logs.test-lab.xenproject.org/osstest/logs/113017/
Regressions :-( Tests which did not succeed and are blocking, including tests which could not be run: test-armhf-armhf-xl-multivcpu 4 host-install(4) broken in 113011 REGR. vs. 112993 test-amd64-amd64-xl-qemut-stubdom-debianhvm-amd64-xsm 7 xen-boot fail REGR. vs. 112993 test-amd64-i386-xl-qemut-win7-amd64 16 guest-localmigrate/x10 fail REGR. vs. 112993 build-armhf 6 xen-build fail REGR. vs. 112993 Tests which are failing intermittently (not blocking): test-amd64-amd64-pair 11 xen-boot/dst_host fail in 113011 pass in 113017 test-amd64-amd64-xl-qemuu-win7-amd64 17 guest-stop fail pass in 113011 test-amd64-amd64-xl-qemuu-debianhvm-amd64 10 debian-hvm-install fail pass in 113011 Tests which did not succeed, but are not blocking: test-arm64-arm64-libvirt-xsm 1 build-check(1) blocked n/a test-armhf-armhf-xl-multivcpu 1 build-check(1) blocked n/a test-armhf-armhf-libvirt 1 build-check(1) blocked n/a test-arm64-arm64-xl 1 build-check(1) blocked n/a build-arm64-libvirt 1 build-check(1) blocked n/a build-armhf-libvirt 1 build-check(1) blocked n/a test-armhf-armhf-libvirt-raw 1 build-check(1) blocked n/a test-arm64-arm64-examine 1 build-check(1) blocked n/a test-armhf-armhf-examine 1 build-check(1) blocked n/a test-armhf-armhf-xl 1 build-check(1) blocked n/a test-armhf-armhf-xl-vhd 1 build-check(1) blocked n/a test-arm64-arm64-xl-credit2 1 build-check(1) blocked n/a test-armhf-armhf-xl-credit2 1 build-check(1) blocked n/a test-armhf-armhf-xl-cubietruck 1 build-check(1) blocked n/a test-armhf-armhf-xl-rtds 1 build-check(1) blocked n/a test-armhf-armhf-xl-arndale 1 build-check(1) blocked n/a test-armhf-armhf-libvirt-xsm 1 build-check(1) blocked n/a test-arm64-arm64-xl-xsm 1 build-check(1) blocked n/a build-arm64 2 hosts-allocate broken like 112993 build-arm64-xsm 2 hosts-allocate broken like 112993 build-arm64-pvops 2 hosts-allocate broken like 112993 build-arm64 3 capture-logs broken like 112993 build-arm64-xsm 3 capture-logs broken like 112993 build-arm64-pvops 3 capture-logs broken like 112993 test-amd64-i386-xl-qemuu-win7-amd64 17 guest-stop fail in 113011 blocked in 112993 test-armhf-armhf-libvirt 14 saverestore-support-check fail in 113011 like 112993 test-armhf-armhf-xl-rtds 16 guest-start/debian.repeat fail in 113011 like 112993 test-armhf-armhf-libvirt-xsm 14 saverestore-support-check fail in 113011 like 112993 test-armhf-armhf-libvirt-raw 13 saverestore-support-check fail in 113011 like 112993 test-armhf-armhf-xl 13 migrate-support-check fail in 113011 never pass test-armhf-armhf-xl 14 saverestore-support-check fail in 113011 never pass test-armhf-armhf-libvirt 13 migrate-support-check fail in 113011 never pass test-armhf-armhf-xl-rtds 13 migrate-support-check fail in 113011 never pass test-armhf-armhf-xl-rtds 14 saverestore-support-check fail in 113011 never pass test-armhf-armhf-xl-vhd 12 migrate-support-check fail in 113011 never pass test-armhf-armhf-xl-vhd 13 saverestore-support-check fail in 113011 never pass test-armhf-armhf-libvirt-xsm 13 migrate-support-check fail in 113011 never pass test-armhf-armhf-xl-arndale 13 migrate-support-check fail in 113011 never pass test-armhf-armhf-xl-arndale 14 saverestore-support-check fail in 113011 never pass test-armhf-armhf-xl-cubietruck 13 migrate-support-check fail in 113011 never pass test-armhf-armhf-xl-cubietruck 14 saverestore-support-check fail in 113011 never pass test-armhf-armhf-libvirt-raw 12 migrate-support-check fail in 113011 never pass test-armhf-armhf-xl-credit2 13 migrate-support-check fail in 113011 never pass test-armhf-armhf-xl-credit2 14 saverestore-support-check fail in 113011 never pass test-amd64-amd64-xl-qemut-win7-amd64 17 guest-stop fail like 112993 test-amd64-amd64-xl-rtds 10 debian-install fail like 112993 test-amd64-amd64-xl-qemut-ws16-amd64 10 windows-install fail never pass test-amd64-i386-libvirt 13 migrate-support-check fail never pass test-amd64-amd64-libvirt-xsm 13 migrate-support-check fail never pass test-amd64-i386-libvirt-xsm 13 migrate-support-check fail never pass test-amd64-amd64-libvirt-qemuu-debianhvm-amd64-xsm 11 migrate-support-check fail never pass test-amd64-i386-libvirt-qemuu-debianhvm-amd64-xsm 11 migrate-support-check fail never pass test-amd64-amd64-libvirt-vhd 12 migrate-support-check fail never pass test-amd64-amd64-qemuu-nested-amd 17 debian-hvm-install/l1/l2 fail never pass test-armhf-armhf-xl-xsm 13 migrate-support-check fail never pass test-armhf-armhf-xl-xsm 14 saverestore-support-check fail never pass test-amd64-i386-xl-qemuu-ws16-amd64 13 guest-saverestore fail never pass test-amd64-amd64-libvirt 13 migrate-support-check fail never pass test-amd64-amd64-xl-qemuu-ws16-amd64 10 windows-install fail never pass test-amd64-i386-xl-qemut-ws16-amd64 13 guest-saverestore fail never pass test-amd64-amd64-xl-qemut-win10-i386 10 windows-install fail never pass test-amd64-i386-xl-qemuu-win10-i386 10 windows-install fail never pass test-amd64-i386-xl-qemut-win10-i386 10 windows-install fail never pass test-amd64-amd64-xl-qemuu-win10-i386 10 windows-install fail never pass version targeted for testing: linux d0d6ab53c9abd7dd1070f43a0455328874127ba8 baseline version: linux e89ce1f89f62c7e527db3850a91dab3389772af3 Last test of basis 112993 2017-09-01 02:55:30 Z 2 days Failing since 113002 2017-09-01 17:51:00 Z 1 days 3 attempts Testing same since 113011 2017-09-02 09:58:17 Z 1 days 2 attempts ------------------------------------------------------------ People who touched revisions under test: "Yan, Zheng" <z...@redhat.com> Adrian Hunter <adrian.hun...@intel.com> Aleksander Morgado <aleksan...@aleksander.es> Alexei Starovoitov <a...@kernel.org> Andrew Jeffery <and...@aj.id.au> Andy Zhou <az...@ovn.org> Anthony Martin <al...@pbrane.org> Antoine Tenart <antoine.ten...@free-electrons.com> Ard Biesheuvel <ard.biesheu...@linaro.org> Arnd Bergmann <a...@arndb.de> Benjamin Herrenschmidt <b...@kernel.crashing.org> Benjamin Poirier <bpoir...@suse.com> Bob Peterson <rpete...@redhat.com> Cameron Gutman <aicomman...@gmail.com> Chen-Yu Tsai <w...@csie.org> Christophe JAILLET <christophe.jail...@wanadoo.fr> Cong Wang <xiyou.wangc...@gmail.com> Cornelia Huck <coh...@redhat.com> Craig Gallek <kr...@google.com> Dan Carpenter <dan.carpen...@oracle.com> Dan Priamo <d...@adiengineering.com> Daniel Borkmann <dan...@iogearbox.net> David S. Miller <da...@davemloft.net> Dmitry Torokhov <dmitry.torok...@gmail.com> Dong Jia Shi <bjsdj...@linux.vnet.ibm.com> Eran Ben Elisha <era...@mellanox.com> Eric Dumazet <eduma...@google.com> Florian Fainelli <f.faine...@gmail.com> Florian Westphal <f...@strlen.de> Gregory CLEMENT <gregory.clem...@free-electrons.com> Guillaume Nault <g.na...@alphalink.fr> Hannes Frederic Sowa <han...@stressinduktion.org> Hans de Goede <hdego...@redhat.com> Herbert Xu <herb...@gondor.apana.org.au> Huy Nguyen <h...@mellanox.com> Ido Schimmel <ido...@mellanox.com> Igor Russkikh <igor.russk...@aquantia.com> Ilya Dryomov <idryo...@gmail.com> Inbar Karmy <inb...@mellanox.com> Iyappan Subramanian <isubraman...@apm.com> Jakub Kicinski <jakub.kicin...@netronome.com> Jamal Hadi Salim <j...@mojatatu.com> Jarkko Nikula <jarkko.nik...@linux.intel.com> Jason J. Herne <jjhe...@linux.vnet.ibm.com> Jesper Dangaard Brouer <bro...@redhat.com> Jiri Pirko <j...@mellanox.com> Joe Stringer <j...@ovn.org> Kalle Valo <kv...@codeaurora.org> Koichiro Den <d...@klaipeden.com> Kuninori Morimoto <kuninori.morimoto...@renesas.com> Kyle Beauchamp <kyleabeauch...@gmail.com> Lawrence Brakmo <bra...@fb.com> Linus Torvalds <torva...@linux-foundation.org> Lorenzo Colitti <lore...@google.com> Luca Coelho <luciano.coe...@intel.com> Lucas Stach <l.st...@pengutronix.de> Marcelo Ricardo Leitner <marcelo.leit...@gmail.com> Mark Brown <broo...@kernel.org> Martin KaFai Lau <ka...@fb.com> Martin Schwidefsky <schwidef...@de.ibm.com> Mathias Krause <mini...@googlemail.com> Maxime Ripard <maxime.rip...@free-electrons.com> Michael Chan <michael.c...@broadcom.com> Moshe Shemesh <mo...@mellanox.com> Neal Cardwell <ncardw...@google.com> Neil Horman <nhor...@tuxdriver.com> Nikolay Aleksandrov <niko...@cumulusnetworks.com> Noa Osherovich <no...@mellanox.com> Nogah Frankel <nog...@mellanox.com> Oleg Nesterov <o...@redhat.com> Olof Johansson <o...@lixom.net> Pablo Neira Ayuso <pa...@netfilter.org> Paolo Abeni <pab...@redhat.com> Parthasarathy Bhuvaragan <parthasarathy.bhuvara...@ericsson.com> Paul Blakey <pa...@mellanox.com> Pavel Belous <pavel.bel...@aquantia.com> Pavel Machek <pa...@ucw.cz> Pavel Shilovsky <pshi...@microsoft.com> Pierre-Louis Bossart <pierre-louis.boss...@linux.intel.com> Pieter Jansen van Vuuren <pieter.jansenvanvuu...@netronome.com> Priit Laes <pl...@plaes.org> Quan Nguyen <qngu...@apm.com> Roopa Prabhu <ro...@cumulusnetworks.com> Sabrina Dubroca <s...@queasysnail.net> Saeed Mahameed <sae...@mellanox.com> Sekhar Nori <nsek...@ti.com> Shahar Klein <shah...@mellanox.com> Stefano Brivio <sbri...@redhat.com> Steffen Klassert <steffen.klass...@secunet.com> Stephan Gatzka <stephan.gat...@gmail.com> Stephan Mueller <smuel...@chronox.de> Stephen Douthit <steph...@adiengineering.com> stephen hemminger <step...@networkplumber.org> Stephen Hemminger <sthem...@microsoft.com> Steve French <smfre...@gmail.com> Taehee Yoo <ap420...@gmail.com> Takashi Iwai <ti...@suse.de> Tal Gilboa <ta...@mellanox.com> Thomas Petazzoni <thomas.petazz...@free-electrons.com> Tom Herbert <t...@quantonium.net> Ulf Hansson <ulf.hans...@linaro.org> Vladis Dronov <vdro...@redhat.com> Wei Wang <wei...@google.com> Willem de Bruijn <will...@google.com> Wolfram Sang <w...@the-dreams.de> Xin Long <lucien....@gmail.com> Yan, Zheng <z...@redhat.com> Ying Xue <ying....@windriver.com> Yossi Kuperman <yoss...@mellanox.com> Yotam Gigi <yot...@mellanox.com> Yuchung Cheng <ych...@google.com> Zhoujie Wu <z...@marvell.com> jobs: build-amd64-xsm pass build-arm64-xsm broken build-armhf-xsm pass build-i386-xsm pass build-amd64 pass build-arm64 broken build-armhf fail build-i386 pass build-amd64-libvirt pass build-arm64-libvirt blocked build-armhf-libvirt blocked build-i386-libvirt pass build-amd64-pvops pass build-arm64-pvops broken build-armhf-pvops pass build-i386-pvops pass build-amd64-rumprun pass build-i386-rumprun pass test-amd64-amd64-xl pass test-arm64-arm64-xl blocked test-armhf-armhf-xl blocked test-amd64-i386-xl pass test-amd64-amd64-xl-qemut-debianhvm-amd64-xsm pass test-amd64-i386-xl-qemut-debianhvm-amd64-xsm pass test-amd64-amd64-libvirt-qemuu-debianhvm-amd64-xsm pass test-amd64-i386-libvirt-qemuu-debianhvm-amd64-xsm pass test-amd64-amd64-xl-qemuu-debianhvm-amd64-xsm pass test-amd64-i386-xl-qemuu-debianhvm-amd64-xsm pass test-amd64-amd64-xl-qemut-stubdom-debianhvm-amd64-xsm fail test-amd64-i386-xl-qemut-stubdom-debianhvm-amd64-xsm pass test-amd64-amd64-libvirt-xsm pass test-arm64-arm64-libvirt-xsm blocked test-armhf-armhf-libvirt-xsm blocked test-amd64-i386-libvirt-xsm pass test-amd64-amd64-xl-xsm pass test-arm64-arm64-xl-xsm blocked test-armhf-armhf-xl-xsm pass test-amd64-i386-xl-xsm pass test-amd64-amd64-qemuu-nested-amd fail test-amd64-amd64-xl-pvh-amd pass test-amd64-i386-qemut-rhel6hvm-amd pass test-amd64-i386-qemuu-rhel6hvm-amd pass test-amd64-amd64-xl-qemut-debianhvm-amd64 pass test-amd64-i386-xl-qemut-debianhvm-amd64 pass test-amd64-amd64-xl-qemuu-debianhvm-amd64 fail test-amd64-i386-xl-qemuu-debianhvm-amd64 pass test-amd64-i386-freebsd10-amd64 pass test-amd64-amd64-xl-qemuu-ovmf-amd64 pass test-amd64-i386-xl-qemuu-ovmf-amd64 pass test-amd64-amd64-rumprun-amd64 pass test-amd64-amd64-xl-qemut-win7-amd64 fail test-amd64-i386-xl-qemut-win7-amd64 fail test-amd64-amd64-xl-qemuu-win7-amd64 fail test-amd64-i386-xl-qemuu-win7-amd64 pass test-amd64-amd64-xl-qemut-ws16-amd64 fail test-amd64-i386-xl-qemut-ws16-amd64 fail test-amd64-amd64-xl-qemuu-ws16-amd64 fail test-amd64-i386-xl-qemuu-ws16-amd64 fail test-armhf-armhf-xl-arndale blocked test-amd64-amd64-xl-credit2 pass test-arm64-arm64-xl-credit2 blocked test-armhf-armhf-xl-credit2 blocked test-armhf-armhf-xl-cubietruck blocked test-amd64-amd64-examine pass test-arm64-arm64-examine blocked test-armhf-armhf-examine blocked test-amd64-i386-examine pass test-amd64-i386-freebsd10-i386 pass test-amd64-i386-rumprun-i386 pass test-amd64-amd64-xl-qemut-win10-i386 fail test-amd64-i386-xl-qemut-win10-i386 fail test-amd64-amd64-xl-qemuu-win10-i386 fail test-amd64-i386-xl-qemuu-win10-i386 fail test-amd64-amd64-qemuu-nested-intel pass test-amd64-amd64-xl-pvh-intel pass test-amd64-i386-qemut-rhel6hvm-intel pass test-amd64-i386-qemuu-rhel6hvm-intel pass test-amd64-amd64-libvirt pass test-armhf-armhf-libvirt blocked test-amd64-i386-libvirt pass test-amd64-amd64-xl-multivcpu pass test-armhf-armhf-xl-multivcpu blocked test-amd64-amd64-pair pass test-amd64-i386-pair pass test-amd64-amd64-libvirt-pair pass test-amd64-i386-libvirt-pair pass test-amd64-amd64-amd64-pvgrub pass test-amd64-amd64-i386-pvgrub pass test-amd64-amd64-pygrub pass test-amd64-amd64-xl-qcow2 pass test-armhf-armhf-libvirt-raw blocked test-amd64-i386-xl-raw pass test-amd64-amd64-xl-rtds fail test-armhf-armhf-xl-rtds blocked test-amd64-amd64-libvirt-vhd pass test-armhf-armhf-xl-vhd blocked ------------------------------------------------------------ sg-report-flight on osstest.test-lab.xenproject.org logs: /home/logs/logs images: /home/logs/images Logs, config files, etc. are available at http://logs.test-lab.xenproject.org/osstest/logs Explanation of these reports, and of osstest in general, is at http://xenbits.xen.org/gitweb/?p=osstest.git;a=blob;f=README.email;hb=master http://xenbits.xen.org/gitweb/?p=osstest.git;a=blob;f=README;hb=master Test harness code can be found at http://xenbits.xen.org/gitweb?p=osstest.git;a=summary broken-step build-arm64 hosts-allocate broken-step build-arm64-xsm hosts-allocate broken-step build-arm64-pvops hosts-allocate broken-step build-arm64 capture-logs broken-step build-arm64-xsm capture-logs broken-step build-arm64-pvops capture-logs Not pushing. (No revision log; it would be 4510 lines long.) _______________________________________________ Xen-devel mailing list Xen-devel@lists.xen.org https://lists.xen.org/xen-devel