flight 112874 xen-unstable-smoke real [real] http://logs.test-lab.xenproject.org/osstest/logs/112874/
Failures and problems with tests :-( Tests which did not succeed and are blocking, including tests which could not be run: test-armhf-armhf-xl 4 host-install(4) broken REGR. vs. 112873 Tests which did not succeed, but are not blocking: test-arm64-arm64-xl-xsm 1 build-check(1) blocked n/a build-arm64-pvops 2 hosts-allocate broken like 112873 build-arm64 2 hosts-allocate broken like 112873 build-arm64-pvops 3 capture-logs broken like 112873 build-arm64 3 capture-logs broken like 112873 test-amd64-amd64-libvirt 13 migrate-support-check fail never pass version targeted for testing: xen f343f667597c6d13cc6d6b28e3a5ec83fe9cf18e baseline version: xen bfd19435bca21d3e6c2cfcbb02a143e0e397e7b3 Last test of basis 112873 2017-08-25 13:03:52 Z 0 days Testing same since 112874 2017-08-25 15:01:32 Z 0 days 1 attempts ------------------------------------------------------------ People who touched revisions under test: Andrew Cooper <andrew.coop...@citrix.com> Anthony PERARD <anthony.per...@citrix.com> Daniel De Graaf <dgde...@tycho.nsa.gov> Dario Faggioli <dario.faggi...@citrix.com> Jan Beulich <jbeul...@suse.com> Juergen Gross <jgr...@suse.com> Julien Grall <julien.gr...@arm.com> Kevin Tian <kevin.t...@intel.com> Paul Durrant <paul.durr...@citrix.com> Wei Liu <wei.l...@citrix.com> jobs: build-amd64 pass build-arm64 broken build-armhf pass build-amd64-libvirt pass build-arm64-pvops broken test-armhf-armhf-xl broken test-arm64-arm64-xl-xsm broken test-amd64-amd64-xl-qemuu-debianhvm-i386 pass test-amd64-amd64-libvirt pass ------------------------------------------------------------ sg-report-flight on osstest.test-lab.xenproject.org logs: /home/logs/logs images: /home/logs/images Logs, config files, etc. are available at http://logs.test-lab.xenproject.org/osstest/logs Explanation of these reports, and of osstest in general, is at http://xenbits.xen.org/gitweb/?p=osstest.git;a=blob;f=README.email;hb=master http://xenbits.xen.org/gitweb/?p=osstest.git;a=blob;f=README;hb=master Test harness code can be found at http://xenbits.xen.org/gitweb?p=osstest.git;a=summary broken-step build-arm64-pvops hosts-allocate broken-step build-arm64 hosts-allocate broken-step build-arm64-pvops capture-logs broken-step build-arm64 capture-logs broken-step test-armhf-armhf-xl host-install(4) Not pushing. (No revision log; it would be 678 lines long.) _______________________________________________ Xen-devel mailing list Xen-devel@lists.xen.org https://lists.xen.org/xen-devel