flight 35572 qemu-mainline real [real] http://www.chiark.greenend.org.uk/~xensrcts/logs/35572/
Failures :-/ but no regressions. Regressions which are regarded as allowable (not blocking): test-amd64-i386-pair 17 guest-migrate/src_host/dst_host fail like 33480 Tests which did not succeed, but are not blocking: test-armhf-armhf-xl 10 migrate-support-check fail never pass test-armhf-armhf-xl-sedf 10 migrate-support-check fail never pass test-armhf-armhf-xl-midway 10 migrate-support-check fail never pass test-amd64-amd64-xl-pvh-intel 9 guest-start fail never pass test-armhf-armhf-xl-sedf-pin 10 migrate-support-check fail never pass test-armhf-armhf-xl-credit2 10 migrate-support-check fail never pass test-armhf-armhf-xl-multivcpu 10 migrate-support-check fail never pass test-armhf-armhf-libvirt 10 migrate-support-check fail never pass test-amd64-i386-libvirt 10 migrate-support-check fail never pass test-amd64-amd64-libvirt 10 migrate-support-check fail never pass test-amd64-amd64-xl-pvh-amd 9 guest-start fail never pass test-amd64-amd64-xl-pcipt-intel 9 guest-start fail never pass test-amd64-amd64-xl-win7-amd64 14 guest-stop fail never pass test-amd64-i386-xl-qemut-win7-amd64 14 guest-stop fail never pass test-amd64-i386-xl-win7-amd64 14 guest-stop fail never pass test-amd64-i386-xl-qemuu-winxpsp3-vcpus1 14 guest-stop fail never pass test-amd64-amd64-xl-winxpsp3 14 guest-stop fail never pass test-amd64-i386-xl-qemut-winxpsp3-vcpus1 14 guest-stop fail never pass test-amd64-amd64-xl-qemut-winxpsp3 14 guest-stop fail never pass test-amd64-i386-xl-qemuu-win7-amd64 14 guest-stop fail never pass test-amd64-amd64-xl-qemut-win7-amd64 14 guest-stop fail never pass test-amd64-amd64-xl-qemuu-win7-amd64 14 guest-stop fail never pass test-amd64-amd64-xl-qemuu-winxpsp3 14 guest-stop fail never pass test-amd64-i386-xl-qemut-winxpsp3 14 guest-stop fail never pass test-amd64-i386-xl-winxpsp3-vcpus1 14 guest-stop fail never pass test-amd64-i386-xl-qemuu-winxpsp3 14 guest-stop fail never pass test-amd64-i386-xl-winxpsp3 14 guest-stop fail never pass version targeted for testing: qemuu 041ccc922ee474693a2869d4e3b59e920c739bc0 baseline version: qemuu 1e42c353469cb58ca4f3b450eea4211af7d0b147 ------------------------------------------------------------ People who touched revisions under test: Alberto Garcia <be...@igalia.com> Alex Suykov <alex.suy...@gmail.com> Alex Williamson <alex.william...@redhat.com> Alexander Graf <ag...@suse.de> Alexey Kardashevskiy <a...@ozlabs.ru> Alistair Francis <alistai...@gmail.com> Amit Shah <amit.s...@redhat.com> Andreas Färber <afaer...@suse.de> Aurelien Jarno <aurel...@aurel32.net> Avi Kivity <avi.kiv...@gmail.com> Bastian Koppelmann <kbast...@mail.uni-paderborn.de> Ben Taylor <bentaylor.sol...@gmail.com> Benjamin Herrenschmidt <b...@kernel.crashing.org> Bharata B Rao <bhar...@linux.vnet.ibm.com> Bin Wu <wu.wu...@huawei.com> Blue Swirl <blauwir...@gmail.com> Bn Wu <wu.wu...@huawei.com> Bo Su <su...@huawei.com> Chen Fan <chen.fan.f...@cn.fujitsu.com> Chen Gang <gang.chen.5...@gmail.com> Chen Gang S <gang.c...@sunrus.com.cn> Christian Borntraeger <borntrae...@de.ibm.com> Christophe Lyon <christophe.l...@st.com> Claudio Fontana <claudio.font...@huawei.com> Cornelia Huck <cornelia.h...@de.ibm.com> Daniel P. Berrange <berra...@redhat.com> Daniel Sanders <daniel.sand...@imgtec.com> David Gibson <da...@gibson.dropbear.id.au> Denis V. Lunev <d...@openvz.org> Dinar Valeev <dval...@suse.com> Don Koch <dk...@verizon.com> Don Slutz <dsl...@verizon.com> Dr. David Alan Gilbert <dgilb...@redhat.com> Ed Swierk <eswi...@skyportsystems.com> Eduardo Habkost <ehabk...@redhat.com> Eduardo Otubo <eduardo.ot...@profitbricks.com> Eric Blake <ebl...@redhat.com> Fabrice Bellard <fabr...@bellard.org> Fam Zheng <f...@redhat.com> Fan Zhang <zhang...@linux.vnet.ibm.com> Felix Janda <felix.ja...@posteo.de> Francesco Romani <from...@redhat.com> Frank Blaschka <blasc...@linux.vnet.ibm.com> Frank Blaschka <frank.blasc...@de.ibm.com> Gerd Hoffmann <kra...@redhat.com> Gonglei <arei.gong...@huawei.com> Greg Bellows <greg.bell...@linaro.org> Greg Kurz <gk...@linux.vnet.ibm.com> Guan Xuetao <g...@mprc.pku.edu.cn> Hervé Poussineau <hpous...@reactos.org> Igor Mammedov <imamm...@redhat.com> Ildar Isaev <i...@inbox.ru> Jan Kiszka <jan.kis...@siemens.com> Jason Wang <jasow...@redhat.com> Jeff Cody <jc...@redhat.com> Jens Freimann <jf...@linux.vnet.ibm.com> Jiri Slaby <jsl...@suse.cz> John Arbuckle <programmingk...@gmail.com> John Snow <js...@redhat.com> Juan Quintela <quint...@redhat.com> Kevin Wolf <kw...@redhat.com> Kirill Batuzov <batuz...@ispras.ru> Laszlo Ersek <ler...@redhat.com> Laurent Desnogues <laurent.desnog...@gmail.com> Leon Alrae <leon.al...@imgtec.com> Leon Yu <chianglun...@gmail.com> Luiz Capitulino <lcapitul...@redhat.com> Maciej W. Rozycki <ma...@codesourcery.com> Marc-André Lureau <marcandre.lur...@gmail.com> Mark Cave-Ayland <mark.cave-ayl...@ilande.co.uk> Markus Armbruster <arm...@pond.sub.org> Markus Armbruster <arm...@redhat.com> Max Filippov <jcmvb...@gmail.com> Max Reitz <mre...@redhat.com> Maxim Ostapenko <m.ostape...@partner.samsung.com> Michael Roth <mdr...@linux.vnet.ibm.com> Michael S. Tsirkin <m...@redhat.com> Michael Tokarev <m...@tls.msk.ru> Michal Privoznik <mpriv...@redhat.com> Mike Day <ncm...@ncultra.org> Olga Krishtal <okrish...@parallels.com> Paolo Bonzini <pbonz...@redhat.com> Paul Brook <p...@codesourcery.com> Paul Durrant <paul.durr...@citrix.com> Peter Lieven <p...@kamp.de> Peter Maydell <peter.mayd...@linaro.org> Peter Wu <pe...@lekensteyn.nl> Pranavkumar Sawargaonkar <pranavku...@linaro.org> Programmingkid <programmingk...@gmail.com> Richard Henderson <r...@twiddle.net> Richard Sandiford <rdsandif...@googlemail.com> Riku Voipio <riku.voi...@linaro.org> Simon Zolin <szo...@parallels.com> Stefan Hajnoczi <stefa...@redhat.com> Stefan Weil <s...@weilnetz.de> Stefano Stabellini <stefano.stabell...@eu.citrix.com> Thomas Huth <th...@linux.vnet.ibm.com> Torbjorn Granlund <torbjo...@google.com> Wei Huang <w...@redhat.com> Xiangyu Hu <libhu...@gmail.com> Yi Min Zhao <zyi...@cn.ibm.com> Zhang Haoyu <zhan...@sangfor.com.cn> zhanghailiang <zhang.zhanghaili...@huawei.com> ------------------------------------------------------------ jobs: build-amd64 pass build-armhf pass build-i386 pass build-amd64-libvirt pass build-armhf-libvirt pass build-i386-libvirt pass build-amd64-pvops pass build-armhf-pvops pass build-i386-pvops pass test-amd64-amd64-xl pass test-armhf-armhf-xl pass test-amd64-i386-xl pass test-amd64-amd64-xl-pvh-amd fail test-amd64-i386-rhel6hvm-amd pass test-amd64-i386-qemut-rhel6hvm-amd pass test-amd64-i386-qemuu-rhel6hvm-amd pass test-amd64-amd64-xl-qemut-debianhvm-amd64 pass test-amd64-i386-xl-qemut-debianhvm-amd64 pass test-amd64-amd64-xl-qemuu-debianhvm-amd64 pass test-amd64-i386-xl-qemuu-debianhvm-amd64 pass test-amd64-i386-freebsd10-amd64 pass test-amd64-amd64-xl-qemuu-ovmf-amd64 pass test-amd64-i386-xl-qemuu-ovmf-amd64 pass test-amd64-amd64-xl-qemut-win7-amd64 fail test-amd64-i386-xl-qemut-win7-amd64 fail test-amd64-amd64-xl-qemuu-win7-amd64 fail test-amd64-i386-xl-qemuu-win7-amd64 fail test-amd64-amd64-xl-win7-amd64 fail test-amd64-i386-xl-win7-amd64 fail test-amd64-amd64-xl-credit2 pass test-armhf-armhf-xl-credit2 pass test-amd64-i386-freebsd10-i386 pass test-amd64-amd64-xl-pcipt-intel fail test-amd64-amd64-xl-pvh-intel fail test-amd64-i386-rhel6hvm-intel pass test-amd64-i386-qemut-rhel6hvm-intel pass test-amd64-i386-qemuu-rhel6hvm-intel pass test-amd64-amd64-libvirt pass test-armhf-armhf-libvirt pass test-amd64-i386-libvirt pass test-armhf-armhf-xl-midway pass test-amd64-amd64-xl-multivcpu pass test-armhf-armhf-xl-multivcpu pass test-amd64-amd64-pair pass test-amd64-i386-pair fail test-amd64-amd64-xl-sedf-pin pass test-armhf-armhf-xl-sedf-pin pass test-amd64-amd64-xl-sedf pass test-armhf-armhf-xl-sedf pass test-amd64-i386-xl-qemut-winxpsp3-vcpus1 fail test-amd64-i386-xl-qemuu-winxpsp3-vcpus1 fail test-amd64-i386-xl-winxpsp3-vcpus1 fail test-amd64-amd64-xl-qemut-winxpsp3 fail test-amd64-i386-xl-qemut-winxpsp3 fail test-amd64-amd64-xl-qemuu-winxpsp3 fail test-amd64-i386-xl-qemuu-winxpsp3 fail test-amd64-amd64-xl-winxpsp3 fail test-amd64-i386-xl-winxpsp3 fail ------------------------------------------------------------ sg-report-flight on osstest.cam.xci-test.com logs: /home/xc_osstest/logs images: /home/xc_osstest/images Logs, config files, etc. are available at http://www.chiark.greenend.org.uk/~xensrcts/logs Test harness code can be found at http://xenbits.xensource.com/gitweb?p=osstest.git;a=summary Pushing revision : + branch=qemu-mainline + revision=041ccc922ee474693a2869d4e3b59e920c739bc0 + . cri-lock-repos ++ . cri-common +++ . cri-getconfig +++ umask 002 +++ getconfig Repos +++ perl -e ' use Osstest; readglobalconfig(); print $c{"Repos"} or die $!; ' ++ repos=/export/home/osstest/repos ++ repos_lock=/export/home/osstest/repos/lock ++ '[' x '!=' x/export/home/osstest/repos/lock ']' ++ OSSTEST_REPOS_LOCK_LOCKED=/export/home/osstest/repos/lock ++ exec with-lock-ex -w /export/home/osstest/repos/lock ./ap-push qemu-mainline 041ccc922ee474693a2869d4e3b59e920c739bc0 + branch=qemu-mainline + revision=041ccc922ee474693a2869d4e3b59e920c739bc0 + . cri-lock-repos ++ . cri-common +++ . cri-getconfig +++ umask 002 +++ getconfig Repos +++ perl -e ' use Osstest; readglobalconfig(); print $c{"Repos"} or die $!; ' ++ repos=/export/home/osstest/repos ++ repos_lock=/export/home/osstest/repos/lock ++ '[' x/export/home/osstest/repos/lock '!=' x/export/home/osstest/repos/lock ']' + . cri-common ++ . cri-getconfig ++ umask 002 + select_xenbranch + case "$branch" in + tree=qemuu + xenbranch=xen-unstable + qemuubranch=qemu-mainline + '[' xqemuu = xlinux ']' + linuxbranch= + '[' xqemu-mainline = x ']' + : tested/2.6.39.x + . ap-common ++ : osst...@xenbits.xensource.com ++ : git://xenbits.xen.org/xen.git ++ : osst...@xenbits.xensource.com:/home/xen/git/xen.git ++ : git://xenbits.xen.org/staging/qemu-xen-unstable.git ++ : git://git.kernel.org ++ : git://git.kernel.org/pub/scm/linux/kernel/git ++ : git ++ : git://xenbits.xen.org/libvirt.git ++ : osst...@xenbits.xensource.com:/home/xen/git/libvirt.git ++ : git://xenbits.xen.org/libvirt.git ++ : git://xenbits.xen.org/rumpuser-xen.git ++ : git ++ : git://xenbits.xen.org/rumpuser-xen.git ++ : osst...@xenbits.xensource.com:/home/xen/git/rumpuser-xen.git +++ besteffort_repo https://github.com/rumpkernel/rumpkernel-netbsd-src +++ local repo=https://github.com/rumpkernel/rumpkernel-netbsd-src +++ cached_repo https://github.com/rumpkernel/rumpkernel-netbsd-src '[fetch=try]' +++ local repo=https://github.com/rumpkernel/rumpkernel-netbsd-src +++ local 'options=[fetch=try]' ++++ getconfig GitCacheProxy ++++ perl -e ' use Osstest; readglobalconfig(); print $c{"GitCacheProxy"} or die $!; ' +++ local cache=git://drall.uk.xensource.com:9419/ +++ '[' xgit://drall.uk.xensource.com:9419/ '!=' x ']' +++ echo 'git://drall.uk.xensource.com:9419/https://github.com/rumpkernel/rumpkernel-netbsd-src%20[fetch=try]' ++ : 'git://drall.uk.xensource.com:9419/https://github.com/rumpkernel/rumpkernel-netbsd-src%20[fetch=try]' ++ : git ++ : git://git.seabios.org/seabios.git ++ : osst...@xenbits.xensource.com:/home/xen/git/osstest/seabios.git ++ : git://xenbits.xen.org/osstest/seabios.git ++ : https://github.com/tianocore/edk2.git ++ : osst...@xenbits.xensource.com:/home/xen/git/osstest/ovmf.git ++ : git://xenbits.xen.org/osstest/ovmf.git ++ : git://xenbits.xen.org/osstest/linux-firmware.git ++ : osst...@xenbits.xensource.com:/home/osstest/ext/linux-firmware.git ++ : git://git.kernel.org/pub/scm/linux/kernel/git/firmware/linux-firmware.git ++ : osst...@xenbits.xensource.com:/home/xen/git/linux-pvops.git ++ : git://xenbits.xen.org/linux-pvops.git ++ : tested/linux-3.14 ++ : tested/linux-arm-xen ++ '[' xgit://xenbits.xen.org/linux-pvops.git = x ']' ++ '[' x = x ']' ++ : git://xenbits.xen.org/linux-pvops.git ++ : tested/linux-arm-xen ++ : git://git.kernel.org/pub/scm/linux/kernel/git/konrad/xen.git ++ : tested/2.6.39.x ++ : daily-cron.qemu-mainline ++ : daily-cron.qemu-mainline ++ : daily-cron.qemu-mainline ++ : daily-cron.qemu-mainline ++ : daily-cron.qemu-mainline ++ : daily-cron.qemu-mainline ++ : http://hg.uk.xensource.com/carbon/trunk/linux-2.6.27 ++ : git://git.qemu.org/qemu.git ++ : daily-cron.qemu-mainline ++ : git://git.qemu.org/qemu.git ++ : git://xenbits.xen.org/osstest/qemu.git ++ : osst...@xenbits.xensource.com:/home/xen/git/osstest/qemu.git ++ : daily-cron.qemu-mainline + TREE_LINUX=osst...@xenbits.xensource.com:/home/xen/git/linux-pvops.git + TREE_QEMU_MAINLINE=osst...@xenbits.xensource.com:/home/xen/git/osstest/qemu.git + TREE_QEMU_UPSTREAM=osst...@xenbits.xensource.com:/home/xen/git/qemu-upstream-unstable.git + TREE_XEN=osst...@xenbits.xensource.com:/home/xen/git/xen.git + TREE_LIBVIRT=osst...@xenbits.xensource.com:/home/xen/git/libvirt.git + TREE_RUMPUSERXEN=osst...@xenbits.xensource.com:/home/xen/git/rumpuser-xen.git + TREE_SEABIOS=osst...@xenbits.xensource.com:/home/xen/git/osstest/seabios.git + TREE_OVMF=osst...@xenbits.xensource.com:/home/xen/git/osstest/ovmf.git + info_linux_tree qemu-mainline + case $1 in + return 1 + case "$branch" in + cd /export/home/osstest/repos/qemu-mainline + git push osst...@xenbits.xensource.com:/home/xen/git/osstest/qemu.git 041ccc922ee474693a2869d4e3b59e920c739bc0:refs/heads/mainline/xen-tested-master To osst...@xenbits.xensource.com:/home/xen/git/osstest/qemu.git 1e42c35..041ccc9 041ccc922ee474693a2869d4e3b59e920c739bc0 -> mainline/xen-tested-master
_______________________________________________ Xen-devel mailing list Xen-devel@lists.xen.org http://lists.xen.org/xen-devel