flight 35709 xen-unstable real [real] http://www.chiark.greenend.org.uk/~xensrcts/logs/35709/
Regressions :-( Tests which did not succeed and are blocking, including tests which could not be run: build-i386 5 xen-build fail REGR. vs. 34629 build-amd64 5 xen-build fail REGR. vs. 34629 Regressions which are regarded as allowable (not blocking): test-armhf-armhf-libvirt 13 guest-destroy fail like 34529 Tests which did not succeed, but are not blocking: build-i386-rumpuserxen 1 build-check(1) blocked n/a test-amd64-amd64-rumpuserxen-amd64 1 build-check(1) blocked n/a test-armhf-armhf-xl-sedf-pin 10 migrate-support-check fail never pass test-armhf-armhf-xl-midway 10 migrate-support-check fail never pass test-armhf-armhf-xl 10 migrate-support-check fail never pass test-armhf-armhf-xl-sedf 10 migrate-support-check fail never pass test-armhf-armhf-xl-credit2 10 migrate-support-check fail never pass test-amd64-i386-rumpuserxen-i386 1 build-check(1) blocked n/a test-amd64-amd64-xl-pvh-amd 1 build-check(1) blocked n/a test-armhf-armhf-xl-multivcpu 10 migrate-support-check fail never pass test-armhf-armhf-libvirt 10 migrate-support-check fail never pass test-amd64-amd64-xl-pcipt-intel 1 build-check(1) blocked n/a test-amd64-amd64-xl-pvh-intel 1 build-check(1) blocked n/a test-amd64-i386-libvirt 1 build-check(1) blocked n/a test-amd64-i386-qemut-rhel6hvm-amd 1 build-check(1) blocked n/a test-amd64-i386-xl 1 build-check(1) blocked n/a test-amd64-i386-qemut-rhel6hvm-intel 1 build-check(1) blocked n/a test-amd64-i386-rhel6hvm-amd 1 build-check(1) blocked n/a build-i386-libvirt 1 build-check(1) blocked n/a test-amd64-amd64-libvirt 1 build-check(1) blocked n/a test-amd64-i386-qemuu-rhel6hvm-amd 1 build-check(1) blocked n/a test-amd64-amd64-xl 1 build-check(1) blocked n/a test-amd64-amd64-xl-sedf 1 build-check(1) blocked n/a test-amd64-amd64-xl-sedf-pin 1 build-check(1) blocked n/a test-amd64-amd64-xl-multivcpu 1 build-check(1) blocked n/a build-amd64-libvirt 1 build-check(1) blocked n/a test-amd64-i386-rhel6hvm-intel 1 build-check(1) blocked n/a test-amd64-i386-freebsd10-i386 1 build-check(1) blocked n/a test-amd64-amd64-xl-credit2 1 build-check(1) blocked n/a test-amd64-i386-qemuu-rhel6hvm-intel 1 build-check(1) blocked n/a test-amd64-i386-xl-qemut-winxpsp3 1 build-check(1) blocked n/a test-amd64-i386-freebsd10-amd64 1 build-check(1) blocked n/a test-amd64-i386-xl-qemuu-winxpsp3-vcpus1 1 build-check(1) blocked n/a build-amd64-rumpuserxen 1 build-check(1) blocked n/a test-amd64-i386-xl-qemut-debianhvm-amd64 1 build-check(1) blocked n/a test-amd64-i386-xl-qemuu-debianhvm-amd64 1 build-check(1) blocked n/a test-amd64-i386-xl-qemuu-winxpsp3 1 build-check(1) blocked n/a test-amd64-amd64-pair 1 build-check(1) blocked n/a test-amd64-i386-xl-qemuu-ovmf-amd64 1 build-check(1) blocked n/a test-amd64-amd64-xl-qemut-win7-amd64 1 build-check(1) blocked n/a test-amd64-i386-xl-qemuu-win7-amd64 1 build-check(1) blocked n/a test-amd64-amd64-xl-winxpsp3 1 build-check(1) blocked n/a test-amd64-amd64-xl-qemuu-win7-amd64 1 build-check(1) blocked n/a test-amd64-amd64-xl-win7-amd64 1 build-check(1) blocked n/a test-amd64-i386-xl-qemut-win7-amd64 1 build-check(1) blocked n/a test-amd64-amd64-xl-qemuu-debianhvm-amd64 1 build-check(1) blocked n/a test-amd64-amd64-xl-qemut-debianhvm-amd64 1 build-check(1) blocked n/a test-amd64-i386-xl-qemut-winxpsp3-vcpus1 1 build-check(1) blocked n/a test-amd64-amd64-xl-qemuu-ovmf-amd64 1 build-check(1) blocked n/a test-amd64-i386-xl-win7-amd64 1 build-check(1) blocked n/a test-amd64-i386-xl-winxpsp3-vcpus1 1 build-check(1) blocked n/a test-amd64-i386-pair 1 build-check(1) blocked n/a test-amd64-i386-xl-winxpsp3 1 build-check(1) blocked n/a test-amd64-amd64-xl-qemut-winxpsp3 1 build-check(1) blocked n/a test-amd64-amd64-xl-qemuu-winxpsp3 1 build-check(1) blocked n/a version targeted for testing: xen a714fdb0858130a74998ab7c8bb0d58b5d614def baseline version: xen cb34a7c8d741aa447d79e1b01d71168a4088a4d7 ------------------------------------------------------------ People who touched revisions under test: Andrew Cooper <andew.coo...@citrix.com> Andrew Cooper <andrew.coop...@citrix.com> Boris Ostrovsky <boris.ostrov...@oracle.com> Daniel De Graaf <dgde...@tycho.nsa.gov> Daniel Kiper <daniel.ki...@oracle.com> Dario Faggioli <dario.faggi...@citrix.com> David Scott <dave.sc...@citrix.com> Don Slutz <dsl...@verizon.com> Elena Ufimsteva <ufimts...@gmail.com> George Dunlap <george.dun...@eu.citrix.com> Ian Campbell <ian.campb...@citrix.com> Ian Jackson <ian.jack...@eu.citrix.com> Jan Beulich <jbeul...@suse.com> Jintack Lim <jint...@cs.columbia.edu> Julien Grall <julien.gr...@linaro.org> Michael Young <m.a.yo...@durham.ac.uk> Olaf Hering <o...@aepfle.de> Razvan Cojocaru <rcojoc...@bitdefender.com> Ross Lagerwall <ross.lagerw...@citrix.com> Samuel Thibault <samuel.thiba...@ens-lyon.org> Stefano Stabellini <stefano.stabell...@eu.citrix.com> Tim Deegan <t...@xen.org> Wei Liu <wei.l...@citrix.com> ------------------------------------------------------------ jobs: build-amd64 fail build-armhf pass build-i386 fail build-amd64-libvirt blocked build-armhf-libvirt pass build-i386-libvirt blocked build-amd64-oldkern pass build-i386-oldkern pass build-amd64-pvops pass build-armhf-pvops pass build-i386-pvops pass build-amd64-rumpuserxen blocked build-i386-rumpuserxen blocked test-amd64-amd64-xl blocked test-armhf-armhf-xl pass test-amd64-i386-xl blocked test-amd64-amd64-xl-pvh-amd blocked test-amd64-i386-rhel6hvm-amd blocked test-amd64-i386-qemut-rhel6hvm-amd blocked test-amd64-i386-qemuu-rhel6hvm-amd blocked test-amd64-amd64-xl-qemut-debianhvm-amd64 blocked test-amd64-i386-xl-qemut-debianhvm-amd64 blocked test-amd64-amd64-xl-qemuu-debianhvm-amd64 blocked test-amd64-i386-xl-qemuu-debianhvm-amd64 blocked test-amd64-i386-freebsd10-amd64 blocked test-amd64-amd64-xl-qemuu-ovmf-amd64 blocked test-amd64-i386-xl-qemuu-ovmf-amd64 blocked test-amd64-amd64-rumpuserxen-amd64 blocked test-amd64-amd64-xl-qemut-win7-amd64 blocked test-amd64-i386-xl-qemut-win7-amd64 blocked test-amd64-amd64-xl-qemuu-win7-amd64 blocked test-amd64-i386-xl-qemuu-win7-amd64 blocked test-amd64-amd64-xl-win7-amd64 blocked test-amd64-i386-xl-win7-amd64 blocked test-amd64-amd64-xl-credit2 blocked test-armhf-armhf-xl-credit2 pass test-amd64-i386-freebsd10-i386 blocked test-amd64-i386-rumpuserxen-i386 blocked test-amd64-amd64-xl-pcipt-intel blocked test-amd64-amd64-xl-pvh-intel blocked test-amd64-i386-rhel6hvm-intel blocked test-amd64-i386-qemut-rhel6hvm-intel blocked test-amd64-i386-qemuu-rhel6hvm-intel blocked test-amd64-amd64-libvirt blocked test-armhf-armhf-libvirt fail test-amd64-i386-libvirt blocked test-armhf-armhf-xl-midway pass test-amd64-amd64-xl-multivcpu blocked test-armhf-armhf-xl-multivcpu pass test-amd64-amd64-pair blocked test-amd64-i386-pair blocked test-amd64-amd64-xl-sedf-pin blocked test-armhf-armhf-xl-sedf-pin pass test-amd64-amd64-xl-sedf blocked test-armhf-armhf-xl-sedf pass test-amd64-i386-xl-qemut-winxpsp3-vcpus1 blocked test-amd64-i386-xl-qemuu-winxpsp3-vcpus1 blocked test-amd64-i386-xl-winxpsp3-vcpus1 blocked test-amd64-amd64-xl-qemut-winxpsp3 blocked test-amd64-i386-xl-qemut-winxpsp3 blocked test-amd64-amd64-xl-qemuu-winxpsp3 blocked test-amd64-i386-xl-qemuu-winxpsp3 blocked test-amd64-amd64-xl-winxpsp3 blocked test-amd64-i386-xl-winxpsp3 blocked ------------------------------------------------------------ sg-report-flight on osstest.cam.xci-test.com logs: /home/xc_osstest/logs images: /home/xc_osstest/images Logs, config files, etc. are available at http://www.chiark.greenend.org.uk/~xensrcts/logs Test harness code can be found at http://xenbits.xensource.com/gitweb?p=osstest.git;a=summary Not pushing. (No revision log; it would be 1509 lines long.) _______________________________________________ Xen-devel mailing list Xen-devel@lists.xen.org http://lists.xen.org/xen-devel