flight 112616 linux-4.9 real [real] http://logs.test-lab.xenproject.org/osstest/logs/112616/
Regressions :-( Tests which did not succeed and are blocking, including tests which could not be run: test-amd64-i386-xl-qemuu-win7-amd64 16 guest-localmigrate/x10 fail REGR. vs. 112513 Tests which did not succeed, but are not blocking: test-arm64-arm64-libvirt-xsm 1 build-check(1) blocked n/a test-arm64-arm64-xl 1 build-check(1) blocked n/a build-arm64-libvirt 1 build-check(1) blocked n/a test-arm64-arm64-examine 1 build-check(1) blocked n/a test-arm64-arm64-xl-credit2 1 build-check(1) blocked n/a test-arm64-arm64-xl-xsm 1 build-check(1) blocked n/a build-arm64-pvops 2 hosts-allocate broken like 112513 build-arm64-pvops 3 capture-logs broken like 112513 build-arm64 2 hosts-allocate broken like 112513 build-arm64 3 capture-logs broken like 112513 build-arm64-xsm 2 hosts-allocate broken like 112513 build-arm64-xsm 3 capture-logs broken never pass test-amd64-amd64-xl-qemut-win7-amd64 18 guest-start/win.repeat fail like 112497 test-amd64-amd64-xl-qemuu-win7-amd64 17 guest-stop fail like 112497 test-amd64-i386-xl-qemut-win7-amd64 16 guest-localmigrate/x10 fail like 112513 test-amd64-amd64-xl-rtds 10 debian-install fail like 112513 test-amd64-amd64-libvirt 13 migrate-support-check fail never pass test-amd64-i386-libvirt 13 migrate-support-check fail never pass test-amd64-amd64-xl-qemuu-ws16-amd64 10 windows-install fail never pass test-amd64-i386-libvirt-xsm 13 migrate-support-check fail never pass test-amd64-amd64-libvirt-xsm 13 migrate-support-check fail never pass test-amd64-amd64-xl-qemut-ws16-amd64 10 windows-install fail never pass test-amd64-amd64-libvirt-qemuu-debianhvm-amd64-xsm 11 migrate-support-check fail never pass test-armhf-armhf-xl-arndale 13 migrate-support-check fail never pass test-armhf-armhf-xl-arndale 14 saverestore-support-check fail never pass test-amd64-i386-libvirt-qemuu-debianhvm-amd64-xsm 11 migrate-support-check fail never pass test-amd64-amd64-qemuu-nested-amd 17 debian-hvm-install/l1/l2 fail never pass test-amd64-amd64-libvirt-vhd 12 migrate-support-check fail never pass test-armhf-armhf-xl-rtds 13 migrate-support-check fail never pass test-armhf-armhf-xl-rtds 14 saverestore-support-check fail never pass test-amd64-i386-xl-qemuu-ws16-amd64 13 guest-saverestore fail never pass test-armhf-armhf-xl-credit2 13 migrate-support-check fail never pass test-armhf-armhf-xl-credit2 14 saverestore-support-check fail never pass test-armhf-armhf-xl-cubietruck 13 migrate-support-check fail never pass test-armhf-armhf-xl-cubietruck 14 saverestore-support-check fail never pass test-armhf-armhf-xl 13 migrate-support-check fail never pass test-armhf-armhf-libvirt-xsm 13 migrate-support-check fail never pass test-armhf-armhf-xl 14 saverestore-support-check fail never pass test-armhf-armhf-libvirt-xsm 14 saverestore-support-check fail never pass test-armhf-armhf-libvirt 13 migrate-support-check fail never pass test-armhf-armhf-xl-multivcpu 13 migrate-support-check fail never pass test-armhf-armhf-libvirt 14 saverestore-support-check fail never pass test-armhf-armhf-xl-multivcpu 14 saverestore-support-check fail never pass test-armhf-armhf-libvirt-raw 12 migrate-support-check fail never pass test-armhf-armhf-libvirt-raw 13 saverestore-support-check fail never pass test-amd64-i386-xl-qemut-ws16-amd64 13 guest-saverestore fail never pass test-armhf-armhf-xl-vhd 12 migrate-support-check fail never pass test-armhf-armhf-xl-vhd 13 saverestore-support-check fail never pass test-armhf-armhf-xl-xsm 13 migrate-support-check fail never pass test-armhf-armhf-xl-xsm 14 saverestore-support-check fail never pass test-amd64-i386-xl-qemut-win10-i386 10 windows-install fail never pass test-amd64-amd64-xl-qemuu-win10-i386 10 windows-install fail never pass test-amd64-amd64-xl-qemut-win10-i386 10 windows-install fail never pass test-amd64-i386-xl-qemuu-win10-i386 10 windows-install fail never pass version targeted for testing: linux 6da35f43acde8f718b53f6f05fc865bffa709fc5 baseline version: linux db397d9c6e66afdd34ae430172db122632b5f8a7 Last test of basis 112513 2017-08-07 20:19:27 Z 5 days Failing since 112599 2017-08-11 16:18:32 Z 2 days 4 attempts Testing same since 112616 2017-08-13 06:39:58 Z 0 days 1 attempts ------------------------------------------------------------ People who touched revisions under test: "Eric W. Biederman" <ebied...@xmission.com> Adrian Hunter <adrian.hun...@intel.com> Alex Deucher <alexander.deuc...@amd.com> Alexander Potapenko <gli...@google.com> Amit Pundir <amit.pun...@linaro.org> Andrew Morton <a...@linux-foundation.org> Anna Schumaker <anna.schuma...@netapp.com> Ard Biesheuvel <ard.biesheu...@linaro.org> Arend van Spriel <arend.vanspr...@broadcom.com> Arnd Bergmann <a...@arndb.de> Aviv Heller <av...@mellanox.com> Banajit Goswami <bgosw...@codeaurora.org> Bard Liao <bardl...@realtek.com> Bartosz Golaszewski <b...@bgdev.pl> Christoph Anton Mitterer <m...@christoph.anton.mitterer.name> Christoph Lameter <c...@linux.com> Christophe JAILLET <christophe.jail...@wanadoo.fr> Cong Wang <xiyou.wangc...@gmail.com> Dan Carpenter <dan.carpen...@oracle.com> Daniel Borkmann <dan...@iogearbox.net> Dave Aldridge <david.j.aldri...@oracle.com> David S. Miller <da...@davemloft.net> David Sterba <dste...@suse.com> David Woods <dwo...@mellanox.com> Davide Caratti <dcara...@redhat.com> Derek <user....@gmail.com> Dima Zavin <dmitr...@waymo.com> Dmitriy <mexx...@yandex.ru> Doug Ledford <dledf...@redhat.com> Emmanuel Grumbach <emmanuel.grumb...@intel.com> Emmanuel Vadot <m...@bidouilliste.com> Eric Dumazet <eduma...@google.com> Eugenia Emantayev <euge...@mellanox.com> Florian Fainelli <f.faine...@gmail.com> Gao Feng <gfree.w...@vip.163.com> Gerd Hoffmann <kra...@redhat.com> Gopikrishnaiah Anandan <ago...@codeaurora.org> Greg Kroah-Hartman <gre...@linuxfoundation.org> Gregory CLEMENT <gregory.clem...@free-electrons.com> Grygorii Strashko <grygorii.stras...@ti.com> Guenter Roeck <li...@roeck-us.net> Guillaume Nault <g.na...@alphalink.fr> Gustavo Romero <grom...@linux.vnet.ibm.com> Hannes Frederic Sowa <han...@stressinduktion.org> Hans Verkuil <hans.verk...@cisco.com> Heiko Stuebner <he...@sntech.de> Helge Deller <del...@gmx.de> Himanshu Madhani <himanshu.madh...@cavium.com> Ilan Tayari <il...@mellanox.com> Ingo Molnar <mi...@kernel.org> Jaegeuk Kim <jaeg...@kernel.org> Jaehoon Chung <jh80.ch...@samsung.com> Jamie Iles <jamie.i...@oracle.com> Jan Kara <j...@suse.cz> Jane Chu <jane....@oracle.com> Javier Martinez Canillas <jav...@osg.samsung.com> [Exynos5800 Peach Pi Chromebook] Jean Delvare <jdelv...@suse.de> Jean-Louis Dupond <jean-lo...@dupond.be> Jeff Moyer <jmo...@redhat.com> Jens Axboe <ax...@fb.com> Jerry Lee <jerry...@qnap.com> Jin Qian <jinq...@google.com> Joerg Roedel <jroe...@suse.de> Johannes Berg <johannes.b...@intel.com> John David Anglin <dave.ang...@bell.net> Josh Poimboeuf <jpoim...@redhat.com> Kalle Valo <kv...@codeaurora.org> Lad, Prabhakar <prabhakar.cse...@gmail.com> Lars-Peter Clausen <l...@metafoo.de> Linus Torvalds <torva...@linux-foundation.org> Linus Walleij <linus.wall...@linaro.org> Liping Zhang <zlpnob...@gmail.com> Liu Jianying <jianying....@ikuai8.com> liujian (CE) <liujia...@huawei.com> Luca Coelho <luciano.coe...@intel.com> Ludovic Desroches <ludovic.desroc...@microchip.com> Mahesh Bandewar <mahe...@google.com> Marc Gonzalez <marc_gonza...@sigmadesigns.com> Marc Zyngier <marc.zyng...@arm.com> Marek Szyprowski <m.szyprow...@samsung.com> Mark Brown <broo...@kernel.org> Martin K. Petersen <martin.peter...@oracle.com> Matija Glavinic Pecotic <matija.glavinic-pecotic....@nokia.com> Mauro Carvalho Chehab <mche...@s-opensource.com> Maxime Ripard <maxime.rip...@free-electrons.com> Mel Gorman <mgor...@suse.de> Michael Chan <michael.c...@broadcom.com> Michael Ellerman <m...@ellerman.id.au> Michael Holzheu <holz...@linux.vnet.ibm.com> Michal Hocko <mho...@suse.com> Michal Kubecek <mkube...@suse.cz> Michal KubeÄek <mkube...@suse.cz> Mikael Pettersson <mikpeli...@gmail.com> Mike Christie <mchri...@redhat.com> Milan P. Gandhi <mgan...@redhat.com> Milo Kim <woogyom....@gmail.com> Moshe Shemesh <mo...@mellanox.com> Neal Cardwell <ncardw...@google.com> Neil Horman <nhor...@tuxdriver.com> Nicholas Bellinger <n...@linux-iscsi.org> Nicholas Mc Guire <hof...@osadl.org> Nicholas Piggin <npig...@gmail.com> Nikolay Borisov <nbori...@suse.com> Oleg Nesterov <o...@redhat.com> Omar Sandoval <osan...@fb.com> Or Gerlitz <ogerl...@mellanox.com> Pablo Neira Ayuso <pa...@netfilter.org> Patrick Lai <p...@codeaurora.org> Pau Espin Pedrol <pau.es...@tessares.net> Pavel Tikhomirov <ptikhomi...@virtuozzo.com> Pierre-Louis Bossart <pierre-louis.boss...@linux.intel.com> Prabhakar Lad <prabhakar.cse...@gmail.com> Pravin B Shelar <pshe...@ovn.org> Rabin Vincent <rab...@axis.com> Radim KrÄmáŠ<rkrc...@redhat.com> Rafael J. Wysocki <rafael.j.wyso...@intel.com> Rob Gardner <rob.gard...@oracle.com> Russell King <rmk+ker...@arm.linux.org.uk> Sabrina Dubroca <s...@queasysnail.net> Saeed Mahameed <sae...@mellanox.com> Sakari Ailus <sakari.ai...@linux.intel.com> Sasha Levin <alexander.le...@verizon.com> Sean Young <s...@mess.org> Seraphime Kirkovski <kirkser...@gmail.com> Sergei A. Trusov <sergei.a.tru...@ya.ru> Sergei Shtylyov <sergei.shtyl...@cogentembedded.com> Soheil Hassas Yeganeh <soh...@google.com> Stefan Wahren <stefan.wah...@i2se.com> Stefano Brivio <sbri...@redhat.com> Stephen Boyd <sb...@codeaurora.org> Steve Wise <sw...@opengridcomputing.com> Steven Toth <st...@kernellabs.com> Sudip Mukherjee <sudip.mukher...@codethink.co.uk> Sudip Mukherjee <sudipm.mukher...@gmail.com> Suravee Suthikulpanit <suravee.suthikulpa...@amd.com> Suzuki K Poulose <suzuki.poul...@arm.com> Sylwester Nawrocki <s.nawro...@samsung.com> Takashi Iwai <ti...@suse.de> Tejun Heo <t...@kernel.org> Theodore Ts'o <ty...@mit.edu> Thomas Gleixner <t...@linutronix.de> Thomas Jarosch <thomas.jaro...@intra2net.com> Trond Myklebust <trond.mykleb...@primarydata.com> Ulf Hansson <ulf.hans...@linaro.org> Vlad Yasevich <vyase...@redhat.com> Vlastimil Babka <vba...@suse.cz> WANG Cong <xiyou.wangc...@gmail.com> Wanpeng Li <wanpeng...@hotmail.com> Wei Liu <wei.l...@citrix.com> Wei Wang <wei...@google.com> Will Deacon <will.dea...@arm.com> Willem de Bruijn <will...@google.com> Xin Long <lucien....@gmail.com> Yuchung Cheng <ych...@google.com> Zefir Kurtisi <zefir.kurt...@neratec.com> Zheng Li <james.z...@ericsson.com> jobs: build-amd64-xsm pass build-arm64-xsm broken build-armhf-xsm pass build-i386-xsm pass build-amd64 pass build-arm64 broken build-armhf pass build-i386 pass build-amd64-libvirt pass build-arm64-libvirt blocked build-armhf-libvirt pass build-i386-libvirt pass build-amd64-pvops pass build-arm64-pvops broken build-armhf-pvops pass build-i386-pvops pass build-amd64-rumprun pass build-i386-rumprun pass test-amd64-amd64-xl pass test-arm64-arm64-xl blocked test-armhf-armhf-xl pass test-amd64-i386-xl pass test-amd64-amd64-xl-qemut-debianhvm-amd64-xsm pass test-amd64-i386-xl-qemut-debianhvm-amd64-xsm pass test-amd64-amd64-libvirt-qemuu-debianhvm-amd64-xsm pass test-amd64-i386-libvirt-qemuu-debianhvm-amd64-xsm pass test-amd64-amd64-xl-qemuu-debianhvm-amd64-xsm pass test-amd64-i386-xl-qemuu-debianhvm-amd64-xsm pass test-amd64-amd64-xl-qemut-stubdom-debianhvm-amd64-xsm pass test-amd64-i386-xl-qemut-stubdom-debianhvm-amd64-xsm pass test-amd64-amd64-libvirt-xsm pass test-arm64-arm64-libvirt-xsm blocked test-armhf-armhf-libvirt-xsm pass test-amd64-i386-libvirt-xsm pass test-amd64-amd64-xl-xsm pass test-arm64-arm64-xl-xsm blocked test-armhf-armhf-xl-xsm pass test-amd64-i386-xl-xsm pass test-amd64-amd64-qemuu-nested-amd fail test-amd64-amd64-xl-pvh-amd pass test-amd64-i386-qemut-rhel6hvm-amd pass test-amd64-i386-qemuu-rhel6hvm-amd pass test-amd64-amd64-xl-qemut-debianhvm-amd64 pass test-amd64-i386-xl-qemut-debianhvm-amd64 pass test-amd64-amd64-xl-qemuu-debianhvm-amd64 pass test-amd64-i386-xl-qemuu-debianhvm-amd64 pass test-amd64-i386-freebsd10-amd64 pass test-amd64-amd64-xl-qemuu-ovmf-amd64 pass test-amd64-i386-xl-qemuu-ovmf-amd64 pass test-amd64-amd64-rumprun-amd64 pass test-amd64-amd64-xl-qemut-win7-amd64 fail test-amd64-i386-xl-qemut-win7-amd64 fail test-amd64-amd64-xl-qemuu-win7-amd64 fail test-amd64-i386-xl-qemuu-win7-amd64 fail test-amd64-amd64-xl-qemut-ws16-amd64 fail test-amd64-i386-xl-qemut-ws16-amd64 fail test-amd64-amd64-xl-qemuu-ws16-amd64 fail test-amd64-i386-xl-qemuu-ws16-amd64 fail test-armhf-armhf-xl-arndale pass test-amd64-amd64-xl-credit2 pass test-arm64-arm64-xl-credit2 blocked test-armhf-armhf-xl-credit2 pass test-armhf-armhf-xl-cubietruck pass test-amd64-amd64-examine pass test-arm64-arm64-examine blocked test-armhf-armhf-examine pass test-amd64-i386-examine pass test-amd64-i386-freebsd10-i386 pass test-amd64-i386-rumprun-i386 pass test-amd64-amd64-xl-qemut-win10-i386 fail test-amd64-i386-xl-qemut-win10-i386 fail test-amd64-amd64-xl-qemuu-win10-i386 fail test-amd64-i386-xl-qemuu-win10-i386 fail test-amd64-amd64-qemuu-nested-intel pass test-amd64-amd64-xl-pvh-intel pass test-amd64-i386-qemut-rhel6hvm-intel pass test-amd64-i386-qemuu-rhel6hvm-intel pass test-amd64-amd64-libvirt pass test-armhf-armhf-libvirt pass test-amd64-i386-libvirt pass test-amd64-amd64-xl-multivcpu pass test-armhf-armhf-xl-multivcpu pass test-amd64-amd64-pair pass test-amd64-i386-pair pass test-amd64-amd64-libvirt-pair pass test-amd64-i386-libvirt-pair pass test-amd64-amd64-amd64-pvgrub pass test-amd64-amd64-i386-pvgrub pass test-amd64-amd64-pygrub pass test-amd64-amd64-xl-qcow2 pass test-armhf-armhf-libvirt-raw pass test-amd64-i386-xl-raw pass test-amd64-amd64-xl-rtds fail test-armhf-armhf-xl-rtds pass test-amd64-amd64-libvirt-vhd pass test-armhf-armhf-xl-vhd pass ------------------------------------------------------------ sg-report-flight on osstest.test-lab.xenproject.org logs: /home/logs/logs images: /home/logs/images Logs, config files, etc. are available at http://logs.test-lab.xenproject.org/osstest/logs Explanation of these reports, and of osstest in general, is at http://xenbits.xen.org/gitweb/?p=osstest.git;a=blob;f=README.email;hb=master http://xenbits.xen.org/gitweb/?p=osstest.git;a=blob;f=README;hb=master Test harness code can be found at http://xenbits.xen.org/gitweb?p=osstest.git;a=summary broken-step build-arm64-pvops hosts-allocate broken-step build-arm64-pvops capture-logs broken-step build-arm64 hosts-allocate broken-step build-arm64 capture-logs broken-step build-arm64-xsm hosts-allocate broken-step build-arm64-xsm capture-logs Not pushing. (No revision log; it would be 3332 lines long.)
_______________________________________________ Xen-devel mailing list Xen-devel@lists.xen.org https://lists.xen.org/xen-devel