flight 112379 linux-4.9 real [real] http://logs.test-lab.xenproject.org/osstest/logs/112379/
Failures and problems with tests :-( Tests which did not succeed and are blocking, including tests which could not be run: build-arm64-xsm 2 hosts-allocate broken REGR. vs. 112193 build-arm64-pvops 2 hosts-allocate broken REGR. vs. 112193 build-arm64 2 hosts-allocate broken REGR. vs. 112193 Tests which are failing intermittently (not blocking): test-amd64-i386-rumprun-i386 17 rumprun-demo-xenstorels/xenstorels.repeat fail pass in 112373 test-armhf-armhf-xl-credit2 17 guest-start.2 fail pass in 112373 Tests which did not succeed, but are not blocking: test-arm64-arm64-libvirt-xsm 1 build-check(1) blocked n/a test-arm64-arm64-xl 1 build-check(1) blocked n/a build-arm64-libvirt 1 build-check(1) blocked n/a test-arm64-arm64-examine 1 build-check(1) blocked n/a test-arm64-arm64-xl-credit2 1 build-check(1) blocked n/a test-arm64-arm64-xl-xsm 1 build-check(1) blocked n/a build-arm64-pvops 3 capture-logs broken blocked in 112193 build-arm64 3 capture-logs broken blocked in 112193 build-arm64-xsm 3 capture-logs broken never pass test-amd64-i386-xl-qemuu-win7-amd64 16 guest-localmigrate/x10 fail in 112373 like 112117 test-armhf-armhf-xl-rtds 16 guest-start/debian.repeat fail in 112373 like 112193 test-amd64-amd64-xl-qemuu-win7-amd64 17 guest-stop fail like 112086 test-amd64-amd64-xl-qemut-win7-amd64 16 guest-localmigrate/x10 fail like 112117 test-amd64-i386-xl-qemut-win7-amd64 16 guest-localmigrate/x10 fail like 112193 test-amd64-i386-xl-qemuu-win7-amd64 17 guest-stop fail like 112193 test-amd64-amd64-xl-rtds 10 debian-install fail like 112193 test-amd64-amd64-libvirt 13 migrate-support-check fail never pass test-amd64-amd64-xl-qemuu-ws16-amd64 10 windows-install fail never pass test-amd64-i386-libvirt-xsm 13 migrate-support-check fail never pass test-amd64-i386-libvirt 13 migrate-support-check fail never pass test-amd64-amd64-xl-qemut-ws16-amd64 10 windows-install fail never pass test-amd64-amd64-libvirt-xsm 13 migrate-support-check fail never pass test-amd64-i386-libvirt-qemuu-debianhvm-amd64-xsm 11 migrate-support-check fail never pass test-armhf-armhf-xl-arndale 13 migrate-support-check fail never pass test-armhf-armhf-xl-arndale 14 saverestore-support-check fail never pass test-amd64-amd64-qemuu-nested-amd 17 debian-hvm-install/l1/l2 fail never pass test-amd64-amd64-libvirt-vhd 12 migrate-support-check fail never pass test-armhf-armhf-xl-rtds 13 migrate-support-check fail never pass test-armhf-armhf-xl-rtds 14 saverestore-support-check fail never pass test-armhf-armhf-xl-credit2 13 migrate-support-check fail never pass test-armhf-armhf-xl-credit2 14 saverestore-support-check fail never pass test-armhf-armhf-xl-xsm 13 migrate-support-check fail never pass test-armhf-armhf-xl-xsm 14 saverestore-support-check fail never pass test-armhf-armhf-libvirt-xsm 13 migrate-support-check fail never pass test-armhf-armhf-xl-cubietruck 13 migrate-support-check fail never pass test-armhf-armhf-libvirt-xsm 14 saverestore-support-check fail never pass test-armhf-armhf-xl-cubietruck 14 saverestore-support-check fail never pass test-armhf-armhf-libvirt 13 migrate-support-check fail never pass test-armhf-armhf-libvirt 14 saverestore-support-check fail never pass test-armhf-armhf-xl 13 migrate-support-check fail never pass test-armhf-armhf-xl 14 saverestore-support-check fail never pass test-armhf-armhf-xl-multivcpu 13 migrate-support-check fail never pass test-armhf-armhf-xl-multivcpu 14 saverestore-support-check fail never pass test-amd64-i386-xl-qemuu-ws16-amd64 13 guest-saverestore fail never pass test-amd64-amd64-libvirt-qemuu-debianhvm-amd64-xsm 11 migrate-support-check fail never pass test-amd64-i386-xl-qemut-ws16-amd64 13 guest-saverestore fail never pass test-armhf-armhf-libvirt-raw 12 migrate-support-check fail never pass test-armhf-armhf-libvirt-raw 13 saverestore-support-check fail never pass test-armhf-armhf-xl-vhd 12 migrate-support-check fail never pass test-armhf-armhf-xl-vhd 13 saverestore-support-check fail never pass test-amd64-i386-xl-qemut-win10-i386 10 windows-install fail never pass test-amd64-amd64-xl-qemut-win10-i386 10 windows-install fail never pass test-amd64-i386-xl-qemuu-win10-i386 10 windows-install fail never pass test-amd64-amd64-xl-qemuu-win10-i386 10 windows-install fail never pass version targeted for testing: linux efcfbfb1d8bf756d1b58fe215bf4e419d176435b baseline version: linux c03917de04aa68017a737e90ea01338d991eaff5 Last test of basis 112193 2017-07-23 01:49:45 Z 7 days Testing same since 112350 2017-07-27 22:26:55 Z 2 days 4 attempts ------------------------------------------------------------ People who touched revisions under test: "Yan, Zheng" <z...@redhat.com> Aaron Brown <aaron.f.br...@intel.com> Adrian Hunter <adrian.hun...@intel.com> Alan Stern <st...@rowland.harvard.edu> Alex Deucher <alexander.deuc...@amd.com> Alex Williamson <alex.william...@redhat.com> Amir Goldstein <amir7...@gmail.com> Andrea Righi <righi.and...@gmail.com> Andrzej Pietrasiewicz <andrze...@samsung.com> Anna Schumaker <anna.schuma...@netapp.com> Anton Blanchard <an...@samba.org> Arnaldo Carvalho de Melo <a...@redhat.com> Arnd Bergmann <a...@arndb.de> Balbir Singh <bsinghar...@gmail.com> Banajit Goswami <bgosw...@codeaurora.org> Bart Van Assche <bart.vanass...@sandisk.com> Benjamin Herrenschmidt <b...@kernel.crashing.org> Bjorn Andersson <bjorn.anders...@linaro.org> Bjorn Helgaas <bhelg...@google.com> Chen Hong <chenho...@huawei.com> Chen Yu <yu.c.c...@intel.com> Christian König <christian.koe...@amd.com> Christoph Hellwig <h...@lst.de> Chunyu Hu <ch...@redhat.com> Colin Ian King <colin.k...@canonical.com> Corey Minyard <cminy...@mvista.com> Damjan Georgievski <gdam...@gmail.com> Dan Carpenter <dan.carpen...@oracle.com> Dan Williams <dan.j.willi...@intel.com> Daniel Vetter <daniel.vet...@ffwll.ch> Darrick J. Wong <darrick.w...@oracle.com> David Sterba <dste...@suse.com> Denis P. <theoriginal.skullbur...@gmail.com> Devin Heitmueller <dheitmuel...@kernellabs.com> Dmitry Torokhov <dmitry.torok...@gmail.com> Doug Ledford <dledf...@redhat.com> Douglas Miller <dougm...@linux.vnet.ibm.com> Eduardo Valentin <edubez...@gmail.com> Eric Auger <eric.au...@redhat.com> Ewan D. Milne <emi...@redhat.com> Felipe Balbi <felipe.ba...@linux.intel.com> Fernando Chaves <nanocha...@gmail.com> Giulio Genovese <giulio.genov...@gmail.com> Gjorgji Jankovski <j.gjor...@gmail.com> Greg Hackmann <ghackm...@google.com> Greg Kroah-Hartman <gre...@linuxfoundation.org> Guoqing Jiang <gqji...@suse.com> Hans Verkuil <hans.verk...@cisco.com> Herbert Xu <herb...@gondor.apana.org.au> Ian Abbott <abbo...@mev.co.uk> Ian Pilcher <arequip...@gmail.com> Ilya Dryomov <idryo...@gmail.com> Imre Deak <imre.d...@intel.com> Ingo Molnar <mi...@kernel.org> Ismail, Mustafa <mustafa.ism...@intel.com> Jaegeuk Kim <jaeg...@kernel.org> James Bottomley <j...@linux.vnet.ibm.com> James Hogan <james.ho...@imgtec.com> James Simmons <jsimm...@infradead.org> Jan Kara <j...@suse.cz> Jason A. Donenfeld <ja...@zx2c4.com> Jeff Kirsher <jeffrey.t.kirs...@intel.com> Jeff Moyer <jmo...@redhat.com> Jiahau Chang <jia...@gmail.com> Jiahau Chang <lars_ch...@asmedia.com.tw> Jiang Yi <jiangyil...@gmail.com> Jin Qian <jinq...@android.com> Jin Yao <yao....@linux.intel.com> Jiri Olsa <jo...@kernel.org> Johan Hovold <jo...@kernel.org> John Brooks <j...@fastquake.com> Juergen Gross <jgr...@suse.com> Julian Anastasov <j...@ssi.bg> Kalle Valo <kv...@codeaurora.org> Kalle Valo <kv...@qca.qualcomm.com> Kees Cook <keesc...@chromium.org> Konstantin Khlebnikov <khlebni...@yandex-team.ru> Krzysztof Kozlowski <k...@kernel.org> Kyle Huey <m...@kylehuey.com> Laurence Oberman <lober...@redhat.com> Leon Romanovsky <l...@kernel.org> Leon Romanovsky <leo...@mellanox.com> Linus Torvalds <torva...@linux-foundation.org> Lukasz Luba <lukasz.l...@arm.com> Lv Zheng <lv.zh...@intel.com> Maciej W. Rozycki <ma...@imgtec.com> Maciej W. Rozycki <ma...@linux-mips.org> Marcel Holtmann <mar...@holtmann.org> Marek Marczykowski-Górecki <marma...@invisiblethingslab.com> Mario Kleiner <mario.kleiner...@gmail.com> Mark Brown <broo...@kernel.org> Marta Rybczynska <marta.rybczyn...@kalray.eu> Marta Rybczynska <mrybc...@kalray.eu> Martin K. Petersen <martin.peter...@oracle.com> Martin Schwidefsky <schwidef...@de.ibm.com> Mateusz Jurczyk <mjurc...@google.com> Mathias Nyman <mathias.ny...@linux.intel.com> Matwey V Kornilov <mat...@sai.msu.ru> Maurizio Lombardi <mlomb...@redhat.com> Mauro Carvalho Chehab <mche...@s-opensource.com> Miaoqing Pan <miaoq...@codeaurora.org> Michael Ellerman <m...@ellerman.id.au> Michael Gugino <michael.gugin...@gmail.com> Mike Marciniszyn <mike.marcinis...@intel.com> Mike Snitzer <snit...@redhat.com> Miklos Szeredi <mszer...@redhat.com> Mikulas Patocka <mpato...@redhat.com> Moni Shoua <mo...@mellanox.com> Mustafa Ismail <mustafa.ism...@intel.com> Naveen N. Rao <naveen.n....@linux.vnet.ibm.com> NeilBrown <ne...@suse.com> Nicholas Bellinger <n...@linux-iscsi.org> Nick Moriarty <nick.moria...@york.ac.uk> Oliver Neukum <oneu...@suse.com> Oliver O'Halloran <ooh...@gmail.com> Peter Chen <peter.c...@nxp.com> Peter Zijlstra <a.p.zijls...@chello.nl> Prarit Bhargava <pra...@redhat.com> Rafael J. Wysocki <rafael.j.wyso...@intel.com> Ralf Baechle <r...@linux-mips.org> Richard Weinberger <rich...@nod.at> Rob Clark <robdcl...@gmail.com> Rob Herring <r...@kernel.org> Samuel Ortiz <sa...@linux.intel.com> Satish Babu Patakokila <sbp...@codeaurora.org> Seunghun Han <kkama...@gmail.com> Shaohua Li <s...@fb.com> Shawn Lin <shawn....@rock-chips.com> Simon Horman <ho...@verge.net.au> Steffen Klassert <steffen.klass...@secunet.com> Stephen Boyd <stephen.b...@linaro.org> Steven Rostedt (VMware) <rost...@goodmis.org> Sudeep Holla <sudeep.ho...@arm.com> Sudip Mukherjee <sudipm.mukher...@gmail.com> Teddy Wang <teddy.w...@siliconmotion.com> the...@gmail.com Thomas Gleixner <t...@linutronix.de> Tom St Denis <tom.stde...@amd.com> Tomislav Ivek <tomislav.i...@gmail.com> Tony Camuso <tcam...@redhat.com> Toshi Kani <toshi.k...@hpe.com> Ulf Hansson <ulf.hans...@linaro.org> Vinod Koul <vinod.k...@intel.com> Viresh Kumar <viresh.ku...@linaro.org> Vishal Verma <vishal.l.ve...@intel.com> Vladimir Neyelov <vladim...@mellanox.com> Xiao Ni <x...@redhat.com> Yan, Zheng <z...@redhat.com> Yao Jin <yao....@linux.intel.com> Yoshihiro Shimoda <yoshihiro.shimoda...@renesas.com> jobs: build-amd64-xsm pass build-arm64-xsm broken build-armhf-xsm pass build-i386-xsm pass build-amd64 pass build-arm64 broken build-armhf pass build-i386 pass build-amd64-libvirt pass build-arm64-libvirt blocked build-armhf-libvirt pass build-i386-libvirt pass build-amd64-pvops pass build-arm64-pvops broken build-armhf-pvops pass build-i386-pvops pass build-amd64-rumprun pass build-i386-rumprun pass test-amd64-amd64-xl pass test-arm64-arm64-xl blocked test-armhf-armhf-xl pass test-amd64-i386-xl pass test-amd64-amd64-xl-qemut-debianhvm-amd64-xsm pass test-amd64-i386-xl-qemut-debianhvm-amd64-xsm pass test-amd64-amd64-libvirt-qemuu-debianhvm-amd64-xsm pass test-amd64-i386-libvirt-qemuu-debianhvm-amd64-xsm pass test-amd64-amd64-xl-qemuu-debianhvm-amd64-xsm pass test-amd64-i386-xl-qemuu-debianhvm-amd64-xsm pass test-amd64-amd64-xl-qemut-stubdom-debianhvm-amd64-xsm pass test-amd64-i386-xl-qemut-stubdom-debianhvm-amd64-xsm pass test-amd64-amd64-libvirt-xsm pass test-arm64-arm64-libvirt-xsm blocked test-armhf-armhf-libvirt-xsm pass test-amd64-i386-libvirt-xsm pass test-amd64-amd64-xl-xsm pass test-arm64-arm64-xl-xsm blocked test-armhf-armhf-xl-xsm pass test-amd64-i386-xl-xsm pass test-amd64-amd64-qemuu-nested-amd fail test-amd64-amd64-xl-pvh-amd pass test-amd64-i386-qemut-rhel6hvm-amd pass test-amd64-i386-qemuu-rhel6hvm-amd pass test-amd64-amd64-xl-qemut-debianhvm-amd64 pass test-amd64-i386-xl-qemut-debianhvm-amd64 pass test-amd64-amd64-xl-qemuu-debianhvm-amd64 pass test-amd64-i386-xl-qemuu-debianhvm-amd64 pass test-amd64-i386-freebsd10-amd64 pass test-amd64-amd64-xl-qemuu-ovmf-amd64 pass test-amd64-i386-xl-qemuu-ovmf-amd64 pass test-amd64-amd64-rumprun-amd64 pass test-amd64-amd64-xl-qemut-win7-amd64 fail test-amd64-i386-xl-qemut-win7-amd64 fail test-amd64-amd64-xl-qemuu-win7-amd64 fail test-amd64-i386-xl-qemuu-win7-amd64 fail test-amd64-amd64-xl-qemut-ws16-amd64 fail test-amd64-i386-xl-qemut-ws16-amd64 fail test-amd64-amd64-xl-qemuu-ws16-amd64 fail test-amd64-i386-xl-qemuu-ws16-amd64 fail test-armhf-armhf-xl-arndale pass test-amd64-amd64-xl-credit2 pass test-arm64-arm64-xl-credit2 blocked test-armhf-armhf-xl-credit2 fail test-armhf-armhf-xl-cubietruck pass test-amd64-amd64-examine pass test-arm64-arm64-examine blocked test-armhf-armhf-examine pass test-amd64-i386-examine pass test-amd64-i386-freebsd10-i386 pass test-amd64-i386-rumprun-i386 fail test-amd64-amd64-xl-qemut-win10-i386 fail test-amd64-i386-xl-qemut-win10-i386 fail test-amd64-amd64-xl-qemuu-win10-i386 fail test-amd64-i386-xl-qemuu-win10-i386 fail test-amd64-amd64-qemuu-nested-intel pass test-amd64-amd64-xl-pvh-intel pass test-amd64-i386-qemut-rhel6hvm-intel pass test-amd64-i386-qemuu-rhel6hvm-intel pass test-amd64-amd64-libvirt pass test-armhf-armhf-libvirt pass test-amd64-i386-libvirt pass test-amd64-amd64-xl-multivcpu pass test-armhf-armhf-xl-multivcpu pass test-amd64-amd64-pair pass test-amd64-i386-pair pass test-amd64-amd64-libvirt-pair pass test-amd64-i386-libvirt-pair pass test-amd64-amd64-amd64-pvgrub pass test-amd64-amd64-i386-pvgrub pass test-amd64-amd64-pygrub pass test-amd64-amd64-xl-qcow2 pass test-armhf-armhf-libvirt-raw pass test-amd64-i386-xl-raw pass test-amd64-amd64-xl-rtds fail test-armhf-armhf-xl-rtds pass test-amd64-amd64-libvirt-vhd pass test-armhf-armhf-xl-vhd pass ------------------------------------------------------------ sg-report-flight on osstest.test-lab.xenproject.org logs: /home/logs/logs images: /home/logs/images Logs, config files, etc. are available at http://logs.test-lab.xenproject.org/osstest/logs Explanation of these reports, and of osstest in general, is at http://xenbits.xen.org/gitweb/?p=osstest.git;a=blob;f=README.email;hb=master http://xenbits.xen.org/gitweb/?p=osstest.git;a=blob;f=README;hb=master Test harness code can be found at http://xenbits.xen.org/gitweb?p=osstest.git;a=summary broken-step build-arm64-xsm hosts-allocate broken-step build-arm64-xsm capture-logs broken-step build-arm64-pvops hosts-allocate broken-step build-arm64 hosts-allocate broken-step build-arm64-pvops capture-logs broken-step build-arm64 capture-logs Not pushing. (No revision log; it would be 3505 lines long.)
_______________________________________________ Xen-devel mailing list Xen-devel@lists.xen.org https://lists.xen.org/xen-devel