flight 111411 linux-4.9 real [real]
http://logs.test-lab.xenproject.org/osstest/logs/111411/

Failures :-/ but no regressions.

Regressions which are regarded as allowable (not blocking):
 test-amd64-i386-xl-qemut-win7-amd64 17 guest-stop        fail REGR. vs. 111294
 test-armhf-armhf-xl-rtds     12 guest-start              fail REGR. vs. 111336

Tests which did not succeed, but are not blocking:
 test-amd64-amd64-xl-qemut-win7-amd64 18 guest-start/win.repeat fail like 111184
 test-amd64-amd64-xl-qemuu-win7-amd64 17 guest-stop            fail like 111294
 test-amd64-i386-xl-qemuu-win7-amd64 17 guest-stop             fail like 111336
 test-amd64-amd64-xl-rtds     10 debian-install               fail  like 111336
 test-amd64-amd64-libvirt-xsm 13 migrate-support-check        fail   never pass
 test-amd64-amd64-xl-qemuu-ws16-amd64 10 windows-install        fail never pass
 test-amd64-amd64-libvirt     13 migrate-support-check        fail   never pass
 test-amd64-i386-libvirt-xsm  13 migrate-support-check        fail   never pass
 test-amd64-i386-libvirt      13 migrate-support-check        fail   never pass
 test-amd64-amd64-xl-qemut-ws16-amd64 10 windows-install        fail never pass
 test-arm64-arm64-xl          13 migrate-support-check        fail   never pass
 test-arm64-arm64-libvirt-xsm 13 migrate-support-check        fail   never pass
 test-arm64-arm64-libvirt-xsm 14 saverestore-support-check    fail   never pass
 test-arm64-arm64-xl          14 saverestore-support-check    fail   never pass
 test-arm64-arm64-xl-credit2  13 migrate-support-check        fail   never pass
 test-arm64-arm64-xl-credit2  14 saverestore-support-check    fail   never pass
 test-arm64-arm64-xl-xsm      13 migrate-support-check        fail   never pass
 test-arm64-arm64-xl-xsm      14 saverestore-support-check    fail   never pass
 test-amd64-amd64-libvirt-qemuu-debianhvm-amd64-xsm 11 migrate-support-check 
fail never pass
 test-amd64-i386-libvirt-qemuu-debianhvm-amd64-xsm 11 migrate-support-check 
fail never pass
 test-amd64-amd64-qemuu-nested-amd 17 debian-hvm-install/l1/l2  fail never pass
 test-amd64-amd64-libvirt-vhd 12 migrate-support-check        fail   never pass
 test-amd64-i386-xl-qemuu-ws16-amd64 13 guest-saverestore       fail never pass
 test-armhf-armhf-xl          13 migrate-support-check        fail   never pass
 test-armhf-armhf-xl          14 saverestore-support-check    fail   never pass
 test-armhf-armhf-xl-credit2  13 migrate-support-check        fail   never pass
 test-armhf-armhf-xl-credit2  14 saverestore-support-check    fail   never pass
 test-armhf-armhf-xl-multivcpu 13 migrate-support-check        fail  never pass
 test-armhf-armhf-xl-multivcpu 14 saverestore-support-check    fail  never pass
 test-armhf-armhf-libvirt-xsm 13 migrate-support-check        fail   never pass
 test-armhf-armhf-libvirt-xsm 14 saverestore-support-check    fail   never pass
 test-armhf-armhf-libvirt     13 migrate-support-check        fail   never pass
 test-armhf-armhf-libvirt     14 saverestore-support-check    fail   never pass
 test-armhf-armhf-xl-cubietruck 13 migrate-support-check        fail never pass
 test-armhf-armhf-xl-cubietruck 14 saverestore-support-check    fail never pass
 test-amd64-i386-xl-qemut-ws16-amd64 13 guest-saverestore       fail never pass
 test-armhf-armhf-xl-vhd      12 migrate-support-check        fail   never pass
 test-armhf-armhf-xl-vhd      13 saverestore-support-check    fail   never pass
 test-armhf-armhf-xl-arndale  13 migrate-support-check        fail   never pass
 test-armhf-armhf-xl-arndale  14 saverestore-support-check    fail   never pass
 test-armhf-armhf-libvirt-raw 12 migrate-support-check        fail   never pass
 test-armhf-armhf-libvirt-raw 13 saverestore-support-check    fail   never pass
 test-amd64-i386-xl-qemut-win10-i386 10 windows-install         fail never pass
 test-amd64-amd64-xl-qemut-win10-i386 10 windows-install        fail never pass
 test-amd64-amd64-xl-qemuu-win10-i386 10 windows-install        fail never pass
 test-amd64-i386-xl-qemuu-win10-i386 10 windows-install         fail never pass
 test-armhf-armhf-xl-xsm      13 migrate-support-check        fail   never pass
 test-armhf-armhf-xl-xsm      14 saverestore-support-check    fail   never pass

version targeted for testing:
 linux                9f86f302ec0e37e84617481c587e11c47a397e3f
baseline version:
 linux                92905e331aea278665c4b27fbb13c4547a8bcbb0

Last test of basis   111336  2017-07-02 21:15:56 Z    3 days
Testing same since   111411  2017-07-05 13:19:38 Z    0 days    1 attempts

------------------------------------------------------------
People who touched revisions under test:
  Adam Ford <aford...@gmail.com>
  Al Viro <v...@zeniv.linux.org.uk>
  Alex Deucher <alexander.deuc...@amd.com>
  Alex Williamson <alex.william...@redhat.com>
  Alexander Potapenko <gli...@google.com>
  Alexandre TORGUE <alexandre.tor...@st.com>
  Alexei Starovoitov <a...@kernel.org>
  Alvaro G. M <alvaro.ga...@hazent.com>
  Alvaro Gamez Machado <alvaro.ga...@hazent.com>
  Amelie Delaunay <amelie.delau...@st.com>
  Amit Pundir <amit.pun...@linaro.org>
  Andreas Färber <afaer...@suse.de>
  Andrew F. Davis <a...@ti.com>
  Andrew Morton <a...@linux-foundation.org>
  Andy Gospodarek <andrew.gospoda...@broadocm.com>
  Andy Lutomirski <l...@kernel.org>
  Andy Shevchenko <andriy.shevche...@linux.intel.com>
  Anna Schumaker <anna.schuma...@netapp.com>
  Ard Biesheuvel <ard.biesheu...@linaro.org>
  Arend van Spriel <arend.vanspr...@broadcom.com>
  Arnaldo Carvalho de Melo <a...@redhat.com>
  Arnd Bergmann <a...@arndb.de>
  Balakrishnan Raman <ram...@cumulusnetworks.com>
  Baolin Wang <baolin.w...@linaro.org>
  Baoquan He <b...@redhat.com>
  Bart Van Assche <bart.vanass...@sandisk.com>
  Bartosz Golaszewski <b...@bgdev.pl>
  Benjamin Herrenschmidt <b...@kernel.crashing.org>
  Bert Kenward <bkenw...@solarflare.com>
  Boris Brezillon <boris.brezil...@free-electrons.com>
  Brendan McGrath <red...@redmandi.dyndns.org>
  Bryan O'Donoghue <bryan.odonog...@imgtec.com>
  Catalin Marinas <catalin.mari...@arm.com>
  Chandan Rajendra <chan...@linux.vnet.ibm.com>
  Christian König <christian.koe...@amd.com>
  Christian Perle <christian.pe...@secunet.com>
  Claudiu Manoil <claudiu.man...@nxp.com>
  Colin Ian King <colin.k...@canonical.com>
  Colin King <colin.k...@canonical.com>
  Cong Wang <xiyou.wangc...@gmail.com>
  Damien Le Moal <damien.lem...@wdc.com>
  Dan Carpenter <dan.carpen...@oracle.com>
  Dan Williams <dan.j.willi...@intel.com>
  Daniel Borkmann <dan...@iogearbox.net>
  Daniel J Blueman <dan...@quora.org>
  Daniel Kurtz <djku...@chromium.org>
  Dave Airlie <airl...@redhat.com>
  Dave Gerlach <d-gerl...@ti.com>
  Dave Kleikamp <dave.kleik...@oracle.com>
  Dave Young <dyo...@redhat.com>
  David Ahern <dsah...@gmail.com>
  David Dillow <dil...@google.com>
  David Rientjes <rient...@google.com>
  David S. Miller <da...@davemloft.net>
  David Sterba <dste...@suse.com>
  Deepak Rawat <dra...@vmware.com>
  Dick Kennedy <dick.kenn...@broadcom.com>
  Ding Pixel <pd...@amd.com>
  Ding Pixel <pixel.d...@amd.com>
  Dmitry Vyukov <dvyu...@google.com>
  Doug Berger <open...@gmail.com>
  Doug Ledford <dledf...@redhat.com>
  Edward O'Callaghan <funfunc...@folklore1984.net>
  Eli Cohen <e...@mellanox.com>
  Eran Ben Elisha <era...@mellanox.com>
  Eric Anholt <e...@anholt.net>
  Eric Dumazet <eduma...@google.com>
  Eric Farman <far...@linux.vnet.ibm.com>
  Eric Leblond <e...@regit.org>
  Eugeniu Rosca <ero...@de.adit-jv.com>
  Felipe Balbi <felipe.ba...@linux.intel.com>
  Felix Fietkau <n...@nbd.name>
  Florian Fainelli <f.faine...@gmail.com>
  Florian Westphal <f...@strlen.de>
  Franklin S Cooper Jr. <fcoo...@ti.com>
  G. Campana <gcamp...@quarkslab.com>
  Gao Feng <gfree.w...@vip.163.com>
  Gavin Shan <gws...@linux.vnet.ibm.com>
  Greg Kroah-Hartman <gre...@linuxfoundation.org>
  Greg Kurz <gr...@kaod.org>
  Guenter Roeck <li...@roeck-us.net>
  Guillaume Nault <g.na...@alphalink.fr>
  Hannes Frederic Sowa <han...@stressinduktion.org>
  Heiko Carstens <heiko.carst...@de.ibm.com>
  Himanshu Madhani <himanshu.madh...@cavium.com>
  Hui Wang <hui.w...@canonical.com>
  Ido Schimmel <ido...@mellanox.com>
  Igor Druzhinin <igor.druzhi...@citrix.com>
  Ingo Molnar <mi...@kernel.org>
  Ivan Vecera <c...@cera.cz>
  J. Bruce Fields <bfie...@redhat.com>
  Jack Morgenstein <ja...@dev.mellanox.co.il>
  Jaedon Shin <jaedon.s...@gmail.com>
  James Hogan <james.ho...@imgtec.com>
  James Smart <james.sm...@broadcom.com>
  jbrunet <jbru...@baylibre.com>
  Jens Axboe <ax...@fb.com>
  Jens Axboe <ax...@kernel.dk>
  Jerome Brunet <jbru...@baylibre.com>
  Jia-Ju Bai <baijiaju1...@163.com>
  Jiri Kosina <jkos...@suse.cz>
  Jiri Olsa <jo...@redhat.com>
  Jiri Pirko <j...@mellanox.com>
  Jiri Slaby <jsl...@suse.cz>
  Joel Stanley <j...@jms.id.au>
  Joerg Roedel <jroe...@suse.de>
  Johan Hovold <jo...@kernel.org>
  Johannes Berg <johannes.b...@intel.com>
  Johannes Thumshirn <jthumsh...@suse.de>
  John Crispin <j...@phrozen.org>
  Jon Maloy <jon.ma...@ericsson.com>
  Joseph Qi <jiangqi...@gmail.com>
  Josh Poimboeuf <jpoim...@redhat.com>
  Juergen Gross <jgr...@suse.com>
  Julia Lawall <julia.law...@lip6.fr>
  Junxiao Bi <junxiao...@oracle.com>
  Kalle Valo <kv...@codeaurora.org>
  Kamal Dasu <kdasu.k...@gmail.com>
  Karicheri, Muralidharan <m-kariche...@ti.com>
  Karl Beldan <karl.beldan+...@gmail.com>
  Karl Beldan <karl.bel...@gmail.com>
  Kevin Hilman <khil...@baylibre.com>
  Kinglong Mee <kinglong...@gmail.com>
  Kirill A. Shutemov <kirill.shute...@linux.intel.com>
  Konrad Rzeszutek Wilk <konrad.w...@oracle.com>
  Konrad Rzeszutek Wilk <kon...@kernel.org>
  Krister Johansen <k...@templeofstupid.com>
  Ladi Prosek <lpro...@redhat.com>
  Len Brown <len.br...@intel.com>
  Lendacky, Thomas <thomas.lenda...@amd.com>
  Liam R. Howlett <liam.howl...@oracle.com>
  Linus Torvalds <torva...@linux-foundation.org>
  Linus Walleij <linus.wall...@linaro.org>
  Liu Bo <bo.li....@oracle.com>
  Lorenzo Pieralisi <lorenzo.pieral...@arm.com>
  Lucas Stach <l.st...@pengutronix.de>
  Maor Dickman <ma...@mellanox.com>
  Marc Zyngier <marc.zyng...@arm.com>
  Marcelo Ricardo Leitner <marcelo.leit...@gmail.com>
  Mark Brown <broo...@kernel.org>
  Mark Rutland <mark.rutl...@arm.com>
  Mark Salter <msal...@redhat.com>
  Martin K. Petersen <martin.peter...@oracle.com>
  Martin KaFai Lau <ka...@fb.com>
  Martin Schwidefsky <schwidef...@de.ibm.com>
  Masami Hiramatsu <mhira...@kernel.org>
  Mateusz Jurczyk <mjurc...@google.com>
  Matt Fleming <m...@codeblueprint.co.uk>
  Michael Chan <michael.c...@broadcom.com>
  Michael Ellerman <m...@ellerman.id.au>
  Michael S. Tsirkin <m...@redhat.com>
  Michal Hocko <mho...@suse.com>
  Michal Nazarewicz <min...@mina86.com>
  Michał Zegan <webczat_...@poczta.onet.pl>
  Mike Snitzer <snit...@redhat.com>
  Mintz, Yuval <yuval.mi...@cavium.com>
  Murali Karicheri <m-kariche...@ti.com>
  Nikita Yushchenko <nikita.yo...@cogentembedded.com>
  Or Gerlitz <ogerl...@mellanox.com>
  Pablo Neira Ayuso <pa...@netfilter.org>
  Pan Bian <bianpan2...@163.com>
  Paolo Bonzini <pbonz...@redhat.com>
  Parthasarathy Bhuvaragan <parthasarathy.bhuvara...@ericsson.com>
  Paul Burton <paul.bur...@imgtec.com>
  Pavel Belous <pavel.s.bel...@gmail.com>
  Peter Dawson <peted...@gmail.com>
  Peter Dawson <peter.a.daw...@boeing.com>
  Peter Zijlstra (Intel) <pet...@infradead.org>
  Peter Zijlstra <pet...@infradead.org>
  Pooya Keshavarzi <pooya.keshava...@de.bosch.com>
  Prarit Bhargava <pra...@redhat.com>
  Quinn Tran <quinn.t...@cavium.com>
  Radim Krčmář <rkrc...@redhat.com>
  Rafael J. Wysocki <rafael.j.wyso...@intel.com>
  Rafał Miłecki <ra...@milecki.pl>
  Ralf Baechle <r...@linux-mips.org>
  Rex Zhu <rex....@amd.com>
  Roberto Sassu <rsa...@suse.de>
  Robin Murphy <robin.mur...@arm.com>
  Roger Pau Monné <roger....@citrix.com>
  Roopa Prabhu <ro...@cumulusnetworks.com>
  Russell Currey <rus...@russell.cc>
  Russell King <rmk+ker...@armlinux.org.uk>
  Sabrina Dubroca <s...@queasysnail.net>
  Saeed Mahameed <sae...@mellanox.com>
  Sasha Levin <alexander.le...@verizon.com>
  Sekhar Nori <nsek...@ti.com>
  Sergei Shtylyov <sergei.shtyl...@cogentembedded.com>
  Serhey Popovych <serhe.popov...@gmail.com>
  Shaohua Li <s...@fb.com>
  Stefan Hajnoczi <stefa...@redhat.com>
  Stefano Stabellini <sstabell...@kernel.org>
  Steffen Klassert <steffen.klass...@secunet.com>
  Stephen Boyd <sb...@codeaurora.org>
  Steve Capper <steve.cap...@arm.com>
  Steven Haigh <net...@crc.id.au>
  Steven Kipisz <s-kipi...@ti.com>
  Sudeep Holla <sudeep.ho...@arm.com>
  Suravee Suthikulpanit <suravee.suthikulpa...@amd.com>
  Takashi Iwai <ti...@suse.de>
  Tal Gilboa <ta...@mellanox.com>
  Tariq Toukan <tar...@mellanox.com>
  Thomas Gleixner <t...@linutronix.de>
  Thomas Hellstrom <thellst...@vmware.com>
  Thomas Huth <th...@redhat.com>
  Tobias Klauser <tklau...@distanz.ch>
  Tom Lendacky <thomas.lenda...@amd.com>
  Tony Lindgren <t...@atomide.com>
  Trond Myklebust <trond.mykleb...@primarydata.com>
  Vadim Lomovtsev <vadim.lomovt...@caviumnetworks.com>
  Vallish Vaidyeshwara <vall...@amazon.com>
  Vineeth Remanan Pillai <vinee...@amazon.com>
  Viresh Kumar <viresh.ku...@linaro.org>
  Vlastimil Babka <vba...@suse.cz>
  WANG Cong <xiyou.wangc...@gmail.com>
  Wanpeng Li <wanpeng...@hotmail.com>
  Wei Liu <wei.l...@citrix.com>
  Wei Wang <wei...@google.com>
  Will Deacon <will.dea...@arm.com>
  Willem de Bruijn <will...@google.com>
  Wim Van Sebroeck <w...@iguana.be>
  Wolfram Sang <w...@the-dreams.de>
  Xin Long <lucien....@gmail.com>
  Yegor Yefremov <yegorsli...@googlemail.com>
  Yuval Mintz <yuval.mi...@cavium.com>
  Zach Ploskey <z...@ploskey.com>
  Zhou Chengming <zhouchengmi...@huawei.com>

jobs:
 build-amd64-xsm                                              pass    
 build-arm64-xsm                                              pass    
 build-armhf-xsm                                              pass    
 build-i386-xsm                                               pass    
 build-amd64                                                  pass    
 build-arm64                                                  pass    
 build-armhf                                                  pass    
 build-i386                                                   pass    
 build-amd64-libvirt                                          pass    
 build-arm64-libvirt                                          pass    
 build-armhf-libvirt                                          pass    
 build-i386-libvirt                                           pass    
 build-amd64-pvops                                            pass    
 build-arm64-pvops                                            pass    
 build-armhf-pvops                                            pass    
 build-i386-pvops                                             pass    
 build-amd64-rumprun                                          pass    
 build-i386-rumprun                                           pass    
 test-amd64-amd64-xl                                          pass    
 test-arm64-arm64-xl                                          pass    
 test-armhf-armhf-xl                                          pass    
 test-amd64-i386-xl                                           pass    
 test-amd64-amd64-xl-qemut-debianhvm-amd64-xsm                pass    
 test-amd64-i386-xl-qemut-debianhvm-amd64-xsm                 pass    
 test-amd64-amd64-libvirt-qemuu-debianhvm-amd64-xsm           pass    
 test-amd64-i386-libvirt-qemuu-debianhvm-amd64-xsm            pass    
 test-amd64-amd64-xl-qemuu-debianhvm-amd64-xsm                pass    
 test-amd64-i386-xl-qemuu-debianhvm-amd64-xsm                 pass    
 test-amd64-amd64-xl-qemut-stubdom-debianhvm-amd64-xsm        pass    
 test-amd64-i386-xl-qemut-stubdom-debianhvm-amd64-xsm         pass    
 test-amd64-amd64-libvirt-xsm                                 pass    
 test-arm64-arm64-libvirt-xsm                                 pass    
 test-armhf-armhf-libvirt-xsm                                 pass    
 test-amd64-i386-libvirt-xsm                                  pass    
 test-amd64-amd64-xl-xsm                                      pass    
 test-arm64-arm64-xl-xsm                                      pass    
 test-armhf-armhf-xl-xsm                                      pass    
 test-amd64-i386-xl-xsm                                       pass    
 test-amd64-amd64-qemuu-nested-amd                            fail    
 test-amd64-amd64-xl-pvh-amd                                  pass    
 test-amd64-i386-qemut-rhel6hvm-amd                           pass    
 test-amd64-i386-qemuu-rhel6hvm-amd                           pass    
 test-amd64-amd64-xl-qemut-debianhvm-amd64                    pass    
 test-amd64-i386-xl-qemut-debianhvm-amd64                     pass    
 test-amd64-amd64-xl-qemuu-debianhvm-amd64                    pass    
 test-amd64-i386-xl-qemuu-debianhvm-amd64                     pass    
 test-amd64-i386-freebsd10-amd64                              pass    
 test-amd64-amd64-xl-qemuu-ovmf-amd64                         pass    
 test-amd64-i386-xl-qemuu-ovmf-amd64                          pass    
 test-amd64-amd64-rumprun-amd64                               pass    
 test-amd64-amd64-xl-qemut-win7-amd64                         fail    
 test-amd64-i386-xl-qemut-win7-amd64                          fail    
 test-amd64-amd64-xl-qemuu-win7-amd64                         fail    
 test-amd64-i386-xl-qemuu-win7-amd64                          fail    
 test-amd64-amd64-xl-qemut-ws16-amd64                         fail    
 test-amd64-i386-xl-qemut-ws16-amd64                          fail    
 test-amd64-amd64-xl-qemuu-ws16-amd64                         fail    
 test-amd64-i386-xl-qemuu-ws16-amd64                          fail    
 test-armhf-armhf-xl-arndale                                  pass    
 test-amd64-amd64-xl-credit2                                  pass    
 test-arm64-arm64-xl-credit2                                  pass    
 test-armhf-armhf-xl-credit2                                  pass    
 test-armhf-armhf-xl-cubietruck                               pass    
 test-amd64-amd64-examine                                     pass    
 test-arm64-arm64-examine                                     pass    
 test-armhf-armhf-examine                                     pass    
 test-amd64-i386-examine                                      pass    
 test-amd64-i386-freebsd10-i386                               pass    
 test-amd64-i386-rumprun-i386                                 pass    
 test-amd64-amd64-xl-qemut-win10-i386                         fail    
 test-amd64-i386-xl-qemut-win10-i386                          fail    
 test-amd64-amd64-xl-qemuu-win10-i386                         fail    
 test-amd64-i386-xl-qemuu-win10-i386                          fail    
 test-amd64-amd64-qemuu-nested-intel                          pass    
 test-amd64-amd64-xl-pvh-intel                                pass    
 test-amd64-i386-qemut-rhel6hvm-intel                         pass    
 test-amd64-i386-qemuu-rhel6hvm-intel                         pass    
 test-amd64-amd64-libvirt                                     pass    
 test-armhf-armhf-libvirt                                     pass    
 test-amd64-i386-libvirt                                      pass    
 test-amd64-amd64-xl-multivcpu                                pass    
 test-armhf-armhf-xl-multivcpu                                pass    
 test-amd64-amd64-pair                                        pass    
 test-amd64-i386-pair                                         pass    
 test-amd64-amd64-libvirt-pair                                pass    
 test-amd64-i386-libvirt-pair                                 pass    
 test-amd64-amd64-amd64-pvgrub                                pass    
 test-amd64-amd64-i386-pvgrub                                 pass    
 test-amd64-amd64-pygrub                                      pass    
 test-amd64-amd64-xl-qcow2                                    pass    
 test-armhf-armhf-libvirt-raw                                 pass    
 test-amd64-i386-xl-raw                                       pass    
 test-amd64-amd64-xl-rtds                                     fail    
 test-armhf-armhf-xl-rtds                                     fail    
 test-amd64-amd64-libvirt-vhd                                 pass    
 test-armhf-armhf-xl-vhd                                      pass    


------------------------------------------------------------
sg-report-flight on osstest.test-lab.xenproject.org
logs: /home/logs/logs
images: /home/logs/images

Logs, config files, etc. are available at
    http://logs.test-lab.xenproject.org/osstest/logs

Explanation of these reports, and of osstest in general, is at
    http://xenbits.xen.org/gitweb/?p=osstest.git;a=blob;f=README.email;hb=master
    http://xenbits.xen.org/gitweb/?p=osstest.git;a=blob;f=README;hb=master

Test harness code can be found at
    http://xenbits.xen.org/gitweb?p=osstest.git;a=summary


Pushing revision :

+ branch=linux-4.9
+ revision=9f86f302ec0e37e84617481c587e11c47a397e3f
+ . ./cri-lock-repos
++ . ./cri-common
+++ . ./cri-getconfig
+++ umask 002
+++ getrepos
++++ getconfig Repos
++++ perl -e '
                use Osstest;
                readglobalconfig();
                print $c{"Repos"} or die $!;
        '
+++ local repos=/home/osstest/repos
+++ '[' -z /home/osstest/repos ']'
+++ '[' '!' -d /home/osstest/repos ']'
+++ echo /home/osstest/repos
++ repos=/home/osstest/repos
++ repos_lock=/home/osstest/repos/lock
++ '[' x '!=' x/home/osstest/repos/lock ']'
++ OSSTEST_REPOS_LOCK_LOCKED=/home/osstest/repos/lock
++ exec with-lock-ex -w /home/osstest/repos/lock ./ap-push linux-4.9 
9f86f302ec0e37e84617481c587e11c47a397e3f
+ branch=linux-4.9
+ revision=9f86f302ec0e37e84617481c587e11c47a397e3f
+ . ./cri-lock-repos
++ . ./cri-common
+++ . ./cri-getconfig
+++ umask 002
+++ getrepos
++++ getconfig Repos
++++ perl -e '
                use Osstest;
                readglobalconfig();
                print $c{"Repos"} or die $!;
        '
+++ local repos=/home/osstest/repos
+++ '[' -z /home/osstest/repos ']'
+++ '[' '!' -d /home/osstest/repos ']'
+++ echo /home/osstest/repos
++ repos=/home/osstest/repos
++ repos_lock=/home/osstest/repos/lock
++ '[' x/home/osstest/repos/lock '!=' x/home/osstest/repos/lock ']'
+ . ./cri-common
++ . ./cri-getconfig
++ umask 002
+ select_xenbranch
+ case "$branch" in
+ tree=linux
+ xenbranch=xen-unstable
+ '[' xlinux = xlinux ']'
+ linuxbranch=linux-4.9
+ '[' x = x ']'
+ qemuubranch=qemu-upstream-unstable
+ select_prevxenbranch
++ ./cri-getprevxenbranch xen-unstable
+ prevxenbranch=xen-4.9-testing
+ '[' x9f86f302ec0e37e84617481c587e11c47a397e3f = x ']'
+ : tested/2.6.39.x
+ . ./ap-common
++ : osst...@xenbits.xen.org
+++ getconfig OsstestUpstream
+++ perl -e '
                use Osstest;
                readglobalconfig();
                print $c{"OsstestUpstream"} or die $!;
        '
++ :
++ : git://xenbits.xen.org/xen.git
++ : osst...@xenbits.xen.org:/home/xen/git/xen.git
++ : git://xenbits.xen.org/qemu-xen-traditional.git
++ : git://git.kernel.org
++ : git://git.kernel.org/pub/scm/linux/kernel/git
++ : git
++ : git://xenbits.xen.org/xtf.git
++ : osst...@xenbits.xen.org:/home/xen/git/xtf.git
++ : git://xenbits.xen.org/xtf.git
++ : git://xenbits.xen.org/libvirt.git
++ : osst...@xenbits.xen.org:/home/xen/git/libvirt.git
++ : git://xenbits.xen.org/libvirt.git
++ : git://xenbits.xen.org/osstest/rumprun.git
++ : git
++ : git://xenbits.xen.org/osstest/rumprun.git
++ : osst...@xenbits.xen.org:/home/xen/git/osstest/rumprun.git
++ : git://git.seabios.org/seabios.git
++ : osst...@xenbits.xen.org:/home/xen/git/osstest/seabios.git
++ : git://xenbits.xen.org/osstest/seabios.git
++ : https://github.com/tianocore/edk2.git
++ : osst...@xenbits.xen.org:/home/xen/git/osstest/ovmf.git
++ : git://xenbits.xen.org/osstest/ovmf.git
++ : git://xenbits.xen.org/osstest/linux-firmware.git
++ : osst...@xenbits.xen.org:/home/osstest/ext/linux-firmware.git
++ : git://git.kernel.org/pub/scm/linux/kernel/git/firmware/linux-firmware.git
++ : osst...@xenbits.xen.org:/home/xen/git/linux-pvops.git
++ : git://xenbits.xen.org/linux-pvops.git
++ : tested/linux-3.14
++ : tested/linux-arm-xen
++ '[' xgit://git.kernel.org/pub/scm/linux/kernel/git/stable/linux-stable.git = 
x ']'
++ '[' xgit://git.kernel.org/pub/scm/linux/kernel/git/stable/linux-stable.git = 
x ']'
++ : git://git.kernel.org/pub/scm/linux/kernel/git/konrad/xen.git
++ : tested/2.6.39.x
++ : daily-cron.linux-4.9
++ : daily-cron.linux-4.9
++ : daily-cron.linux-4.9
++ : daily-cron.linux-4.9
++ : daily-cron.linux-4.9
++ : daily-cron.linux-4.9
++ : daily-cron.linux-4.9
++ : http://hg.uk.xensource.com/carbon/trunk/linux-2.6.27
++ : git://xenbits.xen.org/qemu-xen.git
++ : osst...@xenbits.xen.org:/home/xen/git/qemu-xen.git
++ : daily-cron.linux-4.9
++ : git://xenbits.xen.org/qemu-xen.git
++ : git://git.qemu.org/qemu.git
+ TREE_LINUX=osst...@xenbits.xen.org:/home/xen/git/linux-pvops.git
+ TREE_QEMU_UPSTREAM=osst...@xenbits.xen.org:/home/xen/git/qemu-xen.git
+ TREE_XEN=osst...@xenbits.xen.org:/home/xen/git/xen.git
+ TREE_LIBVIRT=osst...@xenbits.xen.org:/home/xen/git/libvirt.git
+ TREE_RUMPRUN=osst...@xenbits.xen.org:/home/xen/git/osstest/rumprun.git
+ TREE_SEABIOS=osst...@xenbits.xen.org:/home/xen/git/osstest/seabios.git
+ TREE_OVMF=osst...@xenbits.xen.org:/home/xen/git/osstest/ovmf.git
+ TREE_XTF=osst...@xenbits.xen.org:/home/xen/git/xtf.git
+ info_linux_tree linux-4.9
+ case $1 in
+ : git://git.kernel.org/pub/scm/linux/kernel/git/stable/linux-stable.git
+ : linux-4.9.y
+ : linux-4.9.y
+ : git
+ : git
+ : git://xenbits.xen.org/linux-pvops.git
+ : osst...@xenbits.xen.org:/home/xen/git/linux-pvops.git
+ : tested/linux-4.9
+ : refs/heads/tested/linux-4.9
+ return 0
+ cd /home/osstest/repos/linux
+ git push osst...@xenbits.xen.org:/home/xen/git/linux-pvops.git 
9f86f302ec0e37e84617481c587e11c47a397e3f:refs/heads/tested/linux-4.9
To osst...@xenbits.xen.org:/home/xen/git/linux-pvops.git
   92905e3..9f86f30  9f86f302ec0e37e84617481c587e11c47a397e3f -> 
tested/linux-4.9
+ exit 0

_______________________________________________
Xen-devel mailing list
Xen-devel@lists.xen.org
https://lists.xen.org/xen-devel

Reply via email to