This run is configured for baseline tests only.

flight 71611 linux-3.10 real [real]
http://osstest.xs.citrite.net/~osstest/testlogs/logs/71611/

Failures :-/ but no regressions.

Regressions which are regarded as allowable (not blocking):
 test-amd64-amd64-xl-pvh-amd   3 host-install(3)       broken baseline untested
 build-i386-libvirt            5 libvirt-build           fail baseline untested
 build-amd64-libvirt           5 libvirt-build           fail baseline untested
 test-amd64-i386-xl-qemut-win7-amd64 15 guest-localmigrate/x10 fail baseline 
untested
 test-amd64-i386-xl-qemuu-debianhvm-amd64-xsm 20 leak-check/check fail baseline 
untested
 test-amd64-i386-xl-qemut-winxpsp3-vcpus1 17 guest-start/win.repeat fail 
baseline untested
 test-amd64-amd64-xl-qemut-debianhvm-amd64 9 debian-hvm-install fail baseline 
untested
 test-amd64-i386-xl-qemuu-winxpsp3-vcpus1 17 guest-start/win.repeat fail 
baseline untested
 test-amd64-amd64-xl-qemut-winxpsp3 16 guest-stop        fail baseline untested
 test-amd64-amd64-xl-qemut-win7-amd64 15 guest-localmigrate/x10 fail baseline 
untested
 test-amd64-amd64-xl-qemut-stubdom-debianhvm-amd64-xsm 9 debian-hvm-install 
fail baseline untested
 test-amd64-i386-xl-qemuu-winxpsp3 16 guest-stop         fail baseline untested
 test-amd64-amd64-qemuu-nested-intel 16 debian-hvm-install/l1/l2 fail baseline 
untested
 test-amd64-amd64-xl-qemuu-win7-amd64 16 guest-stop      fail baseline untested
 test-amd64-amd64-xl-qcow2     9 debian-di-install       fail baseline untested

Tests which did not succeed, but are not blocking:
 test-amd64-amd64-libvirt-vhd  1 build-check(1)               blocked  n/a
 test-amd64-i386-libvirt-qemuu-debianhvm-amd64-xsm 1 build-check(1) blocked n/a
 test-amd64-amd64-libvirt-qemuu-debianhvm-amd64-xsm 1 build-check(1) blocked n/a
 test-amd64-amd64-libvirt-pair  1 build-check(1)               blocked  n/a
 test-amd64-i386-libvirt       1 build-check(1)               blocked  n/a
 test-amd64-i386-libvirt-xsm   1 build-check(1)               blocked  n/a
 test-amd64-amd64-libvirt-xsm  1 build-check(1)               blocked  n/a
 test-amd64-i386-libvirt-pair  1 build-check(1)               blocked  n/a
 test-amd64-amd64-libvirt      1 build-check(1)               blocked  n/a
 test-amd64-amd64-qemuu-nested-amd 16 debian-hvm-install/l1/l2  fail never pass
 test-amd64-i386-xl-qemuu-win7-amd64 16 guest-stop              fail never pass

version targeted for testing:
 linux                0e3d5747a3ef9986d7617cec396850bf9d039309
baseline version:
 linux                a07ea939d7e0406e97739c18e2db6b402eb04cdc

Last test of basis    71583  2017-06-18 16:20:03 Z    9 days
Testing same since    71611  2017-06-27 23:22:24 Z    0 days    1 attempts

------------------------------------------------------------
People who touched revisions under test:
  "Lee, Chun-Yi" <j...@suse.com>
  Aaron Brown <aaron.f.br...@intel.com>
  Adrian Hunter <adrian.hun...@intel.com>
  Akinobu Mita <akinobu.m...@gmail.com>
  Al Viro <v...@zeniv.linux.org.uk>
  Alan Stern <st...@rowland.harvard.edu>
  Alex Hung <alex.h...@canonical.com>
  Alex Williamson <alex.william...@redhat.com>
  Alexander Potapenko <gli...@google.com>
  Alexandre Belloni <alexandre.bell...@free-electrons.com>
  Alexey Khoroshilov <khoroshi...@ispras.ru>
  Amit Pundir <amit.pun...@linaro.org>
  Andrew Morton <a...@linux-foundation.org>
  Andrey Konovalov <andreyk...@google.com>
  Andy Lutomirski <l...@amacapital.net>
  Andy Shevchenko <andriy.shevche...@linux.intel.com>
  Anna Schumaker <anna.schuma...@netapp.com>
  Anton Blanchard <an...@samba.org>
  Ardinartsev Nikita <ardina...@gmail.com>
  Ardinartsev Nikita <pinguin...@gmail.com>
  Arjan van de Ven <ar...@linux.intel.com>
  Arnaldo Carvalho de Melo <a...@redhat.com>
  Arnd Bergmann <a...@arndb.de>
  Arvind Yadav <arvind.yadav...@gmail.com>
  Augusto Mecking Caringi <augustocari...@gmail.com>
  Aurelien Aptel <aap...@suse.com>
  Bart Van Assche <bart.vanass...@sandisk.com>
  Bartlomiej Zolnierkiewicz <b.zolnier...@samsung.com>
  Ben Hutchings <b...@decadent.org.uk>
  Ben Skeggs <bske...@redhat.com>
  Benjamin Herrenschmidt <b...@kernel.crashing.org>
  Benjamin Marzinski <bmarz...@redhat.com>
  Benjamin Poirier <bpoir...@suse.com>
  Benjamin Tissoires <benjamin.tissoi...@redhat.com>
  Benoit Camredon <benoit.camre...@airbus.com>
  Bjorn Andersson <bjorn.anders...@linaro.org>
  Bjorn Helgaas <bhelg...@google.com>
  Bob Peterson <rpete...@redhat.com>
  Borislav Petkov <b...@suse.de>
  Brahadambal Srinivasan <la...@linux.vnet.ibm.com>
  Brendan McGrath <red...@redmandi.dyndns.org>
  Brian Norris <computersforpe...@gmail.com>
  Calvin Owens <calvinow...@fb.com>
  Chao Peng <chao.p.p...@linux.intel.com>
  Chris J Arges <christopherar...@gmail.com>
  Chris Metcalf <cmetc...@mellanox.com>
  Chris Salls <sa...@cs.ucsb.edu>
  Christian Borntraeger <borntrae...@de.ibm.com>
  Christian König <christian.koe...@amd.com>
  Christoph Hellwig <h...@lst.de>
  Chu Yuan Lin <c...@datera.io>
  Chuck Lever <chuck.le...@oracle.com>
  Chun-Yi Lee <j...@suse.com>
  Chun-Yi Lee <joeyli.ker...@gmail.com>
  Colin Ian King <colin.k...@canonical.com>
  Coly Li <col...@suse.de>
  col...@suse.de <col...@suse.de>
  Con Kolivas <c...@kolivas.org>
  Con Kolivas <ker...@kolivas.org>
  Cong Wang <xiyou.wangc...@gmail.com>
  Corey Minyard <cminy...@mvista.com>
  Daeho Jeong <daeho.je...@samsung.com>
  Dan Carpenter <dan.carpen...@oracle.com>
  Dan Williams <dan.j.willi...@intel.com>
  Daniel Borkmann <dbork...@redhat.com>
  Daniel Vetter <daniel.vet...@ffwll.ch>
  Darrick J. Wong <darrick.w...@oracle.com>
  Dave Airlie <airl...@redhat.com>
  Dave Chinner <da...@fromorbit.com>
  Dave Martin <dave.mar...@arm.com>
  David S. Miller <da...@davemloft.net>
  David Sterba <dste...@suse.com>
  Davidlohr Bueso <d...@stgolabs.net>
  Davidlohr Bueso <dbu...@suse.de>
  Dmitry Torokhov <dmitry.torok...@gmail.com>
  Dmitry V. Levin <l...@altlinux.org>
  Dmitry Vyukov <dvyu...@google.com>
  Doug Ledford <dledf...@redhat.com>
  Douglas Gilbert <dgilb...@interlog.com>
  Ed Bordin <edbor...@gmail.com>
  Einar Jón <tolvupos...@gmail.com>
  Eric Dumazet <eduma...@google.com>
  Eric Ren <z...@suse.com>
  Eric Sandeen <sand...@redhat.com>
  Eric Sandeen <sand...@sandeen.net>
  Eryu Guan <guane...@gmail.com>
  Fabien Parent <fpar...@baylibre.com>
  Felipe Balbi <felipe.ba...@linux.intel.com>
  Felix Fietkau <n...@nbd.name>
  Florian Westphal <f...@strlen.de>
  Gabriel Krisman Bertazi <kris...@linux.vnet.ibm.com>
  Geert Uytterhoeven <geert+rene...@glider.be>
  Geoff Levand <ge...@infradead.org>
  Gerald Schaefer <gerald.schae...@de.ibm.com>
  Germano Percossi <germano.perco...@citrix.com>
  Greg Kroah-Hartman <gre...@linuxfoundation.org>
  Guenter Roeck <gro...@chromium.org>
  Guenter Roeck <li...@roeck-us.net>
  Hannes Frederic Sowa <han...@stressinduktion.org>
  Hannes Reinecke <h...@suse.de>
  Hector Marco-Gisbert <hecma...@upv.es>
  Heinrich Schuchardt <xypron.g...@gmx.de>
  Helge Deller <del...@gmx.de>
  Henrik Ingo <henrik.i...@avoinelama.fi>
  Herbert Xu <herb...@gondor.apana.org.au>
  Himanshu Madhani <himanshu.madh...@cavium.com>
  Hugh Dickins <hu...@google.com>
  Ilia Mirkin <imir...@alum.mit.edu>
  Ilya Dryomov <idryo...@gmail.com>
  Ingo Molnar <mi...@kernel.org>
  Ismael Ripoll Ripoll <irip...@upv.es>
  J. Bruce Fields <bfie...@redhat.com>
  James Hogan <james.ho...@imgtec.com>
  James Morris <james.l.mor...@oracle.com>
  Jamie Bainbridge <jbain...@redhat.com>
  Jan Kara <j...@suse.cz>
  Jan-Marek Glogowski <glo...@fbihome.de>
  Janusz Dziedzic <januszx.dzied...@intel.com>
  Jason A. Donenfeld <ja...@zx2c4.com>
  Javier Martinez Canillas <jav...@osg.samsung.com>
  Jeff Kirsher <jeffrey.t.kirs...@intel.com>
  Jeff Mahoney <je...@suse.com>
  Jens Axboe <ax...@fb.com>
  Jiho Chu <jiho....@samsung.com>
  Jim Mattson <jmatt...@google.com>
  Jiri Kosina <jkos...@suse.cz>
  Jiri Slaby <jsl...@suse.cz>
  Joe Thornber <e...@redhat.com>
  Joel Stanley <j...@jms.id.au>
  Johan Hovold <jhov...@gmail.com>
  Johan Hovold <jo...@kernel.org>
  Johannes Berg <johannes.b...@intel.com>
  Johannes Thumshirn <jthumsh...@suse.de>
  John Johansen <john.johan...@canonical.com>
  Jonathan Liu <net...@gmail.com>
  Josh Poimboeuf <jpoim...@redhat.com>
  Juergen Gross <jgr...@suse.com>
  Julien Grall <julien.gr...@arm.com>
  K. Y. Srinivasan <k...@microsoft.com>
  Kai-Heng Feng <kai.heng.f...@canonical.com>
  Kalle Valo <kv...@codeaurora.org>
  Kalle Valo <kv...@qca.qualcomm.com>
  Kees Cook <keesc...@chromium.org>
  Kefeng Wang <wangkefeng.w...@huawei.com>
  Kevin Hilman <khil...@baylibre.com>
  Konstantin Khlebnikov <khlebni...@yandex-team.ru>
  Ladi Prosek <lpro...@redhat.com>
  Larry Finger <larry.fin...@lwfinger.net>
  Laurent Pinchart <laurent.pinch...@ideasonboard.com>
  Laurent Vivier <lviv...@redhat.com>
  Lee, Chun-Yi <joeyli.ker...@gmail.com>
  Li Qiang <liq...@gmail.com>
  Li Qiang <liqiang...@360.cn>
  Linus Torvalds <torva...@linux-foundation.org>
  Liu Bo <bo.li....@oracle.com>
  Long Li <lon...@microsoft.com>
  Ludovic Desroches <ludovic.desroc...@microchip.com>
  Luis de Bethencourt <lui...@osg.samsung.com>
  Mantas M <graw...@gmail.com>
  Mantas Mikulėnas <graw...@gmail.com>
  Marc Kleine-Budde <m...@pengutronix.de>
  Marcelo Ricardo Leitner <marcelo.leit...@gmail.com>
  Marek Vasut <marek.va...@gmail.com>
  Mark Rutland <mark.rutl...@arm.com>
  Martin K. Petersen <martin.peter...@oracle.com>
  Martin Schwidefsky <schwidef...@de.ibm.com>
  Martyn Welch <mar...@welchs.me.uk>
  Mathias Nyman <mathias.ny...@linux.intel.com>
  Mathias Svensson <id...@google.com>
  Matt Chen <matt.c...@intel.com>
  Matt Fleming <m...@codeblueprint.co.uk>
  Mauricio Faria de Oliveira <mauri...@linux.vnet.ibm.com>
  Mauro Carvalho Chehab <mche...@s-opensource.com>
  Max Bires <jbi...@google.com>
  Max Filippov <jcmvb...@gmail.com>
  Maxime Ripard <maxime.rip...@free-electrons.com>
  Michael Ellerman <m...@ellerman.id.au>
  Michael Josenhans <michael.josenh...@web.de>
  Michael S. Tsirkin <m...@redhat.com>
  Michael Schenk <michael.sch...@albis-elcon.com>
  Michal Hocko <mho...@suse.com>
  Michal Tesar <mte...@redhat.com>
  Michel Dänzer <michel.daen...@amd.com>
  Mike Snitzer <snit...@redhat.com>
  Miklos Szeredi <mszer...@redhat.com>
  Minchan Kim <minc...@kernel.org>
  Mintz, Yuval <yuval.mi...@cavium.com>
  Moreno Bartalucci <moreno.bartalu...@tecnorama.it>
  Murray McAllister <murray.mcallis...@insomniasec.com>
  Neal Cardwell <ncardw...@google.com>
  Neil Horman <nhor...@tuxdriver.com>
  NeilBrown <ne...@suse.com>
  Nicholas Bellinger <n...@linux-iscsi.org>
  Niklas Söderlund <niklas.soderlund+rene...@ragnatech.se>
  Nikolay Aleksandrov <niko...@cumulusnetworks.com>
  Nikolay Borisov <nbori...@suse.com>
  OGAWA Hirofumi <hirof...@mail.parknet.co.jp>
  Oliver Hartkopp <socket...@hartkopp.net>
  Oliver Neukum <oli...@neukum.org>
  Oliver Neukum <oneu...@suse.com>
  Olof Johansson <o...@lixom.net>
  Omar Sandoval <osan...@fb.com>
  Ondrej Kozina <okoz...@redhat.com>
  Paolo Bonzini <pbonz...@redhat.com>
  Paul Burton <paul.bur...@imgtec.com>
  Paul E. McKenney <paul...@linux.vnet.ibm.com>
  Paul Hüber <phue...@kernsp.in>
  Paul Mackerras <pau...@ozlabs.org>
  Paul Menzel <pmen...@molgen.mpg.de>
  Pavel Emelyanov <xe...@virtuozzo.com>
  Pavel Rojtberg <rojtb...@gmail.com>
  Pavel Shilovsky <pshi...@microsoft.com>
  Peter Zijlstra (Intel) <pet...@infradead.org>
  Peter Zijlstra <pet...@infradead.org>
  Quinn Tran <quinn.t...@cavium.com>
  Rabin Vincent <rab...@axis.com>
  Rafael J. Wysocki <rafael.j.wyso...@intel.com>
  Rafał Miłecki <ra...@milecki.pl>
  Ralf Baechle <r...@linux-mips.org>
  Raphael Assenat <r...@raphnet.net>
  Ravi Bangoria <ravi.bango...@linux.vnet.ibm.com>
  Reiter Wolfgang <wr0112...@gmail.com>
  Richard Weinberger <rich...@nod.at>
  Rui Wang <rui.y.w...@intel.com>
  Russell Currey <rus...@russell.cc>
  Russell King <rmk+ker...@arm.linux.org.uk>
  Sachin Prabhu <spra...@redhat.com>
  Salvatore Benedetto <salvatore.benede...@intel.com>
  Santosh Shilimkar <santosh.shilim...@oracle.com>
  santosh.shilim...@oracle.com <santosh.shilim...@oracle.com>
  Sasha Levin <alexander.le...@verizon.com>
  Sean Hefty <sean.he...@intel.com>
  Sebastian Andrzej Siewior <bige...@linutronix.de>
  Sebastian Ott <seb...@linux.vnet.ibm.com>
  Sebastian Siewior <bige...@linutronix.de>
  Sekhar Nori <nsek...@ti.com>
  Serge Hallyn <serge.hal...@canonical.com>
  Sergey Senozhatsky <sergey.senozhatsky.w...@gmail.com>
  Sergey Senozhatsky <sergey.senozhat...@gmail.com>
  Seth Arnold <seth.arn...@canonical.com>
  Shaohua Li <s...@fb.com>
  Stefano Stabellini <sstabell...@kernel.org>
  Steffen Klassert <steffen.klass...@secunet.com>
  stephen hemminger <step...@networkplumber.org>
  Stephen Hemminger <sthem...@microsoft.com>
  Steve French <smfre...@gmail.com>
  Steve Wise <sw...@opengridcomputing.com>
  Steven Rostedt (VMware) <rost...@goodmis.org>
  Steven Rostedt <rost...@goodmis.org>
  Sumit Semwal <sumit.sem...@linaro.org>
  Takashi Iwai <ti...@suse.de>
  Tariq Saeed <tariq.x.sa...@oracle.com>
  Tejun Heo <t...@kernel.org>
  Theodore Ts'o <ty...@mit.edu>
  Thomas Gleixner <t...@linutronix.de>
  Thomas Hellstrom <thellst...@vmware.com>
  Thomas Huth <th...@redhat.com>
  Todd Fujinaka <todd.fujin...@intel.com>
  Tommi Rantala <tommi.t.rant...@nokia.com>
  Tony Lindgren <t...@atomide.com>
  Toshi Kani <toshi.k...@hpe.com>
  Trond Myklebust <trond.mykleb...@primarydata.com>
  Ulf Hansson <ulf.hans...@linaro.org>
  Uwe Kleine-König <u...@kleine-koenig.org>
  Vinayak Menon <vinme...@codeaurora.org>
  Vineet Gupta <vgu...@synopsys.com>
  Vineet Gupta <vineet.gup...@synopsys.com>
  Viresh Kumar <viresh.ku...@linaro.org>
  Vitaly Kuznetsov <vkuzn...@redhat.com>
  Vlad Tsyrklevich <v...@tsyrklevich.net>
  WANG Cong <xiyou.wangc...@gmail.com>
  Wang, Rui Y <rui.y.w...@intel.com>
  Wei Fang <fangw...@huawei.com>
  Wengang Wang <wen.gang.w...@oracle.com>
  Weston Andros Adamson <d...@primarydata.com>
  Will Deacon <will.dea...@arm.com>
  Willem de Bruijn <will...@google.com>
  Willy Tarreau <w...@1wt.eu>
  Wolfram Sang <w...@the-dreams.de>
  Xin Long <lucien....@gmail.com>
  Y.C. Chen <yc_c...@aspeedtech.com>
  Yang Yang <yang.yan...@zte.com.cn>
  Yazen Ghannam <yazen.ghan...@amd.com>
  Yegor Yefremov <yegorsli...@googlemail.com>
  Youngjin Gil <youngjin....@samsung.com>
  Yuval Mintz <yuval.mi...@cavium.com>
  Zhao Hongjiang <zhaohongji...@huawei.com>
  Zhaohongjiang <zhaohongji...@huawei.com>
  家瑋 <momo1...@gmail.com>
  추지호 <jiho....@samsung.com>

jobs:
 build-amd64-xsm                                              pass    
 build-i386-xsm                                               pass    
 build-amd64                                                  pass    
 build-i386                                                   pass    
 build-amd64-libvirt                                          fail    
 build-i386-libvirt                                           fail    
 build-amd64-pvops                                            pass    
 build-i386-pvops                                             pass    
 build-amd64-rumprun                                          pass    
 build-i386-rumprun                                           pass    
 test-amd64-amd64-xl                                          pass    
 test-amd64-i386-xl                                           pass    
 test-amd64-amd64-xl-qemut-debianhvm-amd64-xsm                pass    
 test-amd64-i386-xl-qemut-debianhvm-amd64-xsm                 pass    
 test-amd64-amd64-libvirt-qemuu-debianhvm-amd64-xsm           blocked 
 test-amd64-i386-libvirt-qemuu-debianhvm-amd64-xsm            blocked 
 test-amd64-amd64-xl-qemuu-debianhvm-amd64-xsm                pass    
 test-amd64-i386-xl-qemuu-debianhvm-amd64-xsm                 fail    
 test-amd64-amd64-xl-qemut-stubdom-debianhvm-amd64-xsm        fail    
 test-amd64-i386-xl-qemut-stubdom-debianhvm-amd64-xsm         pass    
 test-amd64-amd64-libvirt-xsm                                 blocked 
 test-amd64-i386-libvirt-xsm                                  blocked 
 test-amd64-amd64-xl-xsm                                      pass    
 test-amd64-i386-xl-xsm                                       pass    
 test-amd64-amd64-qemuu-nested-amd                            fail    
 test-amd64-amd64-xl-pvh-amd                                  broken  
 test-amd64-i386-qemut-rhel6hvm-amd                           pass    
 test-amd64-i386-qemuu-rhel6hvm-amd                           pass    
 test-amd64-amd64-xl-qemut-debianhvm-amd64                    fail    
 test-amd64-i386-xl-qemut-debianhvm-amd64                     pass    
 test-amd64-amd64-xl-qemuu-debianhvm-amd64                    pass    
 test-amd64-i386-xl-qemuu-debianhvm-amd64                     pass    
 test-amd64-i386-freebsd10-amd64                              pass    
 test-amd64-amd64-xl-qemuu-ovmf-amd64                         pass    
 test-amd64-i386-xl-qemuu-ovmf-amd64                          pass    
 test-amd64-amd64-rumprun-amd64                               pass    
 test-amd64-amd64-xl-qemut-win7-amd64                         fail    
 test-amd64-i386-xl-qemut-win7-amd64                          fail    
 test-amd64-amd64-xl-qemuu-win7-amd64                         fail    
 test-amd64-i386-xl-qemuu-win7-amd64                          fail    
 test-amd64-amd64-xl-credit2                                  pass    
 test-amd64-i386-freebsd10-i386                               pass    
 test-amd64-i386-rumprun-i386                                 pass    
 test-amd64-amd64-qemuu-nested-intel                          fail    
 test-amd64-amd64-xl-pvh-intel                                pass    
 test-amd64-i386-qemut-rhel6hvm-intel                         pass    
 test-amd64-i386-qemuu-rhel6hvm-intel                         pass    
 test-amd64-amd64-libvirt                                     blocked 
 test-amd64-i386-libvirt                                      blocked 
 test-amd64-amd64-xl-multivcpu                                pass    
 test-amd64-amd64-pair                                        pass    
 test-amd64-i386-pair                                         pass    
 test-amd64-amd64-libvirt-pair                                blocked 
 test-amd64-i386-libvirt-pair                                 blocked 
 test-amd64-amd64-amd64-pvgrub                                pass    
 test-amd64-amd64-i386-pvgrub                                 pass    
 test-amd64-amd64-pygrub                                      pass    
 test-amd64-amd64-xl-qcow2                                    fail    
 test-amd64-i386-xl-raw                                       pass    
 test-amd64-amd64-xl-rtds                                     pass    
 test-amd64-i386-xl-qemut-winxpsp3-vcpus1                     fail    
 test-amd64-i386-xl-qemuu-winxpsp3-vcpus1                     fail    
 test-amd64-amd64-libvirt-vhd                                 blocked 
 test-amd64-amd64-xl-qemut-winxpsp3                           fail    
 test-amd64-i386-xl-qemut-winxpsp3                            pass    
 test-amd64-amd64-xl-qemuu-winxpsp3                           pass    
 test-amd64-i386-xl-qemuu-winxpsp3                            fail    


------------------------------------------------------------
sg-report-flight on osstest.xs.citrite.net
logs: /home/osstest/logs
images: /home/osstest/images

Logs, config files, etc. are available at
    http://osstest.xs.citrite.net/~osstest/testlogs/logs

Test harness code can be found at
    http://xenbits.xensource.com/gitweb?p=osstest.git;a=summary

broken-step test-amd64-amd64-xl-pvh-amd host-install(3)

Push not applicable.

(No revision log; it would be 7381 lines long.)

_______________________________________________
Xen-devel mailing list
Xen-devel@lists.xen.org
https://lists.xen.org/xen-devel

Reply via email to