flight 110984 linux-linus real [real] http://logs.test-lab.xenproject.org/osstest/logs/110984/
Regressions :-( Tests which did not succeed and are blocking, including tests which could not be run: test-amd64-amd64-xl-qemuu-ovmf-amd64 14 guest-saverestore.2 fail REGR. vs. 110515 test-amd64-i386-xl-qemuu-debianhvm-amd64-xsm 15 guest-localmigrate/x10 fail REGR. vs. 110515 test-amd64-amd64-xl-qemut-win7-amd64 15 guest-localmigrate/x10 fail REGR. vs. 110515 Tests which did not succeed, but are not blocking: test-amd64-i386-xl-qemuu-win7-amd64 17 guest-start/win.repeat fail blocked in 110515 test-armhf-armhf-libvirt 13 saverestore-support-check fail like 110515 test-armhf-armhf-libvirt-xsm 13 saverestore-support-check fail like 110515 test-armhf-armhf-xl-rtds 15 guest-start/debian.repeat fail like 110515 test-amd64-amd64-xl-qemuu-win7-amd64 16 guest-stop fail like 110515 test-amd64-i386-xl-qemut-win7-amd64 16 guest-stop fail like 110515 test-amd64-amd64-xl-rtds 9 debian-install fail like 110515 test-armhf-armhf-libvirt-raw 12 saverestore-support-check fail like 110515 test-amd64-amd64-xl-qemut-ws16-amd64 9 windows-install fail never pass test-amd64-i386-libvirt 12 migrate-support-check fail never pass test-amd64-amd64-libvirt-xsm 12 migrate-support-check fail never pass test-amd64-i386-libvirt-xsm 12 migrate-support-check fail never pass test-amd64-amd64-libvirt 12 migrate-support-check fail never pass test-arm64-arm64-xl-credit2 12 migrate-support-check fail never pass test-arm64-arm64-libvirt-xsm 12 migrate-support-check fail never pass test-arm64-arm64-xl-credit2 13 saverestore-support-check fail never pass test-arm64-arm64-libvirt-xsm 13 saverestore-support-check fail never pass test-amd64-amd64-libvirt-qemuu-debianhvm-amd64-xsm 10 migrate-support-check fail never pass test-arm64-arm64-xl-xsm 12 migrate-support-check fail never pass test-arm64-arm64-xl-xsm 13 saverestore-support-check fail never pass test-arm64-arm64-xl 12 migrate-support-check fail never pass test-arm64-arm64-xl 13 saverestore-support-check fail never pass test-armhf-armhf-xl-arndale 12 migrate-support-check fail never pass test-armhf-armhf-xl-arndale 13 saverestore-support-check fail never pass test-amd64-amd64-libvirt-vhd 11 migrate-support-check fail never pass test-amd64-amd64-qemuu-nested-amd 16 debian-hvm-install/l1/l2 fail never pass test-armhf-armhf-xl-rtds 12 migrate-support-check fail never pass test-armhf-armhf-xl-rtds 13 saverestore-support-check fail never pass test-armhf-armhf-xl 12 migrate-support-check fail never pass test-armhf-armhf-xl 13 saverestore-support-check fail never pass test-armhf-armhf-libvirt 12 migrate-support-check fail never pass test-armhf-armhf-xl-cubietruck 12 migrate-support-check fail never pass test-armhf-armhf-xl-cubietruck 13 saverestore-support-check fail never pass test-armhf-armhf-libvirt-xsm 12 migrate-support-check fail never pass test-armhf-armhf-xl-multivcpu 12 migrate-support-check fail never pass test-armhf-armhf-xl-multivcpu 13 saverestore-support-check fail never pass test-amd64-i386-libvirt-qemuu-debianhvm-amd64-xsm 10 migrate-support-check fail never pass test-amd64-amd64-xl-qemuu-ws16-amd64 9 windows-install fail never pass test-amd64-i386-xl-qemut-ws16-amd64 12 guest-saverestore fail never pass test-armhf-armhf-xl-vhd 11 migrate-support-check fail never pass test-armhf-armhf-xl-vhd 12 saverestore-support-check fail never pass test-armhf-armhf-xl-xsm 12 migrate-support-check fail never pass test-armhf-armhf-xl-xsm 13 saverestore-support-check fail never pass test-armhf-armhf-xl-credit2 12 migrate-support-check fail never pass test-armhf-armhf-xl-credit2 13 saverestore-support-check fail never pass test-armhf-armhf-libvirt-raw 11 migrate-support-check fail never pass test-amd64-i386-xl-qemuu-ws16-amd64 12 guest-saverestore fail never pass test-amd64-amd64-xl-qemut-win10-i386 9 windows-install fail never pass test-amd64-amd64-xl-qemuu-win10-i386 9 windows-install fail never pass test-amd64-i386-xl-qemuu-win10-i386 9 windows-install fail never pass test-amd64-i386-xl-qemut-win10-i386 9 windows-install fail never pass version targeted for testing: linux a38371cba67539ce6a5d5324db34bc2ddaf66cc1 baseline version: linux 1439ccf73d9c07654fdd5b4969fd53c2feb8684d Last test of basis 110515 2017-06-17 06:48:56 Z 6 days Failing since 110536 2017-06-17 23:48:13 Z 6 days 7 attempts Testing same since 110984 2017-06-23 04:20:18 Z 0 days 1 attempts ------------------------------------------------------------ People who touched revisions under test: "Yan, Zheng" <z...@redhat.com> Al Viro <v...@zeniv.linux.org.uk> Alan Stern <st...@rowland.harvard.edu> Alexandre TORGUE <alexandre.tor...@st.com> Alexey Khoroshilov <khoroshi...@ispras.ru> Allen Hubbe <allen.hu...@dell.com> Andrei Vagin <ava...@openvz.org> Andy Lutomirski <l...@kernel.org> Angus Ainslie <an...@akkea.ca> Arend van Spriel <arend.vanspr...@broadcom.com> Arnaldo Carvalho de Melo <a...@redhat.com> Arnd Bergmann <a...@arndb.de> Bart Van Assche <bart.vanass...@wdc.com> Benjamin Gaignard <benjamin.gaign...@linaro.org> Benjamin Tissoires <benjamin.tissoi...@redhat.com> Boris Brezillon <boris.brezil...@free-electrons.com> Brian Foster <bfos...@redhat.com> Charles Keepax <ckee...@opensource.wolfsonmicro.com> Chen-Yu Tsai <w...@csie.org> Chris Mi <chr...@mellanox.com> Christian Borntraeger <borntrae...@de.ibm.com> Christophe JAILLET <christophe.jail...@wanadoo.fr> Colin Ian King <colin.k...@canonical.com> Cong Wang <xiyou.wangc...@gmail.com> Corentin Labbe <clabbe.montj...@gmail.com> Dan Carpenter <dan.carpen...@oracle.com> Daniel Stone <dani...@collabora.com> Darrick J. Wong <darrick.w...@oracle.com> Dave Jiang <dave.ji...@intel.com> David Howells <dhowe...@redhat.com> David S. Miller <da...@davemloft.net> Edward Cree <ec...@solarflare.com> Eli Cohen <e...@mellanox.com> Enric Balletbo i Serra <enric.balle...@collabora.com> Eric Dumazet <eduma...@google.com> Fabrice Gasnier <fabrice.gasn...@st.com> Felipe Balbi <felipe.ba...@linux.intel.com> Ganesh Goudar <ganes...@chelsio.com> Gao Feng <gfree.w...@vip.163.com> Gary R Hook <gary.h...@amd.com> Greg Kroah-Hartman <gre...@linuxfoundation.org> Haishuang Yan <yanhaishu...@cmss.chinamobile.com> Hannes Frederic Sowa <han...@stressinduktion.org> Heiko Carstens <heiko.carst...@de.ibm.com> Heiner Kallweit <hkallwe...@gmail.com> Heinrich Schuchardt <xypron.g...@gmx.de> Helge Deller <del...@gmx.de> Helge Deller <del...@gmx.de> # parisc Hendrik Brueckner <brueck...@linux.vnet.ibm.com> Hugh Dickins <hu...@google.com> Icenowy Zheng <icen...@aosc.io> Ilya Dryomov <idryo...@gmail.com> Ingo Molnar <mi...@kernel.org> Jacek Anaszewski <jacek.anaszew...@gmail.com> James Cowgill <james.cowg...@imgtec.com> James Hogan <james.ho...@imgtec.com> Jan Beulich <jbeul...@suse.com> Jan Kratochvil <jan.kratoch...@redhat.com> Jason Wang <jasow...@redhat.com> Jean-Baptiste Maneyrol <jmaney...@invensense.com> Jens Axboe <ax...@kernel.dk> Jiada Wang <jiada_w...@mentor.com> Jiri Kosina <jkos...@suse.cz> Jiri Olsa <jo...@kernel.org> Jiri Olsa <jo...@redhat.com> Johannes Berg <johannes.b...@intel.com> Jon Mason <jdma...@kudzu.us> Jonas Gorski <jonas.gor...@gmail.com> Jonathan Cameron <ji...@kernel.org> Josh Poimboeuf <jpoim...@redhat.com> Juergen Gross <jgr...@suse.com> Kalle Valo <kv...@codeaurora.org> Kees Cook <keesc...@chromium.org> Konrad Rzeszutek Wilk <konrad.w...@oracle.com> Krzysztof Kozlowski <k...@kernel.org> Lars-Peter Clausen <l...@metafoo.de> Lee Jones <lee.jo...@linaro.org> Lin Yun Sheng <linyunsh...@huawei.com> Linus Torvalds <torva...@linux-foundation.org> Linus Walleij <linus.wall...@linaro.org> Liwei Song <liwei.s...@windriver.com> Logan Gunthorpe <log...@deltatee.com> Luis Henriques <lhenriq...@suse.com> Madalin Bucur <madalin.bu...@nxp.com> Maor Dickman <ma...@mellanox.com> Marcin Nowakowski <marcin.nowakow...@imgtec.com> Martin Blumenstingl <martin.blumensti...@googlemail.com> Martin KaFai Lau <ka...@fb.com> Mathias Nyman <mathias.ny...@linux.intel.com> Matt Redfearn <matt.redfe...@imgtec.com> Max Gurtovoy <m...@mellanox.com> Maxime Ripard <maxime.rip...@free-electrons.com> Michael S. Tsirkin <m...@redhat.com> Michael Turquette <mturque...@baylibre.com> Michal Hocko <mho...@suse.com> Milian Wolff <milian.wo...@kdab.com> Miroslav Benes <mbe...@suse.cz> Neil Armstrong <narmstr...@baylibre.com> Neil Horman <nhor...@tuxdrver.com> Niklas Cassel <niklas.cas...@axis.com> Olof Johansson <o...@lixom.net> Or Gerlitz <ogerl...@mellanox.com> Paolo Bonzini <pbonz...@redhat.com> Paul Burton <paul.bur...@imgtec.com> Paul Mackerras <pau...@ozlabs.org> Pavel Machek <pa...@ucw.cz> Pavel Shilovsky <pshi...@microsoft.com> Peter Dawson <peter.a.daw...@boeing.com> Peter Zijlstra (Intel) <pet...@infradead.org> Peter Zijlstra <pet...@infradead.org> Petr Mladek <pmla...@suse.com> Phil Reid <pr...@electromag.com.au> Pravin B Shelar <pshe...@ovn.org> Radim KrÄmáŠ<rkrc...@redhat.com> Raju Rangoju <ra...@chelsio.com> Ralf Baechle <r...@linux-mips.org> Roger Pau Monné <roger....@citrix.com> Saeed Mahameed <sae...@mellanox.com> Sebastian Andrzej Siewior <bige...@linutronix.de> Sebastian Parschauer <sparscha...@suse.de> Sebastian Siewior <bige...@linutronix.de> Serhey Popovych <serhe.popov...@gmail.com> Stephen Boyd <sb...@codeaurora.org> Stephen Rothwell <s...@canb.auug.org.au> Steve French <smfre...@gmail.com> Steve Wise <sw...@opengridcomputing.com> Steven Haigh <net...@crc.id.au> Thomas Gleixner <t...@linutronix.de> Tobias Regnery <tobias.regn...@gmail.com> Tony Lindgren <t...@atomide.com> Vlastimil Babka <vba...@suse.cz> WANG Cong <xiyou.wangc...@gmail.com> Wei Wang <wei...@google.com> Wei Yongjun <weiyongj...@huawei.com> Wolfram Sang <wsa+rene...@sang-engineering.com> Wolfram Sang <w...@the-dreams.de> Xin Long <lucien....@gmail.com> xypron.g...@gmx.de <xypron.g...@gmx.de> Yan, Zheng <z...@redhat.com> YD Tseng <yd_ts...@asmedia.com.tw> Yong Deng <iem...@gmail.com> Zhang Bo <bo.zh...@nxp.com> Zhang Shengju <zhangshen...@cmss.chinamobile.com> Ãlvaro Fernández Rojas <nolt...@gmail.com> jobs: build-amd64-xsm pass build-arm64-xsm pass build-armhf-xsm pass build-i386-xsm pass build-amd64 pass build-arm64 pass build-armhf pass build-i386 pass build-amd64-libvirt pass build-arm64-libvirt pass build-armhf-libvirt pass build-i386-libvirt pass build-amd64-pvops pass build-arm64-pvops pass build-armhf-pvops pass build-i386-pvops pass build-amd64-rumprun pass build-i386-rumprun pass test-amd64-amd64-xl pass test-arm64-arm64-xl pass test-armhf-armhf-xl pass test-amd64-i386-xl pass test-amd64-amd64-xl-qemut-debianhvm-amd64-xsm pass test-amd64-i386-xl-qemut-debianhvm-amd64-xsm pass test-amd64-amd64-libvirt-qemuu-debianhvm-amd64-xsm pass test-amd64-i386-libvirt-qemuu-debianhvm-amd64-xsm pass test-amd64-amd64-xl-qemuu-debianhvm-amd64-xsm pass test-amd64-i386-xl-qemuu-debianhvm-amd64-xsm fail test-amd64-amd64-xl-qemut-stubdom-debianhvm-amd64-xsm pass test-amd64-i386-xl-qemut-stubdom-debianhvm-amd64-xsm pass test-amd64-amd64-libvirt-xsm pass test-arm64-arm64-libvirt-xsm pass test-armhf-armhf-libvirt-xsm pass test-amd64-i386-libvirt-xsm pass test-amd64-amd64-xl-xsm pass test-arm64-arm64-xl-xsm pass test-armhf-armhf-xl-xsm pass test-amd64-i386-xl-xsm pass test-amd64-amd64-qemuu-nested-amd fail test-amd64-amd64-xl-pvh-amd pass test-amd64-i386-qemut-rhel6hvm-amd pass test-amd64-i386-qemuu-rhel6hvm-amd pass test-amd64-amd64-xl-qemut-debianhvm-amd64 pass test-amd64-i386-xl-qemut-debianhvm-amd64 pass test-amd64-amd64-xl-qemuu-debianhvm-amd64 pass test-amd64-i386-xl-qemuu-debianhvm-amd64 pass test-amd64-i386-freebsd10-amd64 pass test-amd64-amd64-xl-qemuu-ovmf-amd64 fail test-amd64-i386-xl-qemuu-ovmf-amd64 pass test-amd64-amd64-rumprun-amd64 pass test-amd64-amd64-xl-qemut-win7-amd64 fail test-amd64-i386-xl-qemut-win7-amd64 fail test-amd64-amd64-xl-qemuu-win7-amd64 fail test-amd64-i386-xl-qemuu-win7-amd64 fail test-amd64-amd64-xl-qemut-ws16-amd64 fail test-amd64-i386-xl-qemut-ws16-amd64 fail test-amd64-amd64-xl-qemuu-ws16-amd64 fail test-amd64-i386-xl-qemuu-ws16-amd64 fail test-armhf-armhf-xl-arndale pass test-amd64-amd64-xl-credit2 pass test-arm64-arm64-xl-credit2 pass test-armhf-armhf-xl-credit2 pass test-armhf-armhf-xl-cubietruck pass test-amd64-amd64-examine pass test-arm64-arm64-examine pass test-armhf-armhf-examine pass test-amd64-i386-examine pass test-amd64-i386-freebsd10-i386 pass test-amd64-i386-rumprun-i386 pass test-amd64-amd64-xl-qemut-win10-i386 fail test-amd64-i386-xl-qemut-win10-i386 fail test-amd64-amd64-xl-qemuu-win10-i386 fail test-amd64-i386-xl-qemuu-win10-i386 fail test-amd64-amd64-qemuu-nested-intel pass test-amd64-amd64-xl-pvh-intel pass test-amd64-i386-qemut-rhel6hvm-intel pass test-amd64-i386-qemuu-rhel6hvm-intel pass test-amd64-amd64-libvirt pass test-armhf-armhf-libvirt pass test-amd64-i386-libvirt pass test-amd64-amd64-xl-multivcpu pass test-armhf-armhf-xl-multivcpu pass test-amd64-amd64-pair pass test-amd64-i386-pair pass test-amd64-amd64-libvirt-pair pass test-amd64-i386-libvirt-pair pass test-amd64-amd64-amd64-pvgrub pass test-amd64-amd64-i386-pvgrub pass test-amd64-amd64-pygrub pass test-amd64-amd64-xl-qcow2 pass test-armhf-armhf-libvirt-raw pass test-amd64-i386-xl-raw pass test-amd64-amd64-xl-rtds fail test-armhf-armhf-xl-rtds fail test-amd64-amd64-libvirt-vhd pass test-armhf-armhf-xl-vhd pass ------------------------------------------------------------ sg-report-flight on osstest.test-lab.xenproject.org logs: /home/logs/logs images: /home/logs/images Logs, config files, etc. are available at http://logs.test-lab.xenproject.org/osstest/logs Explanation of these reports, and of osstest in general, is at http://xenbits.xen.org/gitweb/?p=osstest.git;a=blob;f=README.email;hb=master http://xenbits.xen.org/gitweb/?p=osstest.git;a=blob;f=README;hb=master Test harness code can be found at http://xenbits.xen.org/gitweb?p=osstest.git;a=summary Not pushing. (No revision log; it would be 4308 lines long.)
_______________________________________________ Xen-devel mailing list Xen-devel@lists.xen.org https://lists.xen.org/xen-devel