This run is configured for baseline tests only.

flight 71569 linux-3.18 real [real]
http://osstest.xs.citrite.net/~osstest/testlogs/logs/71569/

Regressions :-(

Tests which did not succeed and are blocking,
including tests which could not be run:
 test-amd64-amd64-xl-qemut-debianhvm-amd64-xsm 14 guest-saverestore.2 fail 
REGR. vs. 71544
 test-amd64-amd64-xl-qemut-win7-amd64 15 guest-localmigrate/x10 fail REGR. vs. 
71544

Regressions which are regarded as allowable (not blocking):
 build-armhf-libvirt           5 libvirt-build                fail   like 71544
 build-i386-libvirt            5 libvirt-build                fail   like 71544
 build-amd64-libvirt           5 libvirt-build                fail   like 71544
 test-amd64-amd64-qemuu-nested-intel 16 debian-hvm-install/l1/l2 fail like 71544
 test-amd64-i386-xl-qemuu-winxpsp3-vcpus1 17 guest-start/win.repeat fail like 
71544
 test-amd64-i386-xl-qemut-win7-amd64 15 guest-localmigrate/x10  fail like 71544
 test-amd64-i386-xl-qemuu-win7-amd64 16 guest-stop              fail like 71544
 test-amd64-i386-xl-qemut-winxpsp3-vcpus1  9 windows-install    fail like 71544
 test-amd64-amd64-xl-qemut-winxpsp3  9 windows-install          fail like 71544

Tests which did not succeed, but are not blocking:
 test-amd64-amd64-libvirt-vhd  1 build-check(1)               blocked  n/a
 test-arm64-arm64-libvirt-xsm  1 build-check(1)               blocked  n/a
 test-amd64-i386-libvirt-qemuu-debianhvm-amd64-xsm 1 build-check(1) blocked n/a
 test-armhf-armhf-libvirt      1 build-check(1)               blocked  n/a
 test-arm64-arm64-xl           1 build-check(1)               blocked  n/a
 build-arm64-libvirt           1 build-check(1)               blocked  n/a
 test-arm64-arm64-libvirt-qcow2  1 build-check(1)               blocked  n/a
 test-amd64-amd64-libvirt-pair  1 build-check(1)               blocked  n/a
 test-amd64-i386-libvirt       1 build-check(1)               blocked  n/a
 test-armhf-armhf-libvirt-raw  1 build-check(1)               blocked  n/a
 test-arm64-arm64-libvirt      1 build-check(1)               blocked  n/a
 test-amd64-i386-libvirt-xsm   1 build-check(1)               blocked  n/a
 test-amd64-amd64-libvirt-xsm  1 build-check(1)               blocked  n/a
 test-amd64-amd64-libvirt      1 build-check(1)               blocked  n/a
 test-arm64-arm64-xl-credit2   1 build-check(1)               blocked  n/a
 test-amd64-amd64-libvirt-qemuu-debianhvm-amd64-xsm 1 build-check(1) blocked n/a
 test-arm64-arm64-xl-rtds      1 build-check(1)               blocked  n/a
 test-arm64-arm64-xl-multivcpu  1 build-check(1)               blocked  n/a
 test-armhf-armhf-libvirt-xsm  1 build-check(1)               blocked  n/a
 test-amd64-i386-libvirt-pair  1 build-check(1)               blocked  n/a
 test-arm64-arm64-xl-xsm       1 build-check(1)               blocked  n/a
 build-arm64                   2 hosts-allocate               broken never pass
 build-arm64-pvops             2 hosts-allocate               broken never pass
 build-arm64-xsm               2 hosts-allocate               broken never pass
 build-arm64                   3 capture-logs                 broken never pass
 build-arm64-pvops             3 capture-logs                 broken never pass
 build-arm64-xsm               3 capture-logs                 broken never pass
 test-armhf-armhf-xl          12 migrate-support-check        fail   never pass
 test-armhf-armhf-xl          13 saverestore-support-check    fail   never pass
 test-armhf-armhf-xl-midway   12 migrate-support-check        fail   never pass
 test-armhf-armhf-xl-xsm      12 migrate-support-check        fail   never pass
 test-armhf-armhf-xl-midway   13 saverestore-support-check    fail   never pass
 test-armhf-armhf-xl-xsm      13 saverestore-support-check    fail   never pass
 test-armhf-armhf-xl-credit2  12 migrate-support-check        fail   never pass
 test-armhf-armhf-xl-credit2  13 saverestore-support-check    fail   never pass
 test-armhf-armhf-xl-multivcpu 12 migrate-support-check        fail  never pass
 test-armhf-armhf-xl-multivcpu 13 saverestore-support-check    fail  never pass
 test-armhf-armhf-xl-rtds     12 migrate-support-check        fail   never pass
 test-armhf-armhf-xl-rtds     13 saverestore-support-check    fail   never pass
 test-armhf-armhf-xl-vhd      11 migrate-support-check        fail   never pass
 test-armhf-armhf-xl-vhd      12 saverestore-support-check    fail   never pass
 test-amd64-amd64-qemuu-nested-amd 16 debian-hvm-install/l1/l2  fail never pass

version targeted for testing:
 linux                8366868460f8784e30302f441546a9d72ffe1236
baseline version:
 linux                88ff45d07559d2ba05ef7adf0028055454dc548b

Last test of basis    71544  2017-06-11 13:49:28 Z    4 days
Testing same since    71569  2017-06-15 16:19:49 Z    0 days    1 attempts

------------------------------------------------------------
People who touched revisions under test:
  Alan Stern <st...@rowland.harvard.edu>
  Alexander Potapenko <gli...@google.com>
  Alexander Sverdlin <alexander.sverd...@gmail.com>
  Andrew Morton <a...@linux-foundation.org>
  Arjan van de Ven <ar...@linux.intel.com>
  Arnd Bergmann <a...@arndb.de>
  Ben Hutchings <b...@decadent.org.uk>
  Catalin Marinas <catalin.mari...@arm.com>
  Christoffer Dall <cd...@linaro.org>
  Christoph Hellwig <h...@lst.de>
  Craig Gallek <kr...@google.com>
  Dan Carpenter <dan.carpen...@oracle.com>
  Daniel Cashman <dcash...@android.com>
  Daniel Micay <danielmi...@gmail.com>
  David Howells <dhowe...@redhat.com>
  David S. Miller <da...@davemloft.net>
  David Sterba <dste...@suse.com>
  Dennis Dalessandro <dennis.dalessan...@intel.com>
  Doug Ledford <dledf...@redhat.com>
  Eric Biggers <ebigge...@gmail.com>
  Eric Biggers <ebigg...@google.com>
  Eric Dumazet <eduma...@google.com>
  Felipe Balbi <felipe.ba...@linux.intel.com>
  Ganesh Goudar <ganes...@chelsio.com>
  Gilad Ben-Yossef <gi...@benyossef.com>
  Greg Kroah-Hartman <gre...@linuxfoundation.org>
  Herbert Xu <herb...@gondor.apana.org.au>
  Ingo Molnar <mi...@kernel.org>
  J. Bruce Fields <bfie...@redhat.com>
  James Morris <james.l.mor...@oracle.com>
  Jan Kara <j...@suse.cz>
  Jeff Mahoney <je...@suse.com>
  Jin Yao <yao....@linux.intel.com>
  Jisheng Zhang <jszh...@marvell.com>
  Johan Hovold <jo...@kernel.org>
  Johannes Thumshirn <jthumsh...@suse.de>
  John L. Hammond <john.hamm...@intel.com>
  Jonathan Cameron <ji...@kernel.org>
  Julius Werner <jwer...@chromium.org>
  Kees Cook <keesc...@chromium.org>
  Konstantin Khlebnikov <khlebni...@yandex-team.ru>
  Kristina Martsenko <kristina.martse...@arm.com>
  Linus Torvalds <torva...@linux-foundation.org>
  Lorenzo Colitti <lore...@google.com>
  Marc Zyngier <marc.zyng...@arm.com>
  Mark Brown <broo...@kernel.org>
  Mark Rutland <mark.rutl...@arm.com>
  Martin K. Petersen <martin.peter...@oracle.com>
  Matt Ranostay <matt.ranos...@konsulko.com>
  Max Filippov <jcmvb...@gmail.com>
  Michael Ellerman <m...@ellerman.id.au>
  Michael Thalmeier <michael.thalme...@hale.at>
  Mike Marciniszyn <mike.marcinis...@intel.com>
  Mintz, Yuval <yuval.mi...@cavium.com>
  Neal Cardwell <ncardw...@google.com>
  Oleg Drokin <gr...@linuxhacker.ru>
  Paolo Bonzini <pbonz...@redhat.com>
  Paul E. McKenney <paul...@linux.vnet.ibm.com>
  Peter Chen <peter.c...@nxp.com>
  Peter Zijlstra (Intel) <pet...@infradead.org>
  Radim Krčmář <rkrc...@redhat.com>
  Rik van Riel <r...@redhat.com>
  Russell Currey <rus...@russell.cc>
  Soheil Hassas Yeganeh <soh...@google.com>
  Tadeusz Struk <tadeusz.st...@intel.com>
  Takashi Iwai <ti...@suse.de>
  Takatoshi Akiyama <takatoshi.akiyama...@ps.hitachi-solutions.com>
  Theodore Ts'o <ty...@mit.edu>
  Thinh Nguyen <thinh.ngu...@synopsys.com>
  Thinh Nguyen <thi...@synopsys.com>
  Vinod Koul <vinod.k...@intel.com>
  Vladis Dronov <vdro...@redhat.com>
  Wanpeng Li <wanpeng...@hotmail.com>
  Will Deacon <will.dea...@arm.com>
  Yoshihiro Shimoda <yoshihiro.shimoda...@renesas.com>
  Yuchung Cheng <ych...@google.com>
  Yuval Mintz <yuval.mi...@cavium.com>

jobs:
 build-amd64-xsm                                              pass    
 build-arm64-xsm                                              broken  
 build-armhf-xsm                                              pass    
 build-i386-xsm                                               pass    
 build-amd64                                                  pass    
 build-arm64                                                  broken  
 build-armhf                                                  pass    
 build-i386                                                   pass    
 build-amd64-libvirt                                          fail    
 build-arm64-libvirt                                          blocked 
 build-armhf-libvirt                                          fail    
 build-i386-libvirt                                           fail    
 build-amd64-pvops                                            pass    
 build-arm64-pvops                                            broken  
 build-armhf-pvops                                            pass    
 build-i386-pvops                                             pass    
 build-amd64-rumprun                                          pass    
 build-i386-rumprun                                           pass    
 test-amd64-amd64-xl                                          pass    
 test-arm64-arm64-xl                                          blocked 
 test-armhf-armhf-xl                                          pass    
 test-amd64-i386-xl                                           pass    
 test-amd64-amd64-xl-qemut-debianhvm-amd64-xsm                fail    
 test-amd64-i386-xl-qemut-debianhvm-amd64-xsm                 pass    
 test-amd64-amd64-libvirt-qemuu-debianhvm-amd64-xsm           blocked 
 test-amd64-i386-libvirt-qemuu-debianhvm-amd64-xsm            blocked 
 test-amd64-amd64-xl-qemuu-debianhvm-amd64-xsm                pass    
 test-amd64-i386-xl-qemuu-debianhvm-amd64-xsm                 pass    
 test-amd64-amd64-xl-qemut-stubdom-debianhvm-amd64-xsm        pass    
 test-amd64-i386-xl-qemut-stubdom-debianhvm-amd64-xsm         pass    
 test-amd64-amd64-libvirt-xsm                                 blocked 
 test-arm64-arm64-libvirt-xsm                                 blocked 
 test-armhf-armhf-libvirt-xsm                                 blocked 
 test-amd64-i386-libvirt-xsm                                  blocked 
 test-amd64-amd64-xl-xsm                                      pass    
 test-arm64-arm64-xl-xsm                                      blocked 
 test-armhf-armhf-xl-xsm                                      pass    
 test-amd64-i386-xl-xsm                                       pass    
 test-amd64-amd64-qemuu-nested-amd                            fail    
 test-amd64-amd64-xl-pvh-amd                                  pass    
 test-amd64-i386-qemut-rhel6hvm-amd                           pass    
 test-amd64-i386-qemuu-rhel6hvm-amd                           pass    
 test-amd64-amd64-xl-qemut-debianhvm-amd64                    pass    
 test-amd64-i386-xl-qemut-debianhvm-amd64                     pass    
 test-amd64-amd64-xl-qemuu-debianhvm-amd64                    pass    
 test-amd64-i386-xl-qemuu-debianhvm-amd64                     pass    
 test-amd64-i386-freebsd10-amd64                              pass    
 test-amd64-amd64-xl-qemuu-ovmf-amd64                         pass    
 test-amd64-i386-xl-qemuu-ovmf-amd64                          pass    
 test-amd64-amd64-rumprun-amd64                               pass    
 test-amd64-amd64-xl-qemut-win7-amd64                         fail    
 test-amd64-i386-xl-qemut-win7-amd64                          fail    
 test-amd64-amd64-xl-qemuu-win7-amd64                         pass    
 test-amd64-i386-xl-qemuu-win7-amd64                          fail    
 test-amd64-amd64-xl-credit2                                  pass    
 test-arm64-arm64-xl-credit2                                  blocked 
 test-armhf-armhf-xl-credit2                                  pass    
 test-amd64-i386-freebsd10-i386                               pass    
 test-amd64-i386-rumprun-i386                                 pass    
 test-amd64-amd64-qemuu-nested-intel                          fail    
 test-amd64-amd64-xl-pvh-intel                                pass    
 test-amd64-i386-qemut-rhel6hvm-intel                         pass    
 test-amd64-i386-qemuu-rhel6hvm-intel                         pass    
 test-amd64-amd64-libvirt                                     blocked 
 test-arm64-arm64-libvirt                                     blocked 
 test-armhf-armhf-libvirt                                     blocked 
 test-amd64-i386-libvirt                                      blocked 
 test-armhf-armhf-xl-midway                                   pass    
 test-amd64-amd64-xl-multivcpu                                pass    
 test-arm64-arm64-xl-multivcpu                                blocked 
 test-armhf-armhf-xl-multivcpu                                pass    
 test-amd64-amd64-pair                                        pass    
 test-amd64-i386-pair                                         pass    
 test-amd64-amd64-libvirt-pair                                blocked 
 test-amd64-i386-libvirt-pair                                 blocked 
 test-amd64-amd64-amd64-pvgrub                                pass    
 test-amd64-amd64-i386-pvgrub                                 pass    
 test-amd64-amd64-pygrub                                      pass    
 test-arm64-arm64-libvirt-qcow2                               blocked 
 test-amd64-amd64-xl-qcow2                                    pass    
 test-armhf-armhf-libvirt-raw                                 blocked 
 test-amd64-i386-xl-raw                                       pass    
 test-amd64-amd64-xl-rtds                                     pass    
 test-arm64-arm64-xl-rtds                                     blocked 
 test-armhf-armhf-xl-rtds                                     pass    
 test-amd64-i386-xl-qemut-winxpsp3-vcpus1                     fail    
 test-amd64-i386-xl-qemuu-winxpsp3-vcpus1                     fail    
 test-amd64-amd64-libvirt-vhd                                 blocked 
 test-armhf-armhf-xl-vhd                                      pass    
 test-amd64-amd64-xl-qemut-winxpsp3                           fail    
 test-amd64-i386-xl-qemut-winxpsp3                            pass    
 test-amd64-amd64-xl-qemuu-winxpsp3                           pass    
 test-amd64-i386-xl-qemuu-winxpsp3                            pass    


------------------------------------------------------------
sg-report-flight on osstest.xs.citrite.net
logs: /home/osstest/logs
images: /home/osstest/images

Logs, config files, etc. are available at
    http://osstest.xs.citrite.net/~osstest/testlogs/logs

Test harness code can be found at
    http://xenbits.xensource.com/gitweb?p=osstest.git;a=summary

broken-step build-arm64 hosts-allocate
broken-step build-arm64-pvops hosts-allocate
broken-step build-arm64-xsm hosts-allocate
broken-step build-arm64 capture-logs
broken-step build-arm64-pvops capture-logs
broken-step build-arm64-xsm capture-logs

Push not applicable.

(No revision log; it would be 1375 lines long.)

_______________________________________________
Xen-devel mailing list
Xen-devel@lists.xen.org
https://lists.xen.org/xen-devel

Reply via email to