flight 110464 linux-linus real [real]
http://logs.test-lab.xenproject.org/osstest/logs/110464/

Regressions :-(

Tests which did not succeed and are blocking,
including tests which could not be run:
 test-amd64-amd64-xl-qemuu-win7-amd64 15 guest-localmigrate/x10 fail REGR. vs. 
110427
 test-amd64-i386-xl-qemuu-debianhvm-amd64-xsm 20 leak-check/check fail REGR. 
vs. 110427

Tests which did not succeed, but are not blocking:
 test-amd64-i386-xl-qemut-win7-amd64 16 guest-stop             fail like 110399
 test-armhf-armhf-libvirt-xsm 13 saverestore-support-check    fail  like 110427
 test-amd64-i386-xl-qemuu-win7-amd64 16 guest-stop             fail like 110427
 test-armhf-armhf-libvirt     13 saverestore-support-check    fail  like 110427
 test-amd64-amd64-xl-qemut-win7-amd64 15 guest-localmigrate/x10 fail like 110427
 test-armhf-armhf-libvirt-raw 12 saverestore-support-check    fail  like 110427
 test-amd64-amd64-xl-rtds      9 debian-install               fail  like 110427
 test-armhf-armhf-xl-rtds     15 guest-start/debian.repeat    fail  like 110427
 test-amd64-amd64-xl-qemut-ws16-amd64  9 windows-install        fail never pass
 test-amd64-amd64-libvirt     12 migrate-support-check        fail   never pass
 test-amd64-amd64-libvirt-qemuu-debianhvm-amd64-xsm 10 migrate-support-check 
fail never pass
 test-amd64-i386-libvirt      12 migrate-support-check        fail   never pass
 test-arm64-arm64-xl-xsm      12 migrate-support-check        fail   never pass
 test-arm64-arm64-xl-xsm      13 saverestore-support-check    fail   never pass
 test-amd64-i386-libvirt-xsm  12 migrate-support-check        fail   never pass
 test-arm64-arm64-xl          12 migrate-support-check        fail   never pass
 test-arm64-arm64-xl          13 saverestore-support-check    fail   never pass
 test-arm64-arm64-xl-credit2  12 migrate-support-check        fail   never pass
 test-arm64-arm64-xl-credit2  13 saverestore-support-check    fail   never pass
 test-armhf-armhf-xl-arndale  12 migrate-support-check        fail   never pass
 test-armhf-armhf-xl-arndale  13 saverestore-support-check    fail   never pass
 test-amd64-amd64-libvirt-vhd 11 migrate-support-check        fail   never pass
 test-amd64-amd64-qemuu-nested-amd 16 debian-hvm-install/l1/l2  fail never pass
 test-armhf-armhf-libvirt-xsm 12 migrate-support-check        fail   never pass
 test-amd64-amd64-libvirt-xsm 12 migrate-support-check        fail   never pass
 test-amd64-i386-libvirt-qemuu-debianhvm-amd64-xsm 10 migrate-support-check 
fail never pass
 test-amd64-amd64-xl-qemuu-ws16-amd64  9 windows-install        fail never pass
 test-armhf-armhf-libvirt     12 migrate-support-check        fail   never pass
 test-armhf-armhf-libvirt-raw 11 migrate-support-check        fail   never pass
 test-armhf-armhf-xl-xsm      12 migrate-support-check        fail   never pass
 test-armhf-armhf-xl-multivcpu 12 migrate-support-check        fail  never pass
 test-armhf-armhf-xl-xsm      13 saverestore-support-check    fail   never pass
 test-armhf-armhf-xl-multivcpu 13 saverestore-support-check    fail  never pass
 test-armhf-armhf-xl-credit2  12 migrate-support-check        fail   never pass
 test-armhf-armhf-xl-credit2  13 saverestore-support-check    fail   never pass
 test-armhf-armhf-xl          12 migrate-support-check        fail   never pass
 test-armhf-armhf-xl          13 saverestore-support-check    fail   never pass
 test-armhf-armhf-xl-cubietruck 12 migrate-support-check        fail never pass
 test-armhf-armhf-xl-cubietruck 13 saverestore-support-check    fail never pass
 test-arm64-arm64-libvirt-xsm 12 migrate-support-check        fail   never pass
 test-arm64-arm64-libvirt-xsm 13 saverestore-support-check    fail   never pass
 test-armhf-armhf-xl-rtds     12 migrate-support-check        fail   never pass
 test-armhf-armhf-xl-rtds     13 saverestore-support-check    fail   never pass
 test-armhf-armhf-xl-vhd      11 migrate-support-check        fail   never pass
 test-armhf-armhf-xl-vhd      12 saverestore-support-check    fail   never pass
 test-amd64-amd64-xl-qemuu-win10-i386  9 windows-install        fail never pass
 test-amd64-i386-xl-qemuu-win10-i386  9 windows-install         fail never pass
 test-amd64-i386-xl-qemut-win10-i386  9 windows-install         fail never pass
 test-amd64-amd64-xl-qemut-win10-i386  9 windows-install        fail never pass
 test-amd64-i386-xl-qemuu-ws16-amd64  9 windows-install         fail never pass
 test-amd64-i386-xl-qemut-ws16-amd64  9 windows-install         fail never pass

version targeted for testing:
 linux                a090bd4ff8387c409732a8e059fbf264ea0bdd56
baseline version:
 linux                63f700aab4c11d46626de3cd051dae56cf7e9056

Last test of basis   110427  2017-06-14 04:29:53 Z    2 days
Testing same since   110464  2017-06-15 09:46:34 Z    0 days    1 attempts

------------------------------------------------------------
People who touched revisions under test:
  Alexander Potapenko <gli...@google.com>
  Alexei Starovoitov <a...@kernel.org>
  Amir Vadai <a...@vadai.me>
  Andreas Pape <ap...@phoenixcontact.com>
  Andrew Bowers <andrewx.bow...@intel.com>
  Andy Gospodarek <a...@greyhouse.net>
  Antoine Tenart <antoine.ten...@free-electrons.com>
  Antoine Ténart <antoine.ten...@free-electrons.com>
  Arnd Bergmann <a...@arndb.de>
  Arvind Yadav <arvind.yadav...@gmail.com>
  Ashwanth Goli <ashwa...@codeaurora.org>
  ashwa...@codeaurora.org <ashwa...@codeaurora.org>
  Avraham Stern <avraham.st...@intel.com>
  Bjørn Mork <bj...@mork.no>
  Chanwoo Choi <cw00.c...@samsung.com>
  Christian Lamparter <chunk...@googlemail.com>
  Christian Perle <christian.pe...@secunet.com>
  Christophe JAILLET <christophe.jail...@wanadoo.fr>
  Cong Wang <xiyou.wangc...@gmail.com>
  Dan Carpenter <dan.carpen...@oracle.com>
  Daniel Borkmann <dan...@iogearbox.net>
  David Ahern <dsah...@gmail.com>
  David Miller <da...@davemloft.net>
  David S. Miller <da...@davemloft.net>
  Dominik Heidler <dheid...@suse.de>
  Donald Sharp <sha...@cumulusnetworks.com>
  Emmanuel Grumbach <emmanuel.grumb...@intel.com>
  Eric Dumazet <eduma...@google.com>
  Fabio Estevam <fabio.este...@nxp.com>
  Florian Fainelli <f.faine...@gmail.com>
  Hans Verkuil <hans.verk...@cisco.com>
  Hans Verkuil <hansv...@cisco.com>
  Hans Verkuil <hverk...@xs4all.nl>
  Herbert Xu <herb...@gondor.apana.org.au>
  Huy Nguyen <h...@mellanox.com>
  Jacob Keller <jacob.e.kel...@intel.com>
  Jamal Hadi Salim <j...@mojatatu.com>
  Jason A. Donenfeld <ja...@zx2c4.com>
  Jeff Kirsher <jeffrey.t.kirs...@intel.com>
  Jesper Dangaard Brouer <bro...@redhat.com>
  Jia-Ju Bai <baijiaju1...@163.com>
  Jiri Kosina <jkos...@suse.cz>
  Joe Perches <j...@perches.com>
  Johan Hovold <jo...@kernel.org>
  Johannes Berg <johannes.b...@intel.com>
  Johannes Hirte <johannes.hi...@datenkhaos.de>
  John Allen <jal...@linux.vnet.ibm.com>
  Karicheri, Muralidharan <m-kariche...@ti.com>
  Krister Johansen <k...@templeofstupid.com>
  Krzysztof Kozlowski <k...@kernel.org>
  Linus Torvalds <torva...@linux-foundation.org>
  Luca Coelho <luciano.coe...@intel.com>
  Lv Zheng <lv.zh...@intel.com>
  Magnus Damm <damm+rene...@opensource.se>
  Majd Dibbiny <m...@mellanox.com>
  Marc Kleine-Budde <m...@pengutronix.de>
  Marc Zyngier <marc.zyng...@arm.com>
  Marcelo Ricardo Leitner <marcelo.leit...@gmail.com>
  Mario Molitor <mario_moli...@web.de>
  Mateusz Jurczyk <mjurc...@google.com>
  Mauro Carvalho Chehab <mche...@s-opensource.com>
  Michael S. Tsirkin <m...@redhat.com>
  Michal Schmidt <mschm...@redhat.com>
  Mintz, Yuval <yuval.mi...@cavium.com>
  Mohamad Haj Yahia <moha...@mellanox.com>
  Murali Karicheri <m-kariche...@ti.com>
  MyungJoo Ham <myungjoo....@samsung.com>
  Netanel Belgazal <neta...@amazon.com>
  Nicolas Dichtel <nicolas.dich...@6wind.com>
  Nikolay Aleksandrov <niko...@cumulusnetworks.com>
  Oliver Hartkopp <socket...@hartkopp.net>
  Oliver Neukum <oneu...@suse.com>
  Philipp Zabel <p.za...@pengutronix.de>
  Philippe Reynes <trem...@gmail.com>
  Rafael J. Wysocki <rafael.j.wyso...@intel.com>
  Randy Dunlap <rdun...@infradead.org>
  Roopa Prabhu <ro...@cumulusnetworks.com>
  Saeed Mahameed <sae...@mellanox.com>
  Sean Young <s...@mess.org>
  Simon Wunderlich <s...@simonwunderlich.de>
  Stephane Grosjean <s.grosj...@peak-system.com>
  stephen hemminger <step...@networkplumber.org>
  Stephen Hemminger <sthem...@microsoft.com>
  Stephen Rothwell <s...@canb.auug.org.au>
  Sven Eckelmann <s...@narfation.org>
  Tal Gilboa <ta...@mellanox.com>
  Tayar, Tomer <tomer.ta...@cavium.com>
  Thibaut Collet <thibaut.col...@6wind.com>
  Thomas Petazzoni <thomas.petazz...@free-electrons.com>
  Tomasz Wilczyński <twilczyn...@naver.com>
  Tomer Tayar <tomer.ta...@cavium.com>
  Viresh Kumar <viresh.ku...@linaro.org>
  WANG Cong <xiyou.wangc...@gmail.com>
  Wei Yongjun <weiyongj...@huawei.com>
  Will Deacon <will.dea...@arm.com>
  Xin Long <lucien....@gmail.com>
  Yuval Mintz <yuval.mi...@cavium.com>

jobs:
 build-amd64-xsm                                              pass    
 build-arm64-xsm                                              pass    
 build-armhf-xsm                                              pass    
 build-i386-xsm                                               pass    
 build-amd64                                                  pass    
 build-arm64                                                  pass    
 build-armhf                                                  pass    
 build-i386                                                   pass    
 build-amd64-libvirt                                          pass    
 build-arm64-libvirt                                          pass    
 build-armhf-libvirt                                          pass    
 build-i386-libvirt                                           pass    
 build-amd64-pvops                                            pass    
 build-arm64-pvops                                            pass    
 build-armhf-pvops                                            pass    
 build-i386-pvops                                             pass    
 build-amd64-rumprun                                          pass    
 build-i386-rumprun                                           pass    
 test-amd64-amd64-xl                                          pass    
 test-arm64-arm64-xl                                          pass    
 test-armhf-armhf-xl                                          pass    
 test-amd64-i386-xl                                           pass    
 test-amd64-amd64-xl-qemut-debianhvm-amd64-xsm                pass    
 test-amd64-i386-xl-qemut-debianhvm-amd64-xsm                 pass    
 test-amd64-amd64-libvirt-qemuu-debianhvm-amd64-xsm           pass    
 test-amd64-i386-libvirt-qemuu-debianhvm-amd64-xsm            pass    
 test-amd64-amd64-xl-qemuu-debianhvm-amd64-xsm                pass    
 test-amd64-i386-xl-qemuu-debianhvm-amd64-xsm                 fail    
 test-amd64-amd64-xl-qemut-stubdom-debianhvm-amd64-xsm        pass    
 test-amd64-i386-xl-qemut-stubdom-debianhvm-amd64-xsm         pass    
 test-amd64-amd64-libvirt-xsm                                 pass    
 test-arm64-arm64-libvirt-xsm                                 pass    
 test-armhf-armhf-libvirt-xsm                                 pass    
 test-amd64-i386-libvirt-xsm                                  pass    
 test-amd64-amd64-xl-xsm                                      pass    
 test-arm64-arm64-xl-xsm                                      pass    
 test-armhf-armhf-xl-xsm                                      pass    
 test-amd64-i386-xl-xsm                                       pass    
 test-amd64-amd64-qemuu-nested-amd                            fail    
 test-amd64-amd64-xl-pvh-amd                                  pass    
 test-amd64-i386-qemut-rhel6hvm-amd                           pass    
 test-amd64-i386-qemuu-rhel6hvm-amd                           pass    
 test-amd64-amd64-xl-qemut-debianhvm-amd64                    pass    
 test-amd64-i386-xl-qemut-debianhvm-amd64                     pass    
 test-amd64-amd64-xl-qemuu-debianhvm-amd64                    pass    
 test-amd64-i386-xl-qemuu-debianhvm-amd64                     pass    
 test-amd64-i386-freebsd10-amd64                              pass    
 test-amd64-amd64-xl-qemuu-ovmf-amd64                         pass    
 test-amd64-i386-xl-qemuu-ovmf-amd64                          pass    
 test-amd64-amd64-rumprun-amd64                               pass    
 test-amd64-amd64-xl-qemut-win7-amd64                         fail    
 test-amd64-i386-xl-qemut-win7-amd64                          fail    
 test-amd64-amd64-xl-qemuu-win7-amd64                         fail    
 test-amd64-i386-xl-qemuu-win7-amd64                          fail    
 test-amd64-amd64-xl-qemut-ws16-amd64                         fail    
 test-amd64-i386-xl-qemut-ws16-amd64                          fail    
 test-amd64-amd64-xl-qemuu-ws16-amd64                         fail    
 test-amd64-i386-xl-qemuu-ws16-amd64                          fail    
 test-armhf-armhf-xl-arndale                                  pass    
 test-amd64-amd64-xl-credit2                                  pass    
 test-arm64-arm64-xl-credit2                                  pass    
 test-armhf-armhf-xl-credit2                                  pass    
 test-armhf-armhf-xl-cubietruck                               pass    
 test-amd64-amd64-examine                                     pass    
 test-arm64-arm64-examine                                     pass    
 test-armhf-armhf-examine                                     pass    
 test-amd64-i386-examine                                      pass    
 test-amd64-i386-freebsd10-i386                               pass    
 test-amd64-i386-rumprun-i386                                 pass    
 test-amd64-amd64-xl-qemut-win10-i386                         fail    
 test-amd64-i386-xl-qemut-win10-i386                          fail    
 test-amd64-amd64-xl-qemuu-win10-i386                         fail    
 test-amd64-i386-xl-qemuu-win10-i386                          fail    
 test-amd64-amd64-qemuu-nested-intel                          pass    
 test-amd64-amd64-xl-pvh-intel                                pass    
 test-amd64-i386-qemut-rhel6hvm-intel                         pass    
 test-amd64-i386-qemuu-rhel6hvm-intel                         pass    
 test-amd64-amd64-libvirt                                     pass    
 test-armhf-armhf-libvirt                                     pass    
 test-amd64-i386-libvirt                                      pass    
 test-amd64-amd64-xl-multivcpu                                pass    
 test-armhf-armhf-xl-multivcpu                                pass    
 test-amd64-amd64-pair                                        pass    
 test-amd64-i386-pair                                         pass    
 test-amd64-amd64-libvirt-pair                                pass    
 test-amd64-i386-libvirt-pair                                 pass    
 test-amd64-amd64-amd64-pvgrub                                pass    
 test-amd64-amd64-i386-pvgrub                                 pass    
 test-amd64-amd64-pygrub                                      pass    
 test-amd64-amd64-xl-qcow2                                    pass    
 test-armhf-armhf-libvirt-raw                                 pass    
 test-amd64-i386-xl-raw                                       pass    
 test-amd64-amd64-xl-rtds                                     fail    
 test-armhf-armhf-xl-rtds                                     fail    
 test-amd64-amd64-libvirt-vhd                                 pass    
 test-armhf-armhf-xl-vhd                                      pass    


------------------------------------------------------------
sg-report-flight on osstest.test-lab.xenproject.org
logs: /home/logs/logs
images: /home/logs/images

Logs, config files, etc. are available at
    http://logs.test-lab.xenproject.org/osstest/logs

Explanation of these reports, and of osstest in general, is at
    http://xenbits.xen.org/gitweb/?p=osstest.git;a=blob;f=README.email;hb=master
    http://xenbits.xen.org/gitweb/?p=osstest.git;a=blob;f=README;hb=master

Test harness code can be found at
    http://xenbits.xen.org/gitweb?p=osstest.git;a=summary


Not pushing.

(No revision log; it would be 2646 lines long.)

_______________________________________________
Xen-devel mailing list
Xen-devel@lists.xen.org
https://lists.xen.org/xen-devel

Reply via email to