flight 110380 linux-linus real [real]
http://logs.test-lab.xenproject.org/osstest/logs/110380/

Failures :-/ but no regressions.

Tests which are failing intermittently (not blocking):
 test-armhf-armhf-libvirt-xsm  5 xen-install      fail in 110346 pass in 110380
 test-amd64-i386-xl-qemuu-win7-amd64 15 guest-localmigrate/x10 fail in 110346 
pass in 110380
 test-armhf-armhf-xl-rtds     11 guest-start      fail in 110346 pass in 110380
 test-amd64-i386-xl-qemut-win7-amd64 15 guest-localmigrate/x10 fail pass in 
110346
 test-amd64-amd64-xl-qemuu-debianhvm-amd64 12 guest-saverestore fail pass in 
110346

Tests which did not succeed, but are not blocking:
 test-armhf-armhf-xl-rtds     16 guest-start.2           fail blocked in 110093
 test-amd64-i386-xl-qemuu-win7-amd64 17 guest-start/win.repeat fail blocked in 
110093
 test-amd64-i386-xl-qemut-win7-amd64 16 guest-stop   fail in 110346 like 110093
 test-amd64-amd64-xl-qemut-win7-amd64 15 guest-localmigrate/x10 fail like 110060
 test-armhf-armhf-libvirt-xsm 13 saverestore-support-check    fail  like 110093
 test-armhf-armhf-libvirt     13 saverestore-support-check    fail  like 110093
 test-amd64-amd64-xl-qemuu-win7-amd64 16 guest-stop            fail like 110093
 test-armhf-armhf-libvirt-raw 12 saverestore-support-check    fail  like 110093
 test-amd64-amd64-xl-rtds      9 debian-install               fail  like 110093
 test-amd64-amd64-xl-qemut-ws16-amd64  9 windows-install        fail never pass
 test-amd64-amd64-libvirt     12 migrate-support-check        fail   never pass
 test-amd64-amd64-xl-qemuu-ws16-amd64  9 windows-install        fail never pass
 test-amd64-amd64-libvirt-qemuu-debianhvm-amd64-xsm 10 migrate-support-check 
fail never pass
 test-amd64-i386-libvirt      12 migrate-support-check        fail   never pass
 test-arm64-arm64-xl-xsm      12 migrate-support-check        fail   never pass
 test-arm64-arm64-xl-xsm      13 saverestore-support-check    fail   never pass
 test-amd64-i386-libvirt-xsm  12 migrate-support-check        fail   never pass
 test-arm64-arm64-xl          12 migrate-support-check        fail   never pass
 test-arm64-arm64-xl          13 saverestore-support-check    fail   never pass
 test-arm64-arm64-xl-credit2  12 migrate-support-check        fail   never pass
 test-arm64-arm64-xl-credit2  13 saverestore-support-check    fail   never pass
 test-armhf-armhf-xl-arndale  12 migrate-support-check        fail   never pass
 test-armhf-armhf-xl-arndale  13 saverestore-support-check    fail   never pass
 test-amd64-amd64-libvirt-vhd 11 migrate-support-check        fail   never pass
 test-amd64-amd64-qemuu-nested-amd 16 debian-hvm-install/l1/l2  fail never pass
 test-armhf-armhf-libvirt-xsm 12 migrate-support-check        fail   never pass
 test-armhf-armhf-xl-credit2  12 migrate-support-check        fail   never pass
 test-armhf-armhf-xl-credit2  13 saverestore-support-check    fail   never pass
 test-amd64-amd64-libvirt-xsm 12 migrate-support-check        fail   never pass
 test-amd64-i386-libvirt-qemuu-debianhvm-amd64-xsm 10 migrate-support-check 
fail never pass
 test-armhf-armhf-libvirt     12 migrate-support-check        fail   never pass
 test-armhf-armhf-libvirt-raw 11 migrate-support-check        fail   never pass
 test-armhf-armhf-xl-xsm      12 migrate-support-check        fail   never pass
 test-armhf-armhf-xl-multivcpu 12 migrate-support-check        fail  never pass
 test-armhf-armhf-xl-xsm      13 saverestore-support-check    fail   never pass
 test-armhf-armhf-xl-multivcpu 13 saverestore-support-check    fail  never pass
 test-armhf-armhf-xl          12 migrate-support-check        fail   never pass
 test-armhf-armhf-xl          13 saverestore-support-check    fail   never pass
 test-armhf-armhf-xl-cubietruck 12 migrate-support-check        fail never pass
 test-armhf-armhf-xl-cubietruck 13 saverestore-support-check    fail never pass
 test-arm64-arm64-libvirt-xsm 12 migrate-support-check        fail   never pass
 test-arm64-arm64-libvirt-xsm 13 saverestore-support-check    fail   never pass
 test-armhf-armhf-xl-rtds     12 migrate-support-check        fail   never pass
 test-armhf-armhf-xl-rtds     13 saverestore-support-check    fail   never pass
 test-armhf-armhf-xl-vhd      11 migrate-support-check        fail   never pass
 test-armhf-armhf-xl-vhd      12 saverestore-support-check    fail   never pass
 test-amd64-amd64-xl-qemuu-win10-i386  9 windows-install        fail never pass
 test-amd64-i386-xl-qemuu-win10-i386  9 windows-install         fail never pass
 test-amd64-i386-xl-qemut-win10-i386  9 windows-install         fail never pass
 test-amd64-amd64-xl-qemut-win10-i386  9 windows-install        fail never pass
 test-amd64-i386-xl-qemuu-ws16-amd64  9 windows-install         fail never pass
 test-amd64-i386-xl-qemut-ws16-amd64  9 windows-install         fail never pass

version targeted for testing:
 linux                32c1431eea4881a6b17bd7c639315010aeefa452
baseline version:
 linux                b29794ec95c6856b316c2295904208bf11ffddd9

Last test of basis   110093  2017-06-07 17:29:08 Z    5 days
Failing since        110131  2017-06-08 17:30:38 Z    4 days    6 attempts
Testing same since   110346  2017-06-12 00:28:34 Z    1 days    2 attempts

------------------------------------------------------------
People who touched revisions under test:
  Adam Thomson <adam.thomson.opensou...@diasemi.com>
  Adrian Hunter <adrian.hun...@intel.com>
  Al Viro <v...@zeniv.linux.org.uk>
  Alan Stern <st...@rowland.harvard.edu>
  Alexander Potapenko <gli...@google.com>
  Alexander Sverdlin <alexander.sverd...@gmail.com>
  Alexandre Belloni <alexandre.bell...@free-electrons.com>
  Alexandre Courbot <gnu...@gmail.com>
  Andi Kleen <a...@linux.intel.com>
  Andrey Smirnov <andrew.smir...@gmail.com>
  Aneesh Kumar K.V <aneesh.ku...@linux.vnet.ibm.com>
  Anthony Bloodoff <anthony.blood...@gmail.com>
  Antoine Tenart <antoine.ten...@free-electrons.com>
  Anton Blanchard <an...@samba.org>
  Ard Biesheuvel <ard.biesheu...@linaro.org>
  Arnaldo Carvalho de Melo <a...@redhat.com>
  Arnd Bergmann <a...@arndb.de>
  Ben Skeggs <bske...@redhat.com>
  Benjamin Tissoires <benjamin.tissoi...@redhat.com>
  Bilal Amarni <bilal.ama...@gmail.com>
  Bill Kuzeja <william.kuz...@stratus.com>
  Bin Liu <b-...@ti.com>
  Borislav Petkov <b...@suse.de>
  Breno Leitao <lei...@debian.org>
  Chad Dupuis <chad.dup...@cavium.com>
  Charles Keepax <ckee...@opensource.wolfsonmicro.com>
  Chen-Yu Tsai <w...@csie.org>
  Chris Chiu <c...@endlessm.com>
  Chris Mason <c...@fb.com>
  Chris Wilson <ch...@chris-wilson.co.uk>
  Christian Borntraeger <borntrae...@de.ibm.com>
  Christian Sünkenberg <christian.suenkenb...@student.kit.edu>
  Christoffer Dall <cd...@linaro.org>
  Christoph Hellwig <h...@lst.de>
  Christophe JAILLET <christophe.jail...@wanadoo.fr>
  Christophe Leroy <christophe.le...@c-s.fr>
  CK Hu <ck...@mediatek.com>
  Colin Ian King <colin.k...@canonical.com>
  Dan Carpenter <dan.carpen...@oracle.com>
  Dan Williams <dan.j.willi...@intel.com>
  Daniel Drake <dr...@endlessm.com>
  Daniel Vetter <daniel.vet...@ffwll.ch>
  Daniel Vetter <daniel.vet...@intel.com>
  Dave Airlie <airl...@redhat.com>
  Dave Young <dyo...@redhat.com>
  David Howells <dhowe...@redhat.com>
  David Sterba <dste...@suse.com>
  Davidlohr Bueso <d...@stgolabs.net>
  Davidlohr Bueso <dbu...@suse.de>
  Dmitry Monakhov <dmonak...@openvz.org>
  Dmitry Torokhov <dmitry.torok...@gmail.com>
  Dominik Brodowski <li...@dominikbrodowski.net>
  Eduardo Molinas <edu.moli...@gmail.com>
  Eric Anholt <e...@anholt.net>
  Eric Biggers <ebigg...@google.com>
  Eryu Guan <eg...@redhat.com>
  Felipe Balbi <felipe.ba...@linux.intel.com>
  Fengguang Wu <fengguang...@intel.com>
  Florian Fainelli <f.faine...@gmail.com>
  Frank Haverkamp <ha...@linux.vnet.ibm.com>
  Franziska Naepelt <franziska.naep...@idt.com>
  Frederic Barrat <fbar...@linux.vnet.ibm.com>
  Gabriel Krisman Bertazi <gabr...@krisman.be>
  Geert Uytterhoeven <geert+rene...@glider.be>
  Gilad Ben-Yossef <gi...@benyossef.com>
  Giridhar Malavali <giridhar.malav...@cavium.com>
  Greg Kroah-Hartman <gre...@linuxfoundation.org>
  Gregory CLEMENT <gregory.clem...@free-electrons.com>
  Guenter Roeck <li...@roeck-us.net>
  Guilherme G. Piccoli <gpicc...@linux.vnet.ibm.com>
  Gustavo A. R. Silva <garsi...@embeddedor.com>
  Gustavo Romero <gusbrom...@gmail.com>
  H Hartley Sweeten <hswee...@visionengravers.com>
  Hans de Goede <hdego...@redhat.com>
  Heiko Stuebner <he...@sntech.de>
  Herbert Xu <herb...@gondor.apana.org.au>
  Himanshu Madhani <himanshu.madh...@cavium.com>
  himanshu.madh...@cavium.com <himanshu.madh...@cavium.com>
  Hiroyuki Yokoyama <hiroyuki.yokoyama...@renesas.com>
  Imre Deak <imre.d...@intel.com>
  Ingo Molnar <mi...@kernel.org>
  Jacopo Mondi <jacopo+rene...@jmondi.org>
  James Morris <james.l.mor...@oracle.com>
  James Smart  <james.sm...@broadcom.com>
  James Smart <james.sm...@broadcom.com>
  James Smart <jsmart2...@gmail.com>
  James Wang <jnw...@suse.com>
  Jan Kara <j...@suse.cz>
  Jani Nikula <jani.nik...@intel.com>
  Jason A. Donenfeld <ja...@zx2c4.com>
  Jason Cooper <ja...@lakedaemon.net>
  Javier Martinez Canillas <jav...@dowhile0.org>
  Jeff Mahoney <je...@suse.com>
  Jens Axboe <ax...@fb.com>
  Jeremy Kerr <j...@ozlabs.org>
  Jeremy Linton <lintonrjer...@gmail.com>
  Jessica Yu <j...@redhat.com>
  Jin Yao <yao....@linux.intel.com>
  Jiri Olsa <jo...@kernel.org>
  Jiri Olsa <jo...@redhat.com>
  Jisheng Zhang <jszh...@marvell.com>
  Joe Carnuccio <joe.carnuc...@cavium.com>
  Joe Carnuccio <joe.carnuc...@qlogic.com>
  Joel Stanley <j...@jms.id.au>
  Joerg Roedel <jroe...@suse.de>
  Johannes Thumshirn <jthumsh...@suse.de>
  John L. Hammond <john.hamm...@intel.com>
  John Stultz <john.stu...@linaro.org>
  Jon Bloomfield <jon.bloomfi...@intel.com>
  Jonas Aaberg <c...@gmx.net>
  Jonathan Cameron <ji...@kernel.org>
  Joseph Qi <qijiang...@alibaba-inc.com>
  Juergen Gross <jgr...@suse.com>
  Julien Grall <julien.gr...@arm.com>
  Julius Werner <jwer...@chromium.org>
  Kai Chen <kai.c...@intel.com>
  Kai-Heng Feng <kai.heng.f...@canonical.com>
  Kim Phillips <kim.phill...@arm.com>
  Kishon Vijay Abraham I <kis...@ti.com>
  Konstantin Khlebnikov <khlebni...@yandex-team.ru>
  Krzysztof Kozlowski <k...@kernel.org>
  Kuninori Morimoto <kuninori.morimoto...@renesas.com>
  Laurence Oberman <lober...@redhat.com>
  Laurent Pinchart <laurent.pinchart+rene...@ideasonboard.com>
  Lee Tibbert <lee.tibb...@gmail.com>
  Leonard Crestez <leonard.cres...@nxp.com>
  Linus Torvalds <torva...@linux-foundation.org>
  Linus Walleij <linus.wall...@linaro.org>
  Liu Bo <bo.li....@oracle.com>
  Loganaden Velvindron <lo...@hackers.mu>
  Lorenzo Pieralisi <lorenzo.pieral...@arm.com>
  Lucas Stach <l.st...@pengutronix.de>
  Maarten Lankhorst <maarten.lankho...@linux.intel.com>
  Madhavan Srinivasan <ma...@linux.vnet.ibm.com>
  Magnus Damn <magnus.d...@gmail.com>
  Marc Zyngier <marc.zyng...@arm.com>
  Marcin Niestroj <m.niest...@grinn-global.com>
  Marco Piazza <mpia...@gmail.com>
  Marek Vasut <ma...@denx.de>
  Mark Brown <broo...@kernel.org>
  Mark Rutland <mark.rutl...@arm.com>
  Mark Yao <mark....@rock-chips.com>
  Markus Elfring <elfr...@users.sourceforge.net>
  Martin Blumenstingl <martin.blumensti...@googlemail.com>
  Martin K. Petersen <martin.peter...@oracle.com>
  Masahiro Yamada <yamada.masah...@socionext.com>
  Masami Hiramatsu <mhira...@kernel.org>
  Mat Martineau <mathew.j.martin...@linux.intel.com>
  Matt Ranostay <matt.ranos...@konsulko.com>
  Maurizio Lombardi <mlomb...@redhat.com>
  Michael Bringmann <m...@linux.vnet.ibm.com>
  Michael Ellerman <m...@ellerman.id.au>
  Michael Thalmeier <michael.thalme...@hale.at>
  Michal Wajdeczko <michal.wajdec...@intel.com>
  Mika Kahola <mika.kah...@intel.com>
  Milian Wolff <milian.wo...@kdab.com>
  Ming Lei <ming....@redhat.com>
  Murali Karicheri <m-kariche...@ti.com>
  Nagaraju, Vathsala <vathsala.nagar...@intel.com>
  Namhyung Kim <namhy...@kernel.org>
  Nate Watterson <nwatt...@codeaurora.org>
  Neil Armstrong <narmstr...@baylibre.com>
  NeilBrown <ne...@suse.com>
  Nicholas Piggin <npig...@gmail.com>
  Nickey Yang <nickey.y...@rock-chips.com>
  Nicolas Ferre <nicolas.fe...@microchip.com>
  Oleg Drokin <gr...@linuxhacker.ru>
  Olof Johansson <o...@lixom.net>
  Omar Sandoval <osan...@fb.com>
  Paolo Bonzini <pbonz...@redhat.com>
  Paolo Valente <paolo.vale...@linaro.org>
  Pardha Saradhi K <pardha.saradhi.kesaprag...@intel.com>
  Patrice Chotard <patrice.chot...@st.com>
  Paul E. McKenney <paul...@linux.vnet.ibm.com>
  Peter Chen <peter.c...@nxp.com>
  Peter Meerwald-Stadler <pme...@pmeerw.net>
  Peter Zijlstra (Intel) <pet...@infradead.org>
  Petr Mladek <pmla...@suse.com>
  Phil Elwell <p...@raspberrypi.org>
  Philipp Zabel <p.za...@pengutronix.de>
  Pratyush Anand <pan...@redhat.com>
  Qu Wenruo <quwen...@cn.fujitsu.com>
  Quentin Schulz <quentin.sch...@free-electrons.com>
  Quinn Tran <quinn.t...@cavium.com>
  Radim Krčmář <rkrc...@redhat.com>
  Rafael J. Wysocki <rafael.j.wyso...@intel.com>
  Rakesh Pandit <rak...@tuxera.com>
  Raphael Silva <rapha...@linux.vnet.ibm.com>
  Raveendra Padasalagi <raveendra.padasal...@broadcom.com>
  Ravi Bangoria <ravi.bango...@linux.vnet.ibm.com>
  Richard Genoud <richard.gen...@gmail.com>
  Richard Kuo <r...@codeaurora.org>
  Rob Herring <r...@kernel.org>
  Robin Murphy <robin.mur...@arm.com>
  Rodrigo Vivi <rodrigo.v...@intel.com>
  Ryan Mallon <rmal...@gmail.com>
  Sagi Grimberg <s...@grimberg.me>
  Santosh Shilimkar <ssant...@kernel.org>
  Sawan Chandak <sawan.chan...@cavium.com>
  Sean Paul <seanp...@chromium.org>
  Sebastian Andrzej Siewior <bige...@linutronix.de>
  Sekhar Nori <nsek...@ti.com>
  SeongJae Park <sj38.p...@gmail.com>
  Sergey Senozhatsky <sergey.senozhat...@gmail.com>
  Shaohua Li <s...@fb.com>
  Shreyas NC <shreyas...@intel.com>
  Shriya <shri...@linux.vnet.ibm.com>
  Sinclair Yeh <s...@vmware.com>
  Sodhi, VunnyX <vunnyx.so...@intel.com>
  Sricharan R <sricha...@codeaurora.org>
  Stefan Agner <ste...@agner.ch>
  Stephan Mueller <smuel...@chronox.de>
  Steve Longerbeam <steve_longerb...@mentor.com>
  Su Yue <suy.f...@cn.fujitsu.com>
  Subhransu S. Prusty <subhransu.s.pru...@intel.com>
  Tahsin Erdogan <tah...@google.com>
  Takashi Iwai <ti...@suse.de>
  Tero Kristo <t-kri...@ti.com>
  Theodore Ts'o <ty...@mit.edu>
  Thinh Nguyen <thinh.ngu...@synopsys.com>
  Thinh Nguyen <thi...@synopsys.com>
  Thomas Gleixner <t...@linutronix.de>
  Thomas Hellstrom <thellst...@vmware.com>
  Thomas Petazzoni <thomas.petazz...@free-electrons.com>
  Tomas Konir <tomas.ko...@gmail.com>
  Tomas Winkler <tomas.wink...@intel.com>
  Tony Lindgren <t...@atomide.com>
  Tvrtko Ursulin <tvrtko.ursu...@intel.com>
  Ulrik De Bie <ulrik.debie...@e2big.org>
  Vaibhav Jain <vaib...@linux.vnet.ibm.com>
  Varun Prakash <va...@chelsio.com>
  vathsala nagaraju <vathsala.nagar...@intel.com>
  Ville Syrjälä <ville.syrj...@linux.intel.com>
  Vinod Koul <vinod.k...@intel.com>
  Vladis Dronov <vdro...@redhat.com>
  Wanpeng Li <wanpeng...@hotmail.com>
  Wei Yongjun <weiyongj...@huawei.com>
  Will Deacon <will.dea...@arm.com>
  Yasir Auleear <yasi...@hackers.mu>
  Yifeng Li <to...@tomli.me>
  Yoshihiro Shimoda <yoshihiro.shimoda...@renesas.com>
  YYS <nickey.y...@rock-chips.com>

jobs:
 build-amd64-xsm                                              pass    
 build-arm64-xsm                                              pass    
 build-armhf-xsm                                              pass    
 build-i386-xsm                                               pass    
 build-amd64                                                  pass    
 build-arm64                                                  pass    
 build-armhf                                                  pass    
 build-i386                                                   pass    
 build-amd64-libvirt                                          pass    
 build-arm64-libvirt                                          pass    
 build-armhf-libvirt                                          pass    
 build-i386-libvirt                                           pass    
 build-amd64-pvops                                            pass    
 build-arm64-pvops                                            pass    
 build-armhf-pvops                                            pass    
 build-i386-pvops                                             pass    
 build-amd64-rumprun                                          pass    
 build-i386-rumprun                                           pass    
 test-amd64-amd64-xl                                          pass    
 test-arm64-arm64-xl                                          pass    
 test-armhf-armhf-xl                                          pass    
 test-amd64-i386-xl                                           pass    
 test-amd64-amd64-xl-qemut-debianhvm-amd64-xsm                pass    
 test-amd64-i386-xl-qemut-debianhvm-amd64-xsm                 pass    
 test-amd64-amd64-libvirt-qemuu-debianhvm-amd64-xsm           pass    
 test-amd64-i386-libvirt-qemuu-debianhvm-amd64-xsm            pass    
 test-amd64-amd64-xl-qemuu-debianhvm-amd64-xsm                pass    
 test-amd64-i386-xl-qemuu-debianhvm-amd64-xsm                 pass    
 test-amd64-amd64-xl-qemut-stubdom-debianhvm-amd64-xsm        pass    
 test-amd64-i386-xl-qemut-stubdom-debianhvm-amd64-xsm         pass    
 test-amd64-amd64-libvirt-xsm                                 pass    
 test-arm64-arm64-libvirt-xsm                                 pass    
 test-armhf-armhf-libvirt-xsm                                 pass    
 test-amd64-i386-libvirt-xsm                                  pass    
 test-amd64-amd64-xl-xsm                                      pass    
 test-arm64-arm64-xl-xsm                                      pass    
 test-armhf-armhf-xl-xsm                                      pass    
 test-amd64-i386-xl-xsm                                       pass    
 test-amd64-amd64-qemuu-nested-amd                            fail    
 test-amd64-amd64-xl-pvh-amd                                  pass    
 test-amd64-i386-qemut-rhel6hvm-amd                           pass    
 test-amd64-i386-qemuu-rhel6hvm-amd                           pass    
 test-amd64-amd64-xl-qemut-debianhvm-amd64                    pass    
 test-amd64-i386-xl-qemut-debianhvm-amd64                     pass    
 test-amd64-amd64-xl-qemuu-debianhvm-amd64                    fail    
 test-amd64-i386-xl-qemuu-debianhvm-amd64                     pass    
 test-amd64-i386-freebsd10-amd64                              pass    
 test-amd64-amd64-xl-qemuu-ovmf-amd64                         pass    
 test-amd64-i386-xl-qemuu-ovmf-amd64                          pass    
 test-amd64-amd64-rumprun-amd64                               pass    
 test-amd64-amd64-xl-qemut-win7-amd64                         fail    
 test-amd64-i386-xl-qemut-win7-amd64                          fail    
 test-amd64-amd64-xl-qemuu-win7-amd64                         fail    
 test-amd64-i386-xl-qemuu-win7-amd64                          fail    
 test-amd64-amd64-xl-qemut-ws16-amd64                         fail    
 test-amd64-i386-xl-qemut-ws16-amd64                          fail    
 test-amd64-amd64-xl-qemuu-ws16-amd64                         fail    
 test-amd64-i386-xl-qemuu-ws16-amd64                          fail    
 test-armhf-armhf-xl-arndale                                  pass    
 test-amd64-amd64-xl-credit2                                  pass    
 test-arm64-arm64-xl-credit2                                  pass    
 test-armhf-armhf-xl-credit2                                  pass    
 test-armhf-armhf-xl-cubietruck                               pass    
 test-amd64-amd64-examine                                     pass    
 test-arm64-arm64-examine                                     pass    
 test-armhf-armhf-examine                                     pass    
 test-amd64-i386-examine                                      pass    
 test-amd64-i386-freebsd10-i386                               pass    
 test-amd64-i386-rumprun-i386                                 pass    
 test-amd64-amd64-xl-qemut-win10-i386                         fail    
 test-amd64-i386-xl-qemut-win10-i386                          fail    
 test-amd64-amd64-xl-qemuu-win10-i386                         fail    
 test-amd64-i386-xl-qemuu-win10-i386                          fail    
 test-amd64-amd64-qemuu-nested-intel                          pass    
 test-amd64-amd64-xl-pvh-intel                                pass    
 test-amd64-i386-qemut-rhel6hvm-intel                         pass    
 test-amd64-i386-qemuu-rhel6hvm-intel                         pass    
 test-amd64-amd64-libvirt                                     pass    
 test-armhf-armhf-libvirt                                     pass    
 test-amd64-i386-libvirt                                      pass    
 test-amd64-amd64-xl-multivcpu                                pass    
 test-armhf-armhf-xl-multivcpu                                pass    
 test-amd64-amd64-pair                                        pass    
 test-amd64-i386-pair                                         pass    
 test-amd64-amd64-libvirt-pair                                pass    
 test-amd64-i386-libvirt-pair                                 pass    
 test-amd64-amd64-amd64-pvgrub                                pass    
 test-amd64-amd64-i386-pvgrub                                 pass    
 test-amd64-amd64-pygrub                                      pass    
 test-amd64-amd64-xl-qcow2                                    pass    
 test-armhf-armhf-libvirt-raw                                 pass    
 test-amd64-i386-xl-raw                                       pass    
 test-amd64-amd64-xl-rtds                                     fail    
 test-armhf-armhf-xl-rtds                                     fail    
 test-amd64-amd64-libvirt-vhd                                 pass    
 test-armhf-armhf-xl-vhd                                      pass    


------------------------------------------------------------
sg-report-flight on osstest.test-lab.xenproject.org
logs: /home/logs/logs
images: /home/logs/images

Logs, config files, etc. are available at
    http://logs.test-lab.xenproject.org/osstest/logs

Explanation of these reports, and of osstest in general, is at
    http://xenbits.xen.org/gitweb/?p=osstest.git;a=blob;f=README.email;hb=master
    http://xenbits.xen.org/gitweb/?p=osstest.git;a=blob;f=README;hb=master

Test harness code can be found at
    http://xenbits.xen.org/gitweb?p=osstest.git;a=summary


Pushing revision :

+ branch=linux-linus
+ revision=32c1431eea4881a6b17bd7c639315010aeefa452
+ . ./cri-lock-repos
++ . ./cri-common
+++ . ./cri-getconfig
+++ umask 002
+++ getrepos
++++ getconfig Repos
++++ perl -e '
                use Osstest;
                readglobalconfig();
                print $c{"Repos"} or die $!;
        '
+++ local repos=/home/osstest/repos
+++ '[' -z /home/osstest/repos ']'
+++ '[' '!' -d /home/osstest/repos ']'
+++ echo /home/osstest/repos
++ repos=/home/osstest/repos
++ repos_lock=/home/osstest/repos/lock
++ '[' x '!=' x/home/osstest/repos/lock ']'
++ OSSTEST_REPOS_LOCK_LOCKED=/home/osstest/repos/lock
++ exec with-lock-ex -w /home/osstest/repos/lock ./ap-push linux-linus 
32c1431eea4881a6b17bd7c639315010aeefa452
+ branch=linux-linus
+ revision=32c1431eea4881a6b17bd7c639315010aeefa452
+ . ./cri-lock-repos
++ . ./cri-common
+++ . ./cri-getconfig
+++ umask 002
+++ getrepos
++++ getconfig Repos
++++ perl -e '
                use Osstest;
                readglobalconfig();
                print $c{"Repos"} or die $!;
        '
+++ local repos=/home/osstest/repos
+++ '[' -z /home/osstest/repos ']'
+++ '[' '!' -d /home/osstest/repos ']'
+++ echo /home/osstest/repos
++ repos=/home/osstest/repos
++ repos_lock=/home/osstest/repos/lock
++ '[' x/home/osstest/repos/lock '!=' x/home/osstest/repos/lock ']'
+ . ./cri-common
++ . ./cri-getconfig
++ umask 002
+ select_xenbranch
+ case "$branch" in
+ tree=linux
+ xenbranch=xen-unstable
+ '[' xlinux = xlinux ']'
+ linuxbranch=linux-linus
+ '[' x = x ']'
+ qemuubranch=qemu-upstream-unstable
+ select_prevxenbranch
++ ./cri-getprevxenbranch xen-unstable
+ prevxenbranch=xen-4.9-testing
+ '[' x32c1431eea4881a6b17bd7c639315010aeefa452 = x ']'
+ : tested/2.6.39.x
+ . ./ap-common
++ : osst...@xenbits.xen.org
+++ getconfig OsstestUpstream
+++ perl -e '
                use Osstest;
                readglobalconfig();
                print $c{"OsstestUpstream"} or die $!;
        '
++ :
++ : git://xenbits.xen.org/xen.git
++ : osst...@xenbits.xen.org:/home/xen/git/xen.git
++ : git://xenbits.xen.org/qemu-xen-traditional.git
++ : git://git.kernel.org
++ : git://git.kernel.org/pub/scm/linux/kernel/git
++ : git
++ : git://xenbits.xen.org/xtf.git
++ : osst...@xenbits.xen.org:/home/xen/git/xtf.git
++ : git://xenbits.xen.org/xtf.git
++ : git://xenbits.xen.org/libvirt.git
++ : osst...@xenbits.xen.org:/home/xen/git/libvirt.git
++ : git://xenbits.xen.org/libvirt.git
++ : git://xenbits.xen.org/osstest/rumprun.git
++ : git
++ : git://xenbits.xen.org/osstest/rumprun.git
++ : osst...@xenbits.xen.org:/home/xen/git/osstest/rumprun.git
++ : git://git.seabios.org/seabios.git
++ : osst...@xenbits.xen.org:/home/xen/git/osstest/seabios.git
++ : git://xenbits.xen.org/osstest/seabios.git
++ : https://github.com/tianocore/edk2.git
++ : osst...@xenbits.xen.org:/home/xen/git/osstest/ovmf.git
++ : git://xenbits.xen.org/osstest/ovmf.git
++ : git://xenbits.xen.org/osstest/linux-firmware.git
++ : osst...@xenbits.xen.org:/home/osstest/ext/linux-firmware.git
++ : git://git.kernel.org/pub/scm/linux/kernel/git/firmware/linux-firmware.git
++ : osst...@xenbits.xen.org:/home/xen/git/linux-pvops.git
++ : git://xenbits.xen.org/linux-pvops.git
++ : tested/linux-3.14
++ : tested/linux-arm-xen
++ '[' xgit://git.kernel.org/pub/scm/linux/kernel/git/torvalds/linux-2.6.git = 
x ']'
++ '[' xgit://git.kernel.org/pub/scm/linux/kernel/git/torvalds/linux-2.6.git = 
x ']'
++ : git://git.kernel.org/pub/scm/linux/kernel/git/konrad/xen.git
++ : tested/2.6.39.x
++ : daily-cron.linux-linus
++ : daily-cron.linux-linus
++ : daily-cron.linux-linus
++ : daily-cron.linux-linus
++ : daily-cron.linux-linus
++ : daily-cron.linux-linus
++ : daily-cron.linux-linus
++ : http://hg.uk.xensource.com/carbon/trunk/linux-2.6.27
++ : git://xenbits.xen.org/qemu-xen.git
++ : osst...@xenbits.xen.org:/home/xen/git/qemu-xen.git
++ : daily-cron.linux-linus
++ : git://xenbits.xen.org/qemu-xen.git
++ : git://git.qemu.org/qemu.git
+ TREE_LINUX=osst...@xenbits.xen.org:/home/xen/git/linux-pvops.git
+ TREE_QEMU_UPSTREAM=osst...@xenbits.xen.org:/home/xen/git/qemu-xen.git
+ TREE_XEN=osst...@xenbits.xen.org:/home/xen/git/xen.git
+ TREE_LIBVIRT=osst...@xenbits.xen.org:/home/xen/git/libvirt.git
+ TREE_RUMPRUN=osst...@xenbits.xen.org:/home/xen/git/osstest/rumprun.git
+ TREE_SEABIOS=osst...@xenbits.xen.org:/home/xen/git/osstest/seabios.git
+ TREE_OVMF=osst...@xenbits.xen.org:/home/xen/git/osstest/ovmf.git
+ TREE_XTF=osst...@xenbits.xen.org:/home/xen/git/xtf.git
+ info_linux_tree linux-linus
+ case $1 in
+ : git://git.kernel.org/pub/scm/linux/kernel/git/torvalds/linux-2.6.git
+ : master
+ : git
+ : git
+ : git://xenbits.xen.org/linux-pvops.git
+ : osst...@xenbits.xen.org:/home/xen/git/linux-pvops.git
+ : tested/linux-linus
+ : refs/heads/tested/linux-linus
+ return 0
+ cd /home/osstest/repos/linux
+ git push osst...@xenbits.xen.org:/home/xen/git/linux-pvops.git 
32c1431eea4881a6b17bd7c639315010aeefa452:refs/heads/tested/linux-linus
To osst...@xenbits.xen.org:/home/xen/git/linux-pvops.git
   b29794e..32c1431  32c1431eea4881a6b17bd7c639315010aeefa452 -> 
tested/linux-linus
+ exit 0

_______________________________________________
Xen-devel mailing list
Xen-devel@lists.xen.org
https://lists.xen.org/xen-devel

Reply via email to