flight 110025 linux-linus real [real]
http://logs.test-lab.xenproject.org/osstest/logs/110025/

Regressions :-(

Tests which did not succeed and are blocking,
including tests which could not be run:
 build-arm64-pvops             4 host-build-prep          fail REGR. vs. 109994
 test-amd64-i386-libvirt-pair 15 debian-install/dst_host  fail REGR. vs. 109994
 build-armhf-pvops             4 host-build-prep          fail REGR. vs. 109994
 test-amd64-amd64-xl-qemuu-ovmf-amd64 9 debian-hvm-install fail REGR. vs. 109994

Tests which did not succeed, but are not blocking:
 test-arm64-arm64-libvirt-xsm  1 build-check(1)               blocked  n/a
 test-armhf-armhf-xl-multivcpu  1 build-check(1)               blocked  n/a
 test-armhf-armhf-libvirt      1 build-check(1)               blocked  n/a
 test-arm64-arm64-xl           1 build-check(1)               blocked  n/a
 test-armhf-armhf-libvirt-raw  1 build-check(1)               blocked  n/a
 test-arm64-arm64-examine      1 build-check(1)               blocked  n/a
 test-armhf-armhf-examine      1 build-check(1)               blocked  n/a
 test-armhf-armhf-xl           1 build-check(1)               blocked  n/a
 test-armhf-armhf-xl-vhd       1 build-check(1)               blocked  n/a
 test-arm64-arm64-xl-credit2   1 build-check(1)               blocked  n/a
 test-armhf-armhf-xl-credit2   1 build-check(1)               blocked  n/a
 test-armhf-armhf-xl-cubietruck  1 build-check(1)               blocked  n/a
 test-armhf-armhf-xl-rtds      1 build-check(1)               blocked  n/a
 test-armhf-armhf-xl-arndale   1 build-check(1)               blocked  n/a
 test-armhf-armhf-libvirt-xsm  1 build-check(1)               blocked  n/a
 test-armhf-armhf-xl-xsm       1 build-check(1)               blocked  n/a
 test-arm64-arm64-xl-xsm       1 build-check(1)               blocked  n/a
 test-amd64-amd64-xl-qemut-win7-amd64 16 guest-stop      fail blocked in 109994
 test-amd64-amd64-xl-qemuu-win7-amd64 15 guest-localmigrate/x10 fail like 109963
 test-amd64-i386-xl-qemut-win7-amd64 16 guest-stop             fail like 109963
 test-amd64-i386-xl-qemuu-win7-amd64 16 guest-stop             fail like 109994
 test-amd64-amd64-xl-rtds      9 debian-install               fail  like 109994
 test-amd64-amd64-xl-qemut-ws16-amd64  9 windows-install        fail never pass
 test-amd64-i386-libvirt      12 migrate-support-check        fail   never pass
 test-amd64-i386-libvirt-xsm  12 migrate-support-check        fail   never pass
 test-amd64-amd64-xl-qemuu-ws16-amd64  9 windows-install        fail never pass
 test-amd64-amd64-libvirt     12 migrate-support-check        fail   never pass
 test-amd64-amd64-libvirt-qemuu-debianhvm-amd64-xsm 10 migrate-support-check 
fail never pass
 test-amd64-i386-libvirt-qemuu-debianhvm-amd64-xsm 10 migrate-support-check 
fail never pass
 test-amd64-amd64-libvirt-vhd 11 migrate-support-check        fail   never pass
 test-amd64-amd64-qemuu-nested-amd 16 debian-hvm-install/l1/l2  fail never pass
 test-amd64-amd64-libvirt-xsm 12 migrate-support-check        fail   never pass
 test-amd64-i386-xl-qemuu-win10-i386  9 windows-install         fail never pass
 test-amd64-i386-xl-qemut-win10-i386  9 windows-install         fail never pass
 test-amd64-i386-xl-qemuu-ws16-amd64  9 windows-install         fail never pass
 test-amd64-amd64-xl-qemut-win10-i386  9 windows-install        fail never pass
 test-amd64-i386-xl-qemut-ws16-amd64  9 windows-install         fail never pass
 test-amd64-amd64-xl-qemuu-win10-i386  9 windows-install        fail never pass

version targeted for testing:
 linux                ba7b2387ad239a519041f2a2d35a1902bdd03dfb
baseline version:
 linux                ea094f3c830a67f252677aacba5d04ebcf55c4d9

Last test of basis   109994  2017-06-04 10:33:35 Z    2 days
Failing since        110006  2017-06-05 02:17:35 Z    1 days    3 attempts
Testing same since   110025  2017-06-06 04:08:02 Z    0 days    1 attempts

------------------------------------------------------------
People who touched revisions under test:
  Alexandre Belloni <alexandre.bell...@free-electrons.com>
  Andi Shyti <andi.sh...@samsung.com>
  Andrew Lunn <and...@lunn.ch>
  Ard Biesheuvel <ard.biesheu...@linaro.org>
  Artem Savkov <asav...@redhat.com>
  Artemy Kovalyov <artem...@mellanox.com>
  Arun Easi <arun.e...@cavium.com>
  Arvind Yadav <arvind.yadav...@gmail.com>
  Benjamin Coddington <bcodd...@redhat.com>
  Benjamin Tissoires <benjamin.tissoi...@redhat.com>
  Byczkowski, Jakub <jakub.byczkow...@intel.com>
  Damian Ivanov <damianator...@gmail.com>
  Dan Carpenter <dan.carpen...@oracle.com>
  Dennis Dalessandro <dennis.dalessan...@intel.com>
  Dmitry Torokhov <dmitry.torok...@gmail.com>
  Doug Ledford <dledf...@redhat.com>
  Eric Biggers <ebigg...@google.com>
  Eryu Guan <eg...@redhat.com>
  Ganesh Goudar <ganes...@chelsio.com>
  Greg Kroah-Hartman <gre...@linuxfoundation.org>
  Gregory CLEMENT <gregory.clem...@free-electrons.com>
  Gustavo A. R. Silva <garsi...@embeddedor.com>
  Hans de Goede <hdego...@redhat.com>
  Henry Orosco <henry.oro...@intel.com>
  Honggang Li <ho...@redhat.com>
  Israel Rukshin <isra...@mellanox.com>
  Jack Morgenstein <ja...@dev.mellanox.co.il>
  Jaechul Lee <jcsing....@samsung.com>
  Jakub Byczkowski <jakub.byczkow...@intel.com>
  Jan Kara <j...@suse.cz>
  Leon Romanovsky <l...@kernel.org>
  Leon Romanovsky <leo...@mellanox.com>
  Linus Torvalds <torva...@linux-foundation.org>
  Majd Dibbiny <m...@mellanox.com>
  Manish Rangankar <manish.rangan...@cavium.com>
  manish.rangan...@cavium.com <manish.rangan...@cavium.com>
  Markus Elfring <elfr...@users.sourceforge.net>
  Martin K. Petersen <martin.peter...@oracle.com>
  Max Gurtovoy <m...@mellanox.com>
  Mike Marciniszyn <mike.marcinis...@intel.com>
  Mustafa Ismail <mustafa.ism...@intel.com>
  Mustafa Ismail <mustafa.ismail@intelcom>
  NeilBrown <ne...@suse.com>
  Nicolas Pitre <n...@linaro.org>
  Nilesh Javali <nilesh.jav...@cavium.com>
  Olga Kornievskaia <ko...@netapp.com>
  Potnuri Bharat Teja <bha...@chelsio.com>
  Qing Huang <qing.hu...@oracle.com>
  Raju Rangoju <ra...@chelsio.com>
  Ram Amrani <ram.amr...@cavium.com>
  Richard Narron <comet.berke...@gmail.com>
  Russell King <rmk+ker...@armlinux.org.uk>
  Shiraz Saleem <shiraz.sal...@intel.com>
  Steve Wise <sw...@opengridcomputing.com>
  Steven L Roberts <rober...@gmail.com>
  Steven L. Roberts <rober...@gmail.com>
  Sudeep Holla <sudeep.ho...@arm.com>
  Sui Chen <suich...@gmail.com>
  Tadeusz Struk <tadeusz.st...@intel.com>
  Tatyana Nikolova <tatyana.e.nikol...@intel.com>
  Tejun Heo <t...@kernel.org>
  Thomas Petazzoni <thomas.petazz...@free-electrons.com>
  Trond Myklebust <trond.mykleb...@primarydata.com>
  Varun Prakash <va...@chelsio.com>
  Vegard Nossum <vegard.nos...@oracle.com>
  Vladimir Murzin <vladimir.mur...@arm.com>
  Waiman Long <long...@redhat.com>

jobs:
 build-amd64-xsm                                              pass    
 build-arm64-xsm                                              pass    
 build-armhf-xsm                                              pass    
 build-i386-xsm                                               pass    
 build-amd64                                                  pass    
 build-arm64                                                  pass    
 build-armhf                                                  pass    
 build-i386                                                   pass    
 build-amd64-libvirt                                          pass    
 build-arm64-libvirt                                          pass    
 build-armhf-libvirt                                          pass    
 build-i386-libvirt                                           pass    
 build-amd64-pvops                                            pass    
 build-arm64-pvops                                            broken  
 build-armhf-pvops                                            broken  
 build-i386-pvops                                             pass    
 build-amd64-rumprun                                          pass    
 build-i386-rumprun                                           pass    
 test-amd64-amd64-xl                                          pass    
 test-arm64-arm64-xl                                          blocked 
 test-armhf-armhf-xl                                          blocked 
 test-amd64-i386-xl                                           pass    
 test-amd64-amd64-xl-qemut-debianhvm-amd64-xsm                pass    
 test-amd64-i386-xl-qemut-debianhvm-amd64-xsm                 pass    
 test-amd64-amd64-libvirt-qemuu-debianhvm-amd64-xsm           pass    
 test-amd64-i386-libvirt-qemuu-debianhvm-amd64-xsm            pass    
 test-amd64-amd64-xl-qemuu-debianhvm-amd64-xsm                pass    
 test-amd64-i386-xl-qemuu-debianhvm-amd64-xsm                 pass    
 test-amd64-amd64-xl-qemut-stubdom-debianhvm-amd64-xsm        pass    
 test-amd64-i386-xl-qemut-stubdom-debianhvm-amd64-xsm         pass    
 test-amd64-amd64-libvirt-xsm                                 pass    
 test-arm64-arm64-libvirt-xsm                                 blocked 
 test-armhf-armhf-libvirt-xsm                                 blocked 
 test-amd64-i386-libvirt-xsm                                  pass    
 test-amd64-amd64-xl-xsm                                      pass    
 test-arm64-arm64-xl-xsm                                      blocked 
 test-armhf-armhf-xl-xsm                                      blocked 
 test-amd64-i386-xl-xsm                                       pass    
 test-amd64-amd64-qemuu-nested-amd                            fail    
 test-amd64-amd64-xl-pvh-amd                                  pass    
 test-amd64-i386-qemut-rhel6hvm-amd                           pass    
 test-amd64-i386-qemuu-rhel6hvm-amd                           pass    
 test-amd64-amd64-xl-qemut-debianhvm-amd64                    pass    
 test-amd64-i386-xl-qemut-debianhvm-amd64                     pass    
 test-amd64-amd64-xl-qemuu-debianhvm-amd64                    pass    
 test-amd64-i386-xl-qemuu-debianhvm-amd64                     pass    
 test-amd64-i386-freebsd10-amd64                              pass    
 test-amd64-amd64-xl-qemuu-ovmf-amd64                         fail    
 test-amd64-i386-xl-qemuu-ovmf-amd64                          pass    
 test-amd64-amd64-rumprun-amd64                               pass    
 test-amd64-amd64-xl-qemut-win7-amd64                         fail    
 test-amd64-i386-xl-qemut-win7-amd64                          fail    
 test-amd64-amd64-xl-qemuu-win7-amd64                         fail    
 test-amd64-i386-xl-qemuu-win7-amd64                          fail    
 test-amd64-amd64-xl-qemut-ws16-amd64                         fail    
 test-amd64-i386-xl-qemut-ws16-amd64                          fail    
 test-amd64-amd64-xl-qemuu-ws16-amd64                         fail    
 test-amd64-i386-xl-qemuu-ws16-amd64                          fail    
 test-armhf-armhf-xl-arndale                                  blocked 
 test-amd64-amd64-xl-credit2                                  pass    
 test-arm64-arm64-xl-credit2                                  blocked 
 test-armhf-armhf-xl-credit2                                  blocked 
 test-armhf-armhf-xl-cubietruck                               blocked 
 test-amd64-amd64-examine                                     pass    
 test-arm64-arm64-examine                                     blocked 
 test-armhf-armhf-examine                                     blocked 
 test-amd64-i386-examine                                      pass    
 test-amd64-i386-freebsd10-i386                               pass    
 test-amd64-i386-rumprun-i386                                 pass    
 test-amd64-amd64-xl-qemut-win10-i386                         fail    
 test-amd64-i386-xl-qemut-win10-i386                          fail    
 test-amd64-amd64-xl-qemuu-win10-i386                         fail    
 test-amd64-i386-xl-qemuu-win10-i386                          fail    
 test-amd64-amd64-qemuu-nested-intel                          pass    
 test-amd64-amd64-xl-pvh-intel                                pass    
 test-amd64-i386-qemut-rhel6hvm-intel                         pass    
 test-amd64-i386-qemuu-rhel6hvm-intel                         pass    
 test-amd64-amd64-libvirt                                     pass    
 test-armhf-armhf-libvirt                                     blocked 
 test-amd64-i386-libvirt                                      pass    
 test-amd64-amd64-xl-multivcpu                                pass    
 test-armhf-armhf-xl-multivcpu                                blocked 
 test-amd64-amd64-pair                                        pass    
 test-amd64-i386-pair                                         pass    
 test-amd64-amd64-libvirt-pair                                pass    
 test-amd64-i386-libvirt-pair                                 fail    
 test-amd64-amd64-amd64-pvgrub                                pass    
 test-amd64-amd64-i386-pvgrub                                 pass    
 test-amd64-amd64-pygrub                                      pass    
 test-amd64-amd64-xl-qcow2                                    pass    
 test-armhf-armhf-libvirt-raw                                 blocked 
 test-amd64-i386-xl-raw                                       pass    
 test-amd64-amd64-xl-rtds                                     fail    
 test-armhf-armhf-xl-rtds                                     blocked 
 test-amd64-amd64-libvirt-vhd                                 pass    
 test-armhf-armhf-xl-vhd                                      blocked 


------------------------------------------------------------
sg-report-flight on osstest.test-lab.xenproject.org
logs: /home/logs/logs
images: /home/logs/images

Logs, config files, etc. are available at
    http://logs.test-lab.xenproject.org/osstest/logs

Explanation of these reports, and of osstest in general, is at
    http://xenbits.xen.org/gitweb/?p=osstest.git;a=blob;f=README.email;hb=master
    http://xenbits.xen.org/gitweb/?p=osstest.git;a=blob;f=README;hb=master

Test harness code can be found at
    http://xenbits.xen.org/gitweb?p=osstest.git;a=summary


Not pushing.

(No revision log; it would be 1533 lines long.)

_______________________________________________
Xen-devel mailing list
Xen-devel@lists.xen.org
https://lists.xen.org/xen-devel

Reply via email to