flight 109809 linux-linus real [real] http://logs.test-lab.xenproject.org/osstest/logs/109809/
Regressions :-( Tests which did not succeed and are blocking, including tests which could not be run: test-amd64-i386-libvirt-pair 11 host-ping-check-xen/src_host fail REGR. vs. 109656 test-amd64-i386-libvirt-xsm 7 host-ping-check-xen fail REGR. vs. 109656 test-amd64-i386-libvirt-pair 12 host-ping-check-xen/dst_host fail REGR. vs. 109656 test-amd64-amd64-i386-pvgrub 21 leak-check/check fail REGR. vs. 109656 test-amd64-i386-xl-qemut-win7-amd64 15 guest-localmigrate/x10 fail REGR. vs. 109656 Tests which did not succeed, but are not blocking: test-armhf-armhf-libvirt-xsm 13 saverestore-support-check fail like 109656 test-armhf-armhf-libvirt 13 saverestore-support-check fail like 109656 test-amd64-amd64-xl-qemuu-win7-amd64 15 guest-localmigrate/x10 fail like 109656 test-amd64-amd64-xl-qemut-win7-amd64 15 guest-localmigrate/x10 fail like 109656 test-armhf-armhf-libvirt-raw 12 saverestore-support-check fail like 109656 test-amd64-i386-xl-qemuu-win7-amd64 16 guest-stop fail like 109656 test-amd64-amd64-xl-rtds 9 debian-install fail like 109656 test-amd64-amd64-xl-qemut-ws16-amd64 9 windows-install fail never pass test-amd64-amd64-libvirt 12 migrate-support-check fail never pass test-amd64-i386-libvirt 12 migrate-support-check fail never pass test-amd64-amd64-libvirt-xsm 12 migrate-support-check fail never pass test-amd64-amd64-xl-qemuu-ws16-amd64 9 windows-install fail never pass test-arm64-arm64-xl-multivcpu 12 migrate-support-check fail never pass test-arm64-arm64-xl-multivcpu 13 saverestore-support-check fail never pass test-arm64-arm64-libvirt-xsm 12 migrate-support-check fail never pass test-arm64-arm64-libvirt-xsm 13 saverestore-support-check fail never pass test-arm64-arm64-xl 12 migrate-support-check fail never pass test-arm64-arm64-xl 13 saverestore-support-check fail never pass test-arm64-arm64-xl-xsm 12 migrate-support-check fail never pass test-arm64-arm64-xl-xsm 13 saverestore-support-check fail never pass test-amd64-i386-libvirt-qemuu-debianhvm-amd64-xsm 10 migrate-support-check fail never pass test-arm64-arm64-xl-rtds 12 migrate-support-check fail never pass test-arm64-arm64-xl-rtds 13 saverestore-support-check fail never pass test-arm64-arm64-libvirt 12 migrate-support-check fail never pass test-arm64-arm64-libvirt 13 saverestore-support-check fail never pass test-arm64-arm64-libvirt-qcow2 11 migrate-support-check fail never pass test-arm64-arm64-libvirt-qcow2 12 saverestore-support-check fail never pass test-amd64-amd64-libvirt-vhd 11 migrate-support-check fail never pass test-armhf-armhf-libvirt-xsm 12 migrate-support-check fail never pass test-amd64-amd64-qemuu-nested-amd 16 debian-hvm-install/l1/l2 fail never pass test-armhf-armhf-xl-credit2 12 migrate-support-check fail never pass test-armhf-armhf-xl-credit2 13 saverestore-support-check fail never pass test-armhf-armhf-xl-xsm 12 migrate-support-check fail never pass test-armhf-armhf-xl-xsm 13 saverestore-support-check fail never pass test-armhf-armhf-libvirt 12 migrate-support-check fail never pass test-armhf-armhf-xl-arndale 12 migrate-support-check fail never pass test-armhf-armhf-xl-arndale 13 saverestore-support-check fail never pass test-armhf-armhf-libvirt-raw 11 migrate-support-check fail never pass test-amd64-amd64-libvirt-qemuu-debianhvm-amd64-xsm 10 migrate-support-check fail never pass test-armhf-armhf-xl-rtds 12 migrate-support-check fail never pass test-armhf-armhf-xl-rtds 13 saverestore-support-check fail never pass test-armhf-armhf-xl-vhd 11 migrate-support-check fail never pass test-armhf-armhf-xl-vhd 12 saverestore-support-check fail never pass test-arm64-arm64-xl-credit2 12 migrate-support-check fail never pass test-arm64-arm64-xl-credit2 13 saverestore-support-check fail never pass test-armhf-armhf-xl-cubietruck 12 migrate-support-check fail never pass test-armhf-armhf-xl-cubietruck 13 saverestore-support-check fail never pass test-armhf-armhf-xl-multivcpu 12 migrate-support-check fail never pass test-armhf-armhf-xl-multivcpu 13 saverestore-support-check fail never pass test-amd64-i386-xl-qemuu-win10-i386 9 windows-install fail never pass test-amd64-i386-xl-qemut-win10-i386 9 windows-install fail never pass test-amd64-amd64-xl-qemut-win10-i386 9 windows-install fail never pass test-amd64-i386-xl-qemut-ws16-amd64 9 windows-install fail never pass test-amd64-i386-xl-qemuu-ws16-amd64 9 windows-install fail never pass test-armhf-armhf-xl 12 migrate-support-check fail never pass test-armhf-armhf-xl 13 saverestore-support-check fail never pass test-amd64-amd64-xl-qemuu-win10-i386 9 windows-install fail never pass version targeted for testing: linux 249f1efd8e3d58f86469fc305b0eda39db18d7ce baseline version: linux ef82f1ad2e3f4509807c83e7eff4ec7c735076e8 Last test of basis 109656 2017-05-21 06:08:50 Z 7 days Failing since 109675 2017-05-22 02:06:45 Z 6 days 10 attempts Testing same since 109809 2017-05-28 05:24:37 Z 0 days 1 attempts ------------------------------------------------------------ People who touched revisions under test: "Eric W. Biederman" <ebied...@xmission.com> "Paul E. McKenney" <paul...@linux.vnet.ibm.com> "Yan, Zheng" <z...@redhat.com> Adrian Hunter <adrian.hun...@intel.com> Al Viro <v...@zeniv.linux.org.uk> Alex Deucher <alexander.deuc...@amd.com> Alexander Potapenko <gli...@google.com> Alexander Tsoy <alexan...@tsoy.me> Alexei Starovoitov <a...@kernel.org> Alexey Khoroshilov <khoroshi...@ispras.ru> Alistair Popple <alist...@popple.id.au> Andrew Lunn <and...@lunn.ch> Andrey Konovalov <andreyk...@google.com> Andy Gospodarek <a...@greyhouse.net> Andy Lutomirski <l...@kernel.org> Antony Antony <ant...@phenome.org> Ard Biesheuvel <ard.biesheu...@linaro.org> Arend van Spriel <arend.vanspr...@broadcom.com> Arnd Bergmann <a...@arndb.de> Bart Van Assche <bart.vanass...@sandisk.com> Benjamin Herrenschmidt <b...@kernel.crashing.org> Benjamin Peterson <b...@benjamin.pe> Bjorn Helgaas <bhelg...@google.com> Borislav Petkov <b...@suse.de> Brian Foster <bfos...@redhat.com> Christian König <christian.koe...@amd.com> Christoph Hellwig <h...@lst.de> Christophe JAILLET <christophe.jail...@wanadoo.fr> Chunming Zhou <david1.z...@amd.com> Cong Wang <xiyou.wangc...@gmail.com> Damien Le Moal <damien.lem...@wdc.com> Dan Carpenter <dan.carpen...@oracle.com> Daniel Borkmann <dan...@iogearbox.net> Daniel Lezcano <daniel.lezc...@linaro.org> Daniel Vetter <daniel.vet...@ffwll.ch> Daniel Vetter <daniel.vet...@intel.com> Darrick J. Wong <darrick.w...@oracle.com> Dave Airlie <airl...@redhat.com> David Daney <david.da...@cavium.com> David S. Miller <da...@davemloft.net> Davide Caratti <dcara...@redhat.com> Derek Basehore <dbaseh...@chromium.org> Dick Kennedy <dick.kenn...@broadcom.com> Dmitry Torokhov <dmitry.torok...@gmail.com> Doug Gilbert <dgilb...@interlog.com> Erez Shitrit <ere...@mellanox.com> Eric Dumazet <eduma...@google.com> Eric Garver <e...@erig.me> Eric Leblond <e...@regit.org> Eric Sandeen <sand...@redhat.com> Eric Sandeen <sand...@sandeen.net> Eric W. Biederman <ebied...@xmission.com> Eryu Guan <eg...@redhat.com> Fabio Estevam <fabio.este...@nxp.com> Florian Westphal <f...@strlen.de> Fugang Duan <fugang.d...@nxp.com> Gabriel Krisman Bertazi <gabr...@krisman.be> Gabriel Krisman Bertazi <kris...@collabora.co.uk> Gao Feng <gfree.w...@vip.163.com> Geert Uytterhoeven <ge...@linux-m68k.org> Gerd Hoffmann <kra...@redhat.com> Greg Kroah-Hartman <gre...@linuxfoundation.org> Guilherme G. Piccoli <gpicc...@linux.vnet.ibm.com> Gustavo A. R. Silva <garsi...@embeddedor.com> Hanjun Guo <hanjun....@linaro.org> Harini Katakam <hari...@xilinx.com> Herbert Xu <herb...@gondor.apana.org.au> Hu Ziji <huz...@marvell.com> Ihar Hrachyshka <ihrac...@redhat.com> Ilan Tayari <il...@mellanox.com> Ilya Dryomov <idryo...@gmail.com> Imre Deak <imre.d...@intel.com> Ingo Molnar <mi...@kernel.org> Jacek Anaszewski <jacek.anaszew...@gmail.com> James Smart <james.sm...@broadcom.com> James Smart <jsmart2...@gmail.com> Jan Glauber <jglau...@cavium.com> Jan Kara <j...@suse.cz> Jan Kiszka <jan.kis...@siemens.com> Jarkko Nikula <jarkko.nik...@linux.intel.com> Jarod Wilson <ja...@redhat.com> Jason Wang <jasow...@redhat.com> Jens Axboe <ax...@fb.com> Jeremy Kerr <j...@ozlabs.org> Jesper Dangaard Brouer <bro...@redhat.com> Jiri Olsa <jo...@kernel.org> Jiri Pirko <j...@mellanox.com> Jisheng Zhang <jszh...@marvell.com> Johan Hovold <jo...@kernel.org> Johannes Berg <johannes.b...@intel.com> Johannes Thumshirn <jthumsh...@suse.de> Jon Derrick <jonathan.derr...@intel.com> Josh Poimboeuf <jpoim...@redhat.com> Julian Anastasov <j...@ssi.bg> Julian Wiedmann <julian.wiedm...@jwi.name> Juri Lelli <juri.le...@arm.com> Kees Cook <keesc...@chromium.org> Keith Busch <keith.bu...@intel.com> Konrad Rzeszutek Wilk <konrad.w...@oracle.com> KT Liao <kt.l...@emc.com.tw> Lars Ellenberg <lars.ellenb...@linbit.com> Lee Jones <lee.jo...@linaro.org> Lin Zhang <xiaolou4...@gmail.com> Linus Torvalds <torva...@linux-foundation.org> linzhang <xiaolou4...@gmail.com> Liping Zhang <zlpnob...@gmail.com> Logan Gunthorpe <log...@deltatee.com> Long Li <lon...@microsoft.com> Lu Baolu <baolu...@linux.intel.com> Lucas Stach <l.st...@pengutronix.de> Luis Henriques <lhenriq...@suse.com> Lukas Wunner <lu...@wunner.de> Lv Zheng <lv.zh...@intel.com> Lyude <ly...@redhat.com> Mahesh Bandewar <mahe...@google.com> MaJun <majun...@huawei.com> Manfred Schlaegl <manfred.schla...@ginzinger.com> Marc Zyngier <marc.zyng...@arm.com> Marcelo Ricardo Leitner <marcelo.leit...@gmail.com> Marta Lofstedt <marta.lofst...@intel.com> Marta Rybczynska <marta.rybczyn...@kalray.eu> Marta Rybczynska <mrybc...@kalray.eu> Martin K. Petersen <martin.peter...@oracle.com> Martin Kepplinger <martin.kepplin...@ginzinger.com> Masami Hiramatsu <mhira...@kernel.org> Mateusz Jurczyk <mjurc...@google.com> Matthias Kaehlcke <m...@chromium.org> Maxime Roussin-Bélanger <maxime.roussinbelan...@gmail.com> Michael Ellerman <m...@ellerman.id.au> Michael Neuling <mi...@neuling.org> Michael S. Tsirkin <m...@redhat.com> MichaŠPotomski <michalx.potom...@intel.com> Mika Penttilä <mika.pentt...@nextfour.com> Mikulas Patocka <mpato...@redhat.com> Milian Wolff <milian.wo...@kdab.com> Ming Lei <ming....@redhat.com> Mohamad Haj Yahia <moha...@mellanox.com> Namhyung Kim <namhy...@kernel.org> Naveen N. Rao <naveen.n....@linux.vnet.ibm.com> Neal Cardwell <ncardw...@google.com> Neil Horman <nhor...@tuxdriver.com> Nicholas Piggin <npig...@gmail.com> Nick Moriarty <nick.moria...@york.ac.uk> Nikolay Aleksandrov <niko...@cumulusnetworks.com> Nisar Sayed <nisar.sa...@microchip.com> Nithin Nayak Sujir <nsu...@tintri.com> Nithin Sujir <nsu...@tintri.com> Oleg Nesterov <o...@redhat.com> Oliver Neukum <oneu...@suse.com> Or Gerlitz <ogerl...@mellanox.com> Pablo Neira Ayuso <pa...@netfilter.org> Patrik Jakobsson <patrik.r.jakobs...@gmail.com> Paul E. McKenney <paul...@linux.vnet.ibm.com> Peter Dawson <peted...@gmail.com> Peter Dawson <peter.a.daw...@boeing.com> Peter Senna Tschudin <peter.se...@collabora.com> Peter Zijlstra (Intel) <pet...@infradead.org> Peter Zijlstra <pet...@infradead.org> Prarit Bhargava <pra...@redhat.com> Pravin B Shelar <pshe...@ovn.org> Pushkar Jambhlekar <pushkar....@gmail.com> Quentin Schulz <quentin.sch...@free-electrons.com> Rafael J. Wysocki <rafael.j.wyso...@intel.com> Rajkumar Manoharan <rmano...@qti.qualcomm.com> Rakesh Pandit <rak...@tuxera.com> Randy Dunlap <rdun...@infradead.org> Raphael Silva <rapha...@linux.vnet.ibm.com> Rex Zhu <rex....@amd.com> Richard <rich...@aaazen.com> Richard Narron <comet.berke...@gmail.com> Richard Zhu <hongxing....@nxp.com> Rob Herring <r...@kernel.org> Rob Landley <r...@landley.net> Roman Kapl <roman.k...@sysgo.com> Sabrina Dubroca <s...@queasysnail.net> Saeed Mahameed <sae...@mellanox.com> Sagi Grimberg <s...@grimberg.me> Samuel Jones <sjo...@kalray.eu> Schoefegger Stefan <stefan.schoefeg...@ginzinger.com> Sebastian Reichel <sebastian.reic...@collabora.co.uk> Shaohua Li <s...@fb.com> Simon Horman <ho...@verge.net.au> Srinath Mannam <srinath.man...@broadcom.com> Stefan Wahren <stefan.wah...@i2se.com> Steffen Klassert <steffen.klass...@secunet.com> Steffen Weber <steffen.we...@gmail.com> Steve Twiss <stwiss.opensou...@diasemi.com> Steven Rostedt (VMware) <rost...@goodmis.org> Steven Rostedt <rost...@goodmis.org> Takashi Iwai <ti...@suse.de> Tariq Toukan <tar...@mellanox.com> Tejun Heo <t...@kernel.org> Thierry Escande <thierry.esca...@collabora.com> Thomas Gleixner <t...@linutronix.de> Till Harbaum <t...@harbaum.org> Tin Huynh <tnhu...@apm.com> Tobias Klauser <tklau...@distanz.ch> Tommi Rantala <tt.rant...@gmail.com> Toshiaki Makita <makita.toshi...@lab.ntt.co.jp> Ulf Hansson <ulf.hans...@linaro.org> Uwe Kleine-König <u.kleine-koe...@pengutronix.de> Varun Prakash <va...@chelsio.com> Vegard Nossum <vegard.nos...@oracle.com> Vijay Immanuel <vij...@attalasystems.com> Vincent Guittot <vincent.guit...@linaro.org> Viresh Kumar <viresh.ku...@linaro.org> Vishal Verma <vishal.l.ve...@intel.com> Vlad Yasevich <vyasev...@gmail.com> Vladislav Yasevich <vyase...@redhat.com> WANG Cong <xiyou.wangc...@gmail.com> Wei Wang <wei...@google.com> Willem de Bruijn <will...@google.com> Wolfram Sang <w...@the-dreams.de> Xin Long <lucien....@gmail.com> Yan, Zheng <z...@redhat.com> Yuchung Cheng <ych...@google.com> Zorro Lang <zl...@redhat.com> jobs: build-amd64-xsm pass build-arm64-xsm pass build-armhf-xsm pass build-i386-xsm pass build-amd64 pass build-arm64 pass build-armhf pass build-i386 pass build-amd64-libvirt pass build-arm64-libvirt pass build-armhf-libvirt pass build-i386-libvirt pass build-amd64-pvops pass build-arm64-pvops pass build-armhf-pvops pass build-i386-pvops pass build-amd64-rumprun pass build-i386-rumprun pass test-amd64-amd64-xl pass test-arm64-arm64-xl pass test-armhf-armhf-xl pass test-amd64-i386-xl pass test-amd64-amd64-xl-qemut-debianhvm-amd64-xsm pass test-amd64-i386-xl-qemut-debianhvm-amd64-xsm pass test-amd64-amd64-libvirt-qemuu-debianhvm-amd64-xsm pass test-amd64-i386-libvirt-qemuu-debianhvm-amd64-xsm pass test-amd64-amd64-xl-qemuu-debianhvm-amd64-xsm pass test-amd64-i386-xl-qemuu-debianhvm-amd64-xsm pass test-amd64-amd64-xl-qemut-stubdom-debianhvm-amd64-xsm pass test-amd64-i386-xl-qemut-stubdom-debianhvm-amd64-xsm pass test-amd64-amd64-libvirt-xsm pass test-arm64-arm64-libvirt-xsm pass test-armhf-armhf-libvirt-xsm pass test-amd64-i386-libvirt-xsm fail test-amd64-amd64-xl-xsm pass test-arm64-arm64-xl-xsm pass test-armhf-armhf-xl-xsm pass test-amd64-i386-xl-xsm pass test-amd64-amd64-qemuu-nested-amd fail test-amd64-amd64-xl-pvh-amd pass test-amd64-i386-qemut-rhel6hvm-amd pass test-amd64-i386-qemuu-rhel6hvm-amd pass test-amd64-amd64-xl-qemut-debianhvm-amd64 pass test-amd64-i386-xl-qemut-debianhvm-amd64 pass test-amd64-amd64-xl-qemuu-debianhvm-amd64 pass test-amd64-i386-xl-qemuu-debianhvm-amd64 pass test-amd64-i386-freebsd10-amd64 pass test-amd64-amd64-xl-qemuu-ovmf-amd64 pass test-amd64-i386-xl-qemuu-ovmf-amd64 pass test-amd64-amd64-rumprun-amd64 pass test-amd64-amd64-xl-qemut-win7-amd64 fail test-amd64-i386-xl-qemut-win7-amd64 fail test-amd64-amd64-xl-qemuu-win7-amd64 fail test-amd64-i386-xl-qemuu-win7-amd64 fail test-amd64-amd64-xl-qemut-ws16-amd64 fail test-amd64-i386-xl-qemut-ws16-amd64 fail test-amd64-amd64-xl-qemuu-ws16-amd64 fail test-amd64-i386-xl-qemuu-ws16-amd64 fail test-armhf-armhf-xl-arndale pass test-amd64-amd64-xl-credit2 pass test-arm64-arm64-xl-credit2 pass test-armhf-armhf-xl-credit2 pass test-armhf-armhf-xl-cubietruck pass test-amd64-amd64-examine pass test-arm64-arm64-examine pass test-armhf-armhf-examine pass test-amd64-i386-examine pass test-amd64-i386-freebsd10-i386 pass test-amd64-i386-rumprun-i386 pass test-amd64-amd64-xl-qemut-win10-i386 fail test-amd64-i386-xl-qemut-win10-i386 fail test-amd64-amd64-xl-qemuu-win10-i386 fail test-amd64-i386-xl-qemuu-win10-i386 fail test-amd64-amd64-qemuu-nested-intel pass test-amd64-amd64-xl-pvh-intel pass test-amd64-i386-qemut-rhel6hvm-intel pass test-amd64-i386-qemuu-rhel6hvm-intel pass test-amd64-amd64-libvirt pass test-arm64-arm64-libvirt pass test-armhf-armhf-libvirt pass test-amd64-i386-libvirt pass test-amd64-amd64-xl-multivcpu pass test-arm64-arm64-xl-multivcpu pass test-armhf-armhf-xl-multivcpu pass test-amd64-amd64-pair pass test-amd64-i386-pair pass test-amd64-amd64-libvirt-pair pass test-amd64-i386-libvirt-pair fail test-amd64-amd64-amd64-pvgrub pass test-amd64-amd64-i386-pvgrub fail test-amd64-amd64-pygrub pass test-arm64-arm64-libvirt-qcow2 pass test-amd64-amd64-xl-qcow2 pass test-armhf-armhf-libvirt-raw pass test-amd64-i386-xl-raw pass test-amd64-amd64-xl-rtds fail test-arm64-arm64-xl-rtds pass test-armhf-armhf-xl-rtds pass test-amd64-amd64-libvirt-vhd pass test-armhf-armhf-xl-vhd pass ------------------------------------------------------------ sg-report-flight on osstest.test-lab.xenproject.org logs: /home/logs/logs images: /home/logs/images Logs, config files, etc. are available at http://logs.test-lab.xenproject.org/osstest/logs Explanation of these reports, and of osstest in general, is at http://xenbits.xen.org/gitweb/?p=osstest.git;a=blob;f=README.email;hb=master http://xenbits.xen.org/gitweb/?p=osstest.git;a=blob;f=README;hb=master Test harness code can be found at http://xenbits.xen.org/gitweb?p=osstest.git;a=summary Not pushing. (No revision log; it would be 7856 lines long.)
_______________________________________________ Xen-devel mailing list Xen-devel@lists.xen.org https://lists.xen.org/xen-devel