flight 109697 linux-linus real [real] http://logs.test-lab.xenproject.org/osstest/logs/109697/
Regressions :-( Tests which did not succeed and are blocking, including tests which could not be run: test-amd64-i386-libvirt 7 host-ping-check-xen fail REGR. vs. 109656 test-amd64-i386-libvirt-qemuu-debianhvm-amd64-xsm 7 host-ping-check-xen fail REGR. vs. 109656 test-armhf-armhf-libvirt-raw 8 leak-check/basis(8) fail REGR. vs. 109656 test-armhf-armhf-libvirt-xsm 7 host-ping-check-xen fail REGR. vs. 109656 test-amd64-i386-xl-qemut-win7-amd64 15 guest-localmigrate/x10 fail REGR. vs. 109656 test-amd64-amd64-amd64-pvgrub 10 guest-start fail REGR. vs. 109656 Tests which did not succeed, but are not blocking: test-amd64-amd64-xl-qemuu-win7-amd64 16 guest-stop fail blocked in 109656 test-amd64-amd64-xl-qemut-win7-amd64 16 guest-stop fail blocked in 109656 test-armhf-armhf-xl-rtds 15 guest-start/debian.repeat fail blocked in 109656 test-armhf-armhf-libvirt 13 saverestore-support-check fail like 109656 test-amd64-i386-xl-qemuu-win7-amd64 16 guest-stop fail like 109656 test-amd64-amd64-xl-rtds 9 debian-install fail like 109656 test-amd64-amd64-xl-qemut-ws16-amd64 9 windows-install fail never pass test-amd64-i386-libvirt-xsm 12 migrate-support-check fail never pass test-amd64-amd64-xl-qemuu-ws16-amd64 9 windows-install fail never pass test-amd64-amd64-libvirt-xsm 12 migrate-support-check fail never pass test-amd64-amd64-libvirt 12 migrate-support-check fail never pass test-arm64-arm64-xl-multivcpu 12 migrate-support-check fail never pass test-arm64-arm64-xl-multivcpu 13 saverestore-support-check fail never pass test-arm64-arm64-libvirt-xsm 12 migrate-support-check fail never pass test-arm64-arm64-libvirt-xsm 13 saverestore-support-check fail never pass test-arm64-arm64-xl 12 migrate-support-check fail never pass test-arm64-arm64-xl 13 saverestore-support-check fail never pass test-arm64-arm64-xl-xsm 12 migrate-support-check fail never pass test-arm64-arm64-xl-xsm 13 saverestore-support-check fail never pass test-armhf-armhf-xl-arndale 12 migrate-support-check fail never pass test-armhf-armhf-xl-arndale 13 saverestore-support-check fail never pass test-arm64-arm64-xl-rtds 12 migrate-support-check fail never pass test-arm64-arm64-xl-rtds 13 saverestore-support-check fail never pass test-amd64-amd64-libvirt-vhd 11 migrate-support-check fail never pass test-amd64-amd64-qemuu-nested-amd 16 debian-hvm-install/l1/l2 fail never pass test-armhf-armhf-xl-credit2 12 migrate-support-check fail never pass test-armhf-armhf-xl-credit2 13 saverestore-support-check fail never pass test-armhf-armhf-xl-xsm 12 migrate-support-check fail never pass test-armhf-armhf-xl-xsm 13 saverestore-support-check fail never pass test-armhf-armhf-libvirt 12 migrate-support-check fail never pass test-armhf-armhf-xl-rtds 12 migrate-support-check fail never pass test-armhf-armhf-xl-rtds 13 saverestore-support-check fail never pass test-amd64-amd64-libvirt-qemuu-debianhvm-amd64-xsm 10 migrate-support-check fail never pass test-armhf-armhf-xl-vhd 11 migrate-support-check fail never pass test-armhf-armhf-xl-vhd 12 saverestore-support-check fail never pass test-arm64-arm64-libvirt 12 migrate-support-check fail never pass test-arm64-arm64-libvirt 13 saverestore-support-check fail never pass test-arm64-arm64-xl-credit2 12 migrate-support-check fail never pass test-arm64-arm64-xl-credit2 13 saverestore-support-check fail never pass test-armhf-armhf-xl-cubietruck 12 migrate-support-check fail never pass test-armhf-armhf-xl-cubietruck 13 saverestore-support-check fail never pass test-armhf-armhf-xl-multivcpu 12 migrate-support-check fail never pass test-armhf-armhf-xl-multivcpu 13 saverestore-support-check fail never pass test-arm64-arm64-libvirt-qcow2 11 migrate-support-check fail never pass test-arm64-arm64-libvirt-qcow2 12 saverestore-support-check fail never pass test-amd64-i386-xl-qemut-win10-i386 9 windows-install fail never pass test-amd64-amd64-xl-qemuu-win10-i386 9 windows-install fail never pass test-amd64-i386-xl-qemuu-win10-i386 9 windows-install fail never pass test-amd64-i386-xl-qemuu-ws16-amd64 9 windows-install fail never pass test-amd64-amd64-xl-qemut-win10-i386 9 windows-install fail never pass test-amd64-i386-xl-qemut-ws16-amd64 9 windows-install fail never pass test-armhf-armhf-xl 12 migrate-support-check fail never pass test-armhf-armhf-xl 13 saverestore-support-check fail never pass version targeted for testing: linux fde8e33d106846b081b0e6cd5e283af7146eb7e4 baseline version: linux ef82f1ad2e3f4509807c83e7eff4ec7c735076e8 Last test of basis 109656 2017-05-21 06:08:50 Z 2 days Failing since 109675 2017-05-22 02:06:45 Z 1 days 3 attempts Testing same since 109697 2017-05-23 10:42:37 Z 0 days 1 attempts ------------------------------------------------------------ People who touched revisions under test: "Paul E. McKenney" <paul...@linux.vnet.ibm.com> Al Viro <v...@zeniv.linux.org.uk> Alexey Khoroshilov <khoroshi...@ispras.ru> Andrey Konovalov <andreyk...@google.com> Andy Gospodarek <a...@greyhouse.net> Arnd Bergmann <a...@arndb.de> Christoph Hellwig <h...@lst.de> Cong Wang <xiyou.wangc...@gmail.com> Dan Carpenter <dan.carpen...@oracle.com> David S. Miller <da...@davemloft.net> Eric Dumazet <eduma...@google.com> Eric Leblond <e...@regit.org> Florian Westphal <f...@strlen.de> Gao Feng <gfree.w...@vip.163.com> Gustavo A. R. Silva <garsi...@embeddedor.com> Hanjun Guo <hanjun....@linaro.org> Herbert Xu <herb...@gondor.apana.org.au> Ihar Hrachyshka <ihrac...@redhat.com> Ingo Molnar <mi...@kernel.org> James Smart <james.sm...@broadcom.com> James Smart <jsmart2...@gmail.com> Jan Kara <j...@suse.cz> Jan Kiszka <jan.kis...@siemens.com> Jarkko Nikula <jarkko.nik...@linux.intel.com> Jarod Wilson <ja...@redhat.com> Jens Axboe <ax...@fb.com> Jiri Pirko <j...@mellanox.com> Jon Derrick <jonathan.derr...@intel.com> Julian Anastasov <j...@ssi.bg> Julian Wiedmann <julian.wiedm...@jwi.name> Juri Lelli <juri.le...@arm.com> Kees Cook <keesc...@chromium.org> Keith Busch <keith.bu...@intel.com> Konrad Rzeszutek Wilk <konrad.w...@oracle.com> Lars Ellenberg <lars.ellenb...@linbit.com> Linus Torvalds <torva...@linux-foundation.org> Liping Zhang <zlpnob...@gmail.com> Lv Zheng <lv.zh...@intel.com> MaJun <majun...@huawei.com> Marc Zyngier <marc.zyng...@arm.com> Marta Lofstedt <marta.lofst...@intel.com> Masami Hiramatsu <mhira...@kernel.org> Matthias Kaehlcke <m...@chromium.org> Naveen N. Rao <naveen.n....@linux.vnet.ibm.com> Neal Cardwell <ncardw...@google.com> Nick Moriarty <nick.moria...@york.ac.uk> Nikolay Aleksandrov <niko...@cumulusnetworks.com> Nisar Sayed <nisar.sa...@microchip.com> Pablo Neira Ayuso <pa...@netfilter.org> Paul E. McKenney <paul...@linux.vnet.ibm.com> Peter Zijlstra (Intel) <pet...@infradead.org> Prarit Bhargava <pra...@redhat.com> Pushkar Jambhlekar <pushkar....@gmail.com> Rafael J. Wysocki <rafael.j.wyso...@intel.com> Rakesh Pandit <rak...@tuxera.com> Shaohua Li <s...@fb.com> Simon Horman <ho...@verge.net.au> Steffen Weber <steffen.we...@gmail.com> Steven Rostedt (VMware) <rost...@goodmis.org> Steven Rostedt <rost...@goodmis.org> Thomas Gleixner <t...@linutronix.de> Vijay Immanuel <vij...@attalasystems.com> Vincent Guittot <vincent.guit...@linaro.org> Viresh Kumar <viresh.ku...@linaro.org> WANG Cong <xiyou.wangc...@gmail.com> Wei Wang <wei...@google.com> Willem de Bruijn <will...@google.com> Wolfram Sang <w...@the-dreams.de> Xin Long <lucien....@gmail.com> Yuchung Cheng <ych...@google.com> jobs: build-amd64-xsm pass build-arm64-xsm pass build-armhf-xsm pass build-i386-xsm pass build-amd64 pass build-arm64 pass build-armhf pass build-i386 pass build-amd64-libvirt pass build-arm64-libvirt pass build-armhf-libvirt pass build-i386-libvirt pass build-amd64-pvops pass build-arm64-pvops pass build-armhf-pvops pass build-i386-pvops pass build-amd64-rumprun pass build-i386-rumprun pass test-amd64-amd64-xl pass test-arm64-arm64-xl pass test-armhf-armhf-xl pass test-amd64-i386-xl pass test-amd64-amd64-xl-qemut-debianhvm-amd64-xsm pass test-amd64-i386-xl-qemut-debianhvm-amd64-xsm pass test-amd64-amd64-libvirt-qemuu-debianhvm-amd64-xsm pass test-amd64-i386-libvirt-qemuu-debianhvm-amd64-xsm fail test-amd64-amd64-xl-qemuu-debianhvm-amd64-xsm pass test-amd64-i386-xl-qemuu-debianhvm-amd64-xsm pass test-amd64-amd64-xl-qemut-stubdom-debianhvm-amd64-xsm pass test-amd64-i386-xl-qemut-stubdom-debianhvm-amd64-xsm pass test-amd64-amd64-libvirt-xsm pass test-arm64-arm64-libvirt-xsm pass test-armhf-armhf-libvirt-xsm fail test-amd64-i386-libvirt-xsm pass test-amd64-amd64-xl-xsm pass test-arm64-arm64-xl-xsm pass test-armhf-armhf-xl-xsm pass test-amd64-i386-xl-xsm pass test-amd64-amd64-qemuu-nested-amd fail test-amd64-amd64-xl-pvh-amd pass test-amd64-i386-qemut-rhel6hvm-amd pass test-amd64-i386-qemuu-rhel6hvm-amd pass test-amd64-amd64-xl-qemut-debianhvm-amd64 pass test-amd64-i386-xl-qemut-debianhvm-amd64 pass test-amd64-amd64-xl-qemuu-debianhvm-amd64 pass test-amd64-i386-xl-qemuu-debianhvm-amd64 pass test-amd64-i386-freebsd10-amd64 pass test-amd64-amd64-xl-qemuu-ovmf-amd64 pass test-amd64-i386-xl-qemuu-ovmf-amd64 pass test-amd64-amd64-rumprun-amd64 pass test-amd64-amd64-xl-qemut-win7-amd64 fail test-amd64-i386-xl-qemut-win7-amd64 fail test-amd64-amd64-xl-qemuu-win7-amd64 fail test-amd64-i386-xl-qemuu-win7-amd64 fail test-amd64-amd64-xl-qemut-ws16-amd64 fail test-amd64-i386-xl-qemut-ws16-amd64 fail test-amd64-amd64-xl-qemuu-ws16-amd64 fail test-amd64-i386-xl-qemuu-ws16-amd64 fail test-armhf-armhf-xl-arndale pass test-amd64-amd64-xl-credit2 pass test-arm64-arm64-xl-credit2 pass test-armhf-armhf-xl-credit2 pass test-armhf-armhf-xl-cubietruck pass test-amd64-amd64-examine pass test-arm64-arm64-examine pass test-armhf-armhf-examine pass test-amd64-i386-examine pass test-amd64-i386-freebsd10-i386 pass test-amd64-i386-rumprun-i386 pass test-amd64-amd64-xl-qemut-win10-i386 fail test-amd64-i386-xl-qemut-win10-i386 fail test-amd64-amd64-xl-qemuu-win10-i386 fail test-amd64-i386-xl-qemuu-win10-i386 fail test-amd64-amd64-qemuu-nested-intel pass test-amd64-amd64-xl-pvh-intel pass test-amd64-i386-qemut-rhel6hvm-intel pass test-amd64-i386-qemuu-rhel6hvm-intel pass test-amd64-amd64-libvirt pass test-arm64-arm64-libvirt pass test-armhf-armhf-libvirt pass test-amd64-i386-libvirt fail test-amd64-amd64-xl-multivcpu pass test-arm64-arm64-xl-multivcpu pass test-armhf-armhf-xl-multivcpu pass test-amd64-amd64-pair pass test-amd64-i386-pair pass test-amd64-amd64-libvirt-pair pass test-amd64-i386-libvirt-pair pass test-amd64-amd64-amd64-pvgrub fail test-amd64-amd64-i386-pvgrub pass test-amd64-amd64-pygrub pass test-arm64-arm64-libvirt-qcow2 pass test-amd64-amd64-xl-qcow2 pass test-armhf-armhf-libvirt-raw broken test-amd64-i386-xl-raw pass test-amd64-amd64-xl-rtds fail test-arm64-arm64-xl-rtds pass test-armhf-armhf-xl-rtds fail test-amd64-amd64-libvirt-vhd pass test-armhf-armhf-xl-vhd pass ------------------------------------------------------------ sg-report-flight on osstest.test-lab.xenproject.org logs: /home/logs/logs images: /home/logs/images Logs, config files, etc. are available at http://logs.test-lab.xenproject.org/osstest/logs Explanation of these reports, and of osstest in general, is at http://xenbits.xen.org/gitweb/?p=osstest.git;a=blob;f=README.email;hb=master http://xenbits.xen.org/gitweb/?p=osstest.git;a=blob;f=README;hb=master Test harness code can be found at http://xenbits.xen.org/gitweb?p=osstest.git;a=summary Not pushing. (No revision log; it would be 2061 lines long.) _______________________________________________ Xen-devel mailing list Xen-devel@lists.xen.org https://lists.xen.org/xen-devel